000
CXUS53 KDLH 011502
CLMDLH


CLIMATE REPORT
NATIONAL WEATHER SERVICE DULUTH MN
947 AM CDT SUN OCT 1 2017

...................................

...THE DULUTH CLIMATE SUMMARY FOR THE MONTH OF SEPTEMBER 2017...

CLIMATE NORMAL PERIOD 1981 TO 2010
CLIMATE RECORD PERIOD 1870 TO 2017

WEATHER         OBSERVED          NORMAL  DEPART  LAST YEAR`S
                 VALUE   DATE(S)  VALUE   FROM    VALUE  DATE(S)
                                          NORMAL
................................................................
TEMPERATURE (F)
RECORD
 HIGH              95   09/07/1976
 LOW               22   09/28/1942
HIGHEST            83   09/23        MM      MM       80  09/05
LOWEST             37   09/08        MM      MM       40  09/14
AVG. MAXIMUM     68.1              65.0     3.1     68.0
AVG. MINIMUM     49.1              46.1     3.0     51.8
MEAN             58.6              55.6     3.0     59.9
DAYS MAX >= 90      0               0.0     0.0        0
DAYS MAX <= 32      0               0.0     0.0        0
DAYS MIN <= 32      0               1.3    -1.3        0
DAYS MIN <= 0       0               0.0     0.0        0

PRECIPITATION (INCHES)
RECORD
 MAXIMUM        11.52   1881
 MINIMUM         0.19   1952
TOTALS           3.55              4.11   -0.56     3.52
DAILY AVG.       0.12              0.14   -0.02     0.12
DAYS >= .01        17              12.3     4.7       15
DAYS >= .10        10               6.9     3.1        6
DAYS >= .50         2               2.6    -0.6        3
DAYS >= 1.00        0               1.1    -1.1        1
GREATEST
 24 HR. TOTAL    0.77   09/25 TO 09/26

DEGREE_DAYS
HEATING TOTAL     212               298     -86      162
 SINCE 7/1        382               447     -65      216
COOLING TOTAL      26                14      12       14
 SINCE 1/1        126               204     -78      281
.................................................................

WIND (MPH)
AVERAGE WIND SPEED              9.4
HIGHEST WIND SPEED/DIRECTION    47/270    DATE  09/22
HIGHEST GUST SPEED/DIRECTION    61/270    DATE  09/22

SKY COVER
POSSIBLE SUNSHINE (PERCENT)   MM
AVERAGE SKY COVER           0.50
NUMBER OF DAYS FAIR           13
NUMBER OF DAYS PC             12
NUMBER OF DAYS CLOUDY          5

AVERAGE RH (PERCENT)     81

WEATHER CONDITIONS. NUMBER OF DAYS WITH
THUNDERSTORM              0     MIXED PRECIP               0
HEAVY RAIN                4     RAIN                       6
LIGHT RAIN               16     FREEZING RAIN              0
LT FREEZING RAIN          0     HAIL                       1
HEAVY SNOW                0     SNOW                       0
LIGHT SNOW                0     SLEET                      0
FOG                      23     FOG W/VIS <= 1/4 MILE      5
HAZE                      7

-  INDICATES NEGATIVE NUMBERS.
R  INDICATES RECORD WAS SET OR TIED.
MM INDICATES DATA IS MISSING.
T  INDICATES TRACE AMOUNT.

$$

.SEPTEMBER 2017 WAS WARMER THAN NORMAL WITH BELOW NORMAL
PRECIPITATION AT DULUTH MN...

THE AVERAGE TEMPERATURE FOR SEPTEMBER WAS 58.6 DEGREES WHICH WAS 3.0
DEGREES ABOVE THE NORMAL OF 55.6 DEGREES. THE HIGHEST TEMPERATURE
FOR THE MONTH WAS 83 DEGREES ON THE 23RD. THE LOWEST TEMPERATURE WAS
37 DEGREES ON THE 8TH. ONE DAILY TEMPERATURE RECORD WAS TIED FOR THE
MONTH. ON THE 23RD THE RECORD WARMEST LOW TEMPERATURE OF 64 DEGREES
TIED THE OLD RECORD SET IN 1958. TEN DAYS HAD AVERAGE TEMPERATURES
BELOW NORMAL.

SEPTEMBER 2017 WAS BELOW NORMAL FOR PRECIPITATION WITH A TOTAL OF
3.55 INCHES OF PRECIPITATION RECORDED FOR THE MONTH. THIS WAS 0.56
INCHES BELOW THE NORMAL OF 4.11 INCHES. THE GREATEST AMOUNT OF
PRECIPITATION IN A 24 HOUR PERIOD OCCURRED ON THE 25TH TO THE 26TH
WHEN 0.77 INCHES WAS RECORDED. AT LEAST A TRACE OF PRECIPITATION WAS
RECORDED ON 21 DAYS. AT LEAST 0.01 INCHES OF PRECIPITATION FELL ON
17 DAYS. AT LEAST 0.10 INCHES FELL ON 10 DAYS. AT LEAST 0.50 INCHES
FELL ON 2 DAYS. NO DAILY PRECIPITATION RECORDS WERE BROKEN FOR THE
MONTH.

THE AVERAGE WIND SPEED FOR THE MONTH WAS 9.4 MPH. THE WINDIEST DAY
OF THE MONTH WAS ON THE 15TH WITH AN AVERAGE WIND OF 15.0 MPH. THE
HIGHEST SUSTAINED WIND OCCURRED ON THE 22ND WITH A WIND FROM THE
WEST AT 47 MPH. A PEAK WIND GUST OF 61 MPH WAS RECORDED ON THE 22ND.

THERE WERE 212 HEATING DEGREE DAYS FOR THE MONTH WHICH WAS 86 BELOW
THE NORMAL OF 298. THIS BROUGHT THE SEASONAL TOTAL TO 382 WHICH WAS
65 BELOW THE NORMAL OF 447. THERE WERE 26 COOLING DEGREE DAYS FOR
THE MONTH WHICH WAS 12 ABOVE THE NORMAL OF 14. THE SEASONAL TOTAL
COOLING DEGREE DAYS STANDS AT 126 WHICH WAS 78 BELOW THE NORMAL OF
204. THE HIGHEST SEA LEVEL PRESSURE FOR THE MONTH WAS 30.43 INCHES
REACHED ON THE 9TH AND THE LOWEST SEA LEVEL PRESSURE READING WAS
29.58 INCHES REACHED ON THE 20TH.

THE OUTLOOK FOR OCTOBER...NORMAL HIGHS BEGIN IN THE UPPER 50S AT THE
BEGINNING OF THE MONTH AND COOL TO THE MID 40S BY THE END OF THE
MONTH. NORMAL LOWS FOR THE MONTH BEGIN IN THE LOW 40S AND COOL TO
THE LOW 30S BY THE END OF THE MONTH. NORMAL PRECIPITATION FOR
OCTOBER IS 2.85 INCHES. NORMAL SNOWFALL FOR OCTOBER IS 2.3 INCHES.
THE LATEST CLIMATE PREDICTION CENTER OUTLOOK INDICATES THAT ODDS ARE
SLIGHTLY TILTED TOWARDS ABOVE NORMAL TEMPERATURES AND ABOVE NORMAL
PRECIPITATION.

$$

WL
