000
CXUS53 KEAX 010715
CLMDMO

CLIMATE REPORT
NATIONAL WEATHER SERVICE KANSAS CITY/PLEASANT HILL MO
106 AM CST WED FEB 1 2017

...................................

...THE SEDALIA CLIMATE SUMMARY FOR THE MONTH OF JANUARY 2017...

CLIMATE NORMAL PERIOD 1981 TO 2010
CLIMATE RECORD PERIOD 9999 TO 9999

WEATHER         OBSERVED          NORMAL  DEPART  LAST YEAR`S
                 VALUE   DATE(S)  VALUE   FROM    VALUE  DATE(S)
                                          NORMAL
................................................................
TEMPERATURE (F)
HIGHEST            73   01/11        62      11       63  01/29
LOWEST              1   01/06                 2        2  01/18
                                                          01/17
AVG. MAXIMUM     45.0              40.3     4.7     41.4
AVG. MINIMUM     27.3              21.9     5.4     23.8
MEAN             36.1              31.7     4.4     32.6
DAYS MAX >= 90      0               0.0     0.0        0
DAYS MAX <= 32      9               8.9     0.1        7
DAYS MIN <= 32     21              27.5    -6.5       25
DAYS MIN <= 0       0               2.1    -2.1        0

PRECIPITATION (INCHES)
TOTALS           0.99              1.67   -0.68     0.91
DAILY AVG.       0.03              0.05   -0.02     0.03
DAYS >= .01         5               6.7    -1.7        2
DAYS >= .10         3               3.3    -0.3        1
DAYS >= .50         0               0.8    -0.8        1
DAYS >= 1.00        0               0.3    -0.3        0
GREATEST
 24 HR. TOTAL    0.57   01/15 TO 01/16

DEGREE_DAYS
HEATING TOTAL     888              1034    -146      967
 SINCE 7/1       2380              2815    -435     2283
COOLING TOTAL       0                 0       0        0
 SINCE 1/1          0                 0       0        0
.................................................................

WIND (MPH)
AVERAGE WIND SPEED              10.0
HIGHEST WIND SPEED/DIRECTION    41/230    DATE  01/10
HIGHEST GUST SPEED/DIRECTION    55/220    DATE  01/10

SKY COVER
POSSIBLE SUNSHINE (PERCENT)   MM
AVERAGE SKY COVER           0.50
NUMBER OF DAYS FAIR           13
NUMBER OF DAYS PC              7
NUMBER OF DAYS CLOUDY         11

AVERAGE RH (PERCENT)     73

WEATHER CONDITIONS. NUMBER OF DAYS WITH
THUNDERSTORM              0     MIXED PRECIP               0
HEAVY RAIN                0     RAIN                       2
LIGHT RAIN                4     FREEZING RAIN              1
LT FREEZING RAIN          2     HAIL                       0
HEAVY SNOW                0     SNOW                       0
LIGHT SNOW                4     SLEET                      0
FOG                      16     FOG W/VIS <= 1/4 MILE      4
HAZE                      2

-  INDICATES NEGATIVE NUMBERS.
R  INDICATES RECORD WAS SET OR TIED.
MM INDICATES DATA IS MISSING.
T  INDICATES TRACE AMOUNT.

$$
