000
CXUS53 KEAX 010812
CLMDMO

CLIMATE REPORT
NATIONAL WEATHER SERVICE KANSAS CITY/PLEASANT HILL MO
305 AM CDT WED NOV 1 2017

...................................

...THE SEDALIA CLIMATE SUMMARY FOR THE MONTH OF OCTOBER 2017...

CLIMATE NORMAL PERIOD 1981 TO 2010
CLIMATE RECORD PERIOD 9999 TO 9999

WEATHER         OBSERVED          NORMAL  DEPART  LAST YEAR`S
                 VALUE   DATE(S)  VALUE   FROM    VALUE  DATE(S)
                                          NORMAL
................................................................
TEMPERATURE (F)
HIGHEST            88   10/14        84       4       90  10/17
LOWEST             26R  10/28        28      -2       37  10/21
                                                          10/13
AVG. MAXIMUM     70.3              68.5     1.8     74.5
AVG. MINIMUM     49.6              48.0     1.6     53.1
MEAN             60.0              58.2     1.8     63.8
DAYS MAX >= 90      0               0.1    -0.1        1
DAYS MAX <= 32      0               0.0     0.0        0
DAYS MIN <= 32      3               4.3    -1.3        0
DAYS MIN <= 0       0               0.0     0.0        0

PRECIPITATION (INCHES)
TOTALS           4.39              3.64    0.75     1.93
DAILY AVG.       0.14              0.12    0.02     0.06
DAYS >= .01        10               9.3     0.7        4
DAYS >= .10         8               5.6     2.4        4
DAYS >= .50         4               2.0     2.0        1
DAYS >= 1.00        1               0.7     0.3        1
GREATEST
 24 HR. TOTAL    1.32   10/14 TO 10/14

DEGREE_DAYS
HEATING TOTAL     233               246     -13      109
 SINCE 7/1        242               291     -49      115
COOLING TOTAL      84                37      47       81
 SINCE 1/1       1491              1487       4     1752
.................................................................

WIND (MPH)
AVERAGE WIND SPEED              10.0
HIGHEST WIND SPEED/DIRECTION    35/280    DATE  10/14
HIGHEST GUST SPEED/DIRECTION    47/290    DATE  10/14

SKY COVER
POSSIBLE SUNSHINE (PERCENT)   MM
AVERAGE SKY COVER           0.30
NUMBER OF DAYS FAIR           16
NUMBER OF DAYS PC             11
NUMBER OF DAYS CLOUDY          4

AVERAGE RH (PERCENT)     71

WEATHER CONDITIONS. NUMBER OF DAYS WITH
THUNDERSTORM              4     MIXED PRECIP               0
HEAVY RAIN                5     RAIN                       7
LIGHT RAIN               11     FREEZING RAIN              0
LT FREEZING RAIN          0     HAIL                       0
HEAVY SNOW                0     SNOW                       0
LIGHT SNOW                0     SLEET                      0
FOG                      11     FOG W/VIS <= 1/4 MILE      2
HAZE                      0

-  INDICATES NEGATIVE NUMBERS.
R  INDICATES RECORD WAS SET OR TIED.
MM INDICATES DATA IS MISSING.
T  INDICATES TRACE AMOUNT.

$$
