000
CXUS54 KEWX 011808
CLMDRT

CLIMATE REPORT
NATIONAL WEATHER SERVICE AUSTIN/SAN ANTONIO, TX
1208 PM CST WED FEB 1 2017

...................................

...THE DEL RIO CLIMATE SUMMARY FOR THE MONTH OF JANUARY 2017...

CLIMATE NORMAL PERIOD 1981 TO 2010
CLIMATE RECORD PERIOD 1906 TO 2017

WEATHER         OBSERVED          NORMAL  DEPART  LAST YEAR`S
                 VALUE   DATE(S)  VALUE   FROM    VALUE  DATE(S)
                                          NORMAL
................................................................
TEMPERATURE (F)
HIGHEST            85   01/24                         88  01/31
LOWEST             22   01/07                         31  01/12
                                                          01/10
AVG. MAXIMUM     69.7              63.8     5.9     65.4
AVG. MINIMUM     42.3              40.6     1.7     39.2
MEAN             56.0              52.2     3.8     52.3
DAYS MAX >= 90      0                                  0
DAYS MAX <= 32      0                                  0
DAYS MIN <= 32      3                                  3
DAYS MIN <= 0       0                                  0

PRECIPITATION (INCHES)
TOTALS           0.19              0.72   -0.53     0.68
DAILY AVG.       0.01              0.02   -0.01     0.02
DAYS >= .01         3                                  2
DAYS >= .10         1                                  2
DAYS >= .50         0                                  1
DAYS >= 1.00        0                                  0
GREATEST
 24 HR. TOTAL    0.17   01/17 TO 01/17
                        01/16 TO 01/17
                        01/17 TO 01/17

SNOWFALL (INCHES)
TOTALS            0.0               1.2    -1.2      0.0
SINCE 7/1         0.0               1.2    -1.2        T

DEGREE_DAYS
HEATING TOTAL     290               399    -109      384
 SINCE 7/1        692               990    -298      810
COOLING TOTAL      16                 3      13        0
 SINCE 1/1         16                 0      16        0
.................................................................

WIND (MPH)
AVERAGE WIND SPEED              7.9
HIGHEST WIND SPEED/DIRECTION    39/300    DATE  01/22
HIGHEST GUST SPEED/DIRECTION    53/300    DATE  01/22

SKY COVER
POSSIBLE SUNSHINE (PERCENT)   MM
AVERAGE SKY COVER           0.20
NUMBER OF DAYS FAIR           22
NUMBER OF DAYS PC              5
NUMBER OF DAYS CLOUDY          4

AVERAGE RH (PERCENT)     59

WEATHER CONDITIONS. NUMBER OF DAYS WITH
THUNDERSTORM              0     MIXED PRECIP               0
HEAVY RAIN                1     RAIN                       1
LIGHT RAIN                6     FREEZING RAIN              0
LT FREEZING RAIN          0     HAIL                       0
HEAVY SNOW                0     SNOW                       0
LIGHT SNOW                0     SLEET                      0
FOG                       8     FOG W/VIS <= 1/4 MILE      2
HAZE                      1

-  INDICATES NEGATIVE NUMBERS.
R  INDICATES RECORD WAS SET OR TIED.
MM INDICATES DATA IS MISSING.
T  INDICATES TRACE AMOUNT.

&&

JANUARY WAS THE 16TH WARMEST AND THE 44TH DRIEST SINCE RECORD
KEEPING BEGAN AT DEL RIO.

HIGHEST SLP 30.77 INCHES ON THE 7TH
LOWEST  SLP 29.35 INCHES ON THE 21ST

PRELIMINARY LOCAL CLIMATOLOGICAL DATA (WS FORM: F-6)

                                          STATION:   DEL RIO
                                          MONTH:     JANUARY
                                          YEAR:      2017
                                          LATITUDE:   29 22 N
                                          LONGITUDE: 100 55 W

  TEMPERATURE IN F:       :PCPN:    SNOW:  WIND      :SUNSHINE: SKY     :PK WND
================================================================================
1   2   3   4   5  6A  6B    7    8   9   10  11  12  13   14  15   16   17  18
                                     12Z  AVG MX 2MIN
DY MAX MIN AVG DEP HDD CDD  WTR  SNW DPTH SPD SPD DIR MIN PSBL S-S WX    SPD DR
================================================================================

 1  77  46  62  11   3   0 0.00  0.0    0  6.4 15 140   M    M   0 1      27 300
 2  78  48  63  12   2   0 0.00  0.0    0  7.0 20 280   M    M   0        26 280
 3  79  41  60   9   5   0 0.00  0.0    0  3.2 10  20   M    M   0        15  20
 4  58  42  50  -1  15   0 0.00  0.0    0  6.0 14 140   M    M   0        18 140
 5  73  38  56   5   9   0 0.00  0.0    0  6.4 20  10   M    M   1        27  10
 6  44  28  36 -15  29   0 0.00  0.0    0 12.4 20 360   M    M   7        27 350
 7  46  22  34 -18  31   0 0.00  0.0    0  4.9 10 120   M    M   0        14 330
 8  53  25  39 -13  26   0 0.00  0.0    0 10.4 21 140   M    M   0        25 150
 9  68  33  51  -1  14   0 0.00  0.0    0  8.0 17 150   M    M   0        22 150
10  77  45  61   9   4   0 0.00  0.0    0  5.8 15 100   M    M   0        22 100
11  80  48  64  12   1   0 0.00  0.0    0  7.7 16 120   M    M   1 1      22 140
12  69  57  63  11   2   0 0.00  0.0    0  7.5 14  90   M    M   5 1      18 110
13  78  58  68  16   0   3    T  0.0    0  9.6 23 140   M    M   9 1      30 150
14  79  65  72  20   0   7    T  0.0    0 15.0 28 140   M    M   9 1      39 130
15  79  52  66  14   0   1 0.01  0.0    0 13.8 25 140   M    M   8        33 320
16  70  42  56   4   9   0 0.00  0.0    0  3.1  8 280   M    M   2        11 280
17  60  48  54   2  11   0 0.17  0.0    0  8.3 17 290   M    M   9 18     22 300
18  56  44  50  -2  15   0    T  0.0    0  8.6 18 300   M    M   7        23 300
19  73  39  56   4   9   0 0.00  0.0    0  1.8  9 160   M    M   2 12     10 150
20  77  43  60   8   5   0 0.00  0.0    0  3.6 13 150   M    M   0        16 130
21  82  50  66  14   0   1    T  0.0    0 10.5 31 270   M    M   4 12     39 300
22  72  43  58   5   7   0 0.00  0.0    0 18.9 39 300   M    M   0        53 300
23  81  36  59   6   6   0 0.00  0.0    0  8.1 20 140   M    M   0        25 150
24  85  52  69  16   0   4 0.00  0.0    0  9.2 16 300   M    M   0        23 300
25  70  43  57   4   8   0 0.00  0.0    0  9.2 18 330   M    M   0        26 320
26  63  41  52  -1  13   0 0.00  0.0    0  7.5 14 160   M    M   0        20 160
27  51  40  46  -7  19   0 0.00  0.0    0  7.9 17 150   M    M   7        22 110
28  58  37  48  -5  17   0 0.01  0.0    0  7.5 21 270   M    M   4        25 270
29  71  33  52  -2  13   0 0.00  0.0    0  6.4 14 310   M    M   0        17 320
30  75  35  55   1  10   0 0.00  0.0    0  5.2 12 150   M    M   0        15 140
31  80  36  58   4   7   0 0.00  0.0    0  5.6 12 130   M    M   0        15 130
================================================================================
SM 2162 1310       290  16  0.19     0.0 245.5          M       75
================================================================================
AV 69.7 42.3                               7.9 FASTST   M    M   2    MAX(MPH)
                                 MISC ---->  # 39 300               # 53  300
================================================================================
NOTES:
# LAST OF SEVERAL OCCURRENCES

COLUMN 17 PEAK WIND IN M.P.H.

SYMBOLS USED IN COLUMN 16
1 = FOG OR MIST
2 = FOG REDUCING VISIBILITY
3 = THUNDER
4 = ICE PELLETS
5 = HAIL
6 = FREEZING RAIN OR DRIZZLE
7 = DUSTSTORM OR SANDSTORM:
8 = SMOKE OR HAZE
9 = BLOWING SNOW
X = TORNADO

$$
