000
CXUS54 KEWX 011715
CLMDRT

SATCLMDRT 000
TTAA00 KEWX 011704


CLIMATE REPORT
NATIONAL WEATHER SERVICE AUSTIN/SAN ANTONIO, TX
1215 PM CDT FRI APR 1 2016

...................................

...THE DEL RIO CLIMATE SUMMARY FOR THE MONTH OF MARCH 2016...

CLIMATE NORMAL PERIOD 1981 TO 2010
CLIMATE RECORD PERIOD 1906 TO 2016

WEATHER         OBSERVED          NORMAL  DEPART  LAST YEAR`S
                 VALUE   DATE(S)  VALUE   FROM    VALUE  DATE(S)
                                          NORMAL
................................................................
TEMPERATURE (F)
HIGHEST            92   03/14                         89  03/29
LOWEST             42   03/20                         31  03/06
AVG. MAXIMUM     78.2              76.2     2.0     73.3
AVG. MINIMUM     54.4              52.1     2.3     51.9
MEAN             66.2              64.1     2.1     62.6
DAYS MAX >= 90      2                                  0
DAYS MAX <= 32      0                                  0
DAYS MIN <= 32      0                                  1
DAYS MIN <= 0       0                                  0

PRECIPITATION (INCHES)
TOTALS           2.08              1.14    0.94     2.21
DAILY AVG.       0.07              0.04    0.03     0.07
DAYS >= .01         5                                  6
DAYS >= .10         3                                  3
DAYS >= .50         1                                  2
DAYS >= 1.00        1                                  1
GREATEST
 24 HR. TOTAL    1.61   03/10 TO 03/11

SNOWFALL (INCHES)
TOTALS            0.0               0.0     0.0      0.0
SINCE 7/1           T               1.2    -1.2      0.0

DEGREE_DAYS
HEATING TOTAL      55               114     -59      138
 SINCE 7/1       1035              1350    -315     1465
COOLING TOTAL      97                87      10       71
 SINCE 1/1        132               106      26       86
.................................................................

WIND (MPH)
AVERAGE WIND SPEED              9.3
HIGHEST WIND SPEED/DIRECTION    29/300    DATE  03/27
HIGHEST GUST SPEED/DIRECTION    41/MM     DATE   MM

SKY COVER
POSSIBLE SUNSHINE (PERCENT)   MM
AVERAGE SKY COVER           0.40
NUMBER OF DAYS FAIR           16
NUMBER OF DAYS PC              9
NUMBER OF DAYS CLOUDY          6

AVERAGE RH (PERCENT)     61

WEATHER CONDITIONS. NUMBER OF DAYS WITH
THUNDERSTORM              0     MIXED PRECIP               0
HEAVY RAIN                3     RAIN                       3
LIGHT RAIN                6     FREEZING RAIN              0
LT FREEZING RAIN          0     HAIL                       0
HEAVY SNOW                0     SNOW                       0
LIGHT SNOW                0     SLEET                      0
FOG                      18     FOG W/VIS <= 1/4 MILE      2
HAZE                     10

-  INDICATES NEGATIVE NUMBERS.
R  INDICATES RECORD WAS SET OR TIED.
MM INDICATES DATA IS MISSING.
T  INDICATES TRACE AMOUNT.

&&

MONTHLY CLIMATE SUMMARY:
MARCH 2016 WAS THE 20TH WARMEST AND 8TH WETTEST
MARCH SINCE RECORD KEEPING BEGAN.

SEA LEVEL PRESSURE DATA:
HIGHEST SLP 30.45 INCHES ON THE 20TH
LOWEST  SLP 29.44 INCHES ON THE 8TH

PRELIMINARY LOCAL CLIMATOLOGICAL DATA (WS FORM: F-6)

                                          STATION:   DEL RIO
                                          MONTH:     MARCH
                                          YEAR:      2016
                                          LATITUDE:   29 22 N
                                          LONGITUDE: 100 55 W

  TEMPERATURE IN F:       :PCPN:    SNOW:  WIND      :SUNSHINE: SKY     :PK WND
================================================================================
1   2   3   4   5  6A  6B    7    8   9   10  11  12  13   14  15   16   17  18
                                     12Z  AVG MX 2MIN
DY MAX MIN AVG DEP HDD CDD  WTR  SNW DPTH SPD SPD DIR MIN PSBL S-S WX    SPD DR
================================================================================

 1  84  54  69   9   0   4 0.00  0.0    0  8.3 22 280   M    M   2 12     29 360
 2  83  47  65   4   0   0 0.00  0.0    0  9.0 18 150   M    M   0        25 150
 3  87  54  71  10   0   6 0.00  0.0    0  8.9 21 330   M    M   0 18     28 340
 4  81  46  64   3   1   0 0.00  0.0    0  9.3 23 150   M    M   0        27 160
 5  70  58  64   3   1   0 0.00  0.0    0  9.2 16 110   M    M   6 18     21 110
 6  78  64  71   9   0   6 0.00  0.0    0 12.1 21 120   M    M   8 18     28 110
 7  81  67  74  12   0   9 0.00  0.0    0 10.7 20 120   M    M   6 18     29 110
 8  88  61  75  13   0  10 0.05  0.0    0 11.6 24 150   M    M   4 18     40 150
 9  67  56  62   0   3   0 0.23  0.0    0 11.9 26 290   M    M   9 1      34 280
10  61  57  59  -4   6   0 1.29  0.0    0  8.5 15 330   M    M  10 1      20 350
11  60  57  59  -4   6   0 0.49  0.0    0  8.5 25 300   M    M  10 1      32 300
12  77  53  65   2   0   0 0.02  0.0    0  4.8 14 150   M    M   5 1      16 130
13  87  49  68   5   0   3 0.00  0.0    0  8.0 26 290   M    M   0 1      35 290
14  92  46  69   5   0   4 0.00  0.0    0  2.8  9  40   M    M   0        13  40
15  91  51  71   7   0   6 0.00  0.0    0  6.7 20 330   M    M   0        26 340
16  83  56  70   6   0   5 0.00  0.0    0  7.6 16 150   M    M   0 1      22 120
17  83  68  76  12   0  11 0.00  0.0    0  7.7 15 150   M    M   6 18     19 100
18  79  61  70   5   0   5    T  0.0    0  6.3 22  10   M    M   5 128    31  10
19  65  49  57  -8   8   0 0.00  0.0    0 11.2 21 350   M    M   9        31 360
20  67  42  55 -10  10   0 0.00  0.0    0  4.2 12 150   M    M   2        14  80
21  71  44  58  -7   7   0 0.00  0.0    0 12.6 23 150   M    M   0        30 150
22   M  48   M   M   M   M 0.00  0.0    0 13.5 23 140   M    M   0        29 150
23  88   M   M   M   M   M    T  0.0    0 11.5 21 320   M    M   4        41 330
24  73  51  62  -4   3   0 0.00  0.0    0  7.5 20 330   M    M   1        28 330
25  76  46  61  -5   4   0 0.00  0.0    0 10.7 23 150   M    M   0        30 150
26  77  54  66  -1   0   1 0.00  0.0    0  9.2 17 140   M    M   2        22 110
27  76  54  65  -2   0   0 0.00  0.0    0 10.4 29 300   M    M   2 18     36 310
28  69  49  59  -8   6   0 0.00  0.0    0  9.3 21 140   M    M   7        26 120
29  80  61  71   4   0   6 0.00  0.0    0 14.8 22 130   M    M   9 18     31 140
30  84  69  77   9   0  12 0.00  0.0    0 12.7 20 150   M    M   6 18     27 130
31  88  60  74   6   0   9 0.00  0.0    0  8.1 15  80   M    M   1 1      22 290
================================================================================
SM 2346 1632        55  97  2.08     0.0 287.6          M      114
================================================================================
AV 78.2 54.4                               9.3 FASTST   M    M   4    MAX(MPH)
                                 MISC ---->  # 29 300                 41    M
================================================================================

NOTES:
# LAST OF SEVERAL OCCURRENCES

COLUMN 17 PEAK WIND IN M.P.H.

SYMBOLS USED IN COLUMN 16
1 = FOG OR MIST
2 = FOG REDUCING VISIBILITY
3 = THUNDER
4 = ICE PELLETS
5 = HAIL
6 = FREEZING RAIN OR DRIZZLE
7 = DUSTSTORM OR SANDSTORM:
8 = SMOKE OR HAZE
9 = BLOWING SNOW
X = TORNADO



$$
