000
CXUS55 KTWC 090522 RRA
CLMDUG

CLIMATE REPORT
NATIONAL WEATHER SERVICE TUCSON AZ
1022 PM MST FRI MAY 8 2015

...................................

...THE DOUGLAS AZ CLIMATE SUMMARY FOR THE MONTH OF APRIL 2015...

CLIMATE NORMAL PERIOD 1981 TO 2010
CLIMATE RECORD PERIOD 1948 TO 2015

WEATHER         OBSERVED          NORMAL  DEPART  LAST YEAR`S
                 VALUE   DATE(S)  VALUE   FROM    VALUE  DATE(S)
                                          NORMAL
................................................................
TEMPERATURE (F)
RECORD
 HIGH              99   04/20/1989
 LOW               21   04/05/1999
HIGHEST            86   04/30        89      -3       90  04/22
LOWEST             30   04/17        29       1       29  04/04
AVG. MAXIMUM     77.3              79.5    -2.2     79.8
AVG. MINIMUM     42.7              43.1    -0.4     42.9
MEAN             60.0              61.3    -1.3     61.3
DAYS MAX >= 90      0               1.3    -1.3        1
DAYS MAX <= 32      0               0.0     0.0        0
DAYS MIN <= 32      1               1.7    -0.7        1
DAYS MIN <= 0       0               0.0     0.0        0

PRECIPITATION (INCHES)
RECORD
 MAXIMUM         1.46   1988
 MINIMUM         0.00   2012
                        2008
                        2000
TOTALS           0.40              0.23    0.17     0.13
DAILY AVG.       0.01              0.01    0.00     0.00
DAYS >= .01         3               1.8     1.2        1
DAYS >= .10         1               0.7     0.3        1
DAYS >= .50         0               0.1    -0.1        0
DAYS >= 1.00        0               0.0     0.0        0
GREATEST
 24 HR. TOTAL    0.35   04/12 TO 04/12           04/19 TO 04/19
                                                          04/18 TO 04/19
                                                          04/19 TO 04/19

DEGREE_DAYS
HEATING TOTAL     143               140       3      122
 SINCE 7/1       2219              2501    -282     2336
COOLING TOTAL       0                29     -29       18
 SINCE 1/1          4                30     -26       18
..........................................................

WIND (MPH)
AVERAGE WIND SPEED              9.4
HIGHEST WIND SPEED/DIRECTION    32/180    DATE  04/23
HIGHEST GUST SPEED/DIRECTION    42/190    DATE  04/25

AVERAGE RH (PERCENT)     37

WEATHER CONDITIONS. NUMBER OF DAYS WITH
THUNDERSTORM              0     MIXED PRECIP               0
HEAVY RAIN                0     RAIN                       1
LIGHT RAIN                4     FREEZING RAIN              0
LT FREEZING RAIN          0     HAIL                       0
HEAVY SNOW                0     SNOW                       0
LIGHT SNOW                0     SLEET                      0
FOG                       3     FOG W/VIS <= 1/4 MILE      0
HAZE                      0

-  INDICATES NEGATIVE NUMBERS.
R  INDICATES RECORD WAS SET OR TIED.
MM INDICATES DATA IS MISSING.
T  INDICATES TRACE AMOUNT.

$$
