000
CXUS53 KDVN 011552
CLMDVN


CLIMATE REPORT
NATIONAL WEATHER SERVICE QUAD CITIES IA IL
938 AM CST WED FEB 1 2017

...................................

...THE DAVENPORT IA CLIMATE SUMMARY FOR THE MONTH OF JANUARY 2017...

CLIMATE NORMAL PERIOD 1981 TO 2010
CLIMATE RECORD PERIOD 9999 TO 9999

WEATHER         OBSERVED          NORMAL  DEPART
                 VALUE   DATE(S)  VALUE   FROM
                                          NORMAL
................................................
TEMPERATURE (F)
HIGHEST            49   01/21        31      18
                        01/10
LOWEST             -3   01/08        12     -15
                        01/06
AVG. MAXIMUM     33.2              29.8     3.4
AVG. MINIMUM     20.3              12.7     7.6
MEAN             26.8              21.2     5.6
DAYS MAX >= 90      0
DAYS MAX <= 32     12
DAYS MIN <= 32     26
DAYS MIN <= 0       3

PRECIPITATION (INCHES)
TOTALS           1.14              1.19   -0.05
DAILY AVG.       0.04              0.04    0.00
DAYS >= .01         9
DAYS >= .10         3
DAYS >= .50         1
DAYS >= 1.00        0
GREATEST
 24 HR. TOTAL    0.65   01/16 TO 01/16
SNOWFALL (INCHES)
TOTALS            0.6
SINCE 7/1        17.1
SNOWDEPTH AVG.      0
DAYS >= TRACE      12
DAYS >= 1.0         0
GREATEST
 SNOW DEPTH         T   01/29
                        01/28
                        01/27
 24 HR TOTAL      0.6   01/25

DEGREE_DAYS
HEATING TOTAL    1175              1356    -181
 SINCE 7/1       3272              3936    -664
COOLING TOTAL       0                 0       0
 SINCE 1/1          0                 0       0
.................................................

WIND (MPH)
AVERAGE WIND SPEED              11.5
HIGHEST WIND SPEED/DIRECTION    41/280    DATE  01/10
HIGHEST GUST SPEED/DIRECTION    52/280    DATE  01/10

SKY COVER
POSSIBLE SUNSHINE (PERCENT)   MM
AVERAGE SKY COVER           0.70
NUMBER OF DAYS FAIR            5
NUMBER OF DAYS PC             12
NUMBER OF DAYS CLOUDY         14

AVERAGE RH (PERCENT)     80

WEATHER CONDITIONS. NUMBER OF DAYS WITH
THUNDERSTORM              1     HAIL                       0
SLEET                     0     FOG                       20
FOG W/VIS <= 1/4 MILE     8     HAZE                       6

-  INDICATES NEGATIVE NUMBERS.
R  INDICATES RECORD WAS SET OR TIED.
MM INDICATES DATA IS MISSING.
T  INDICATES TRACE AMOUNT.

NOTE: SUPPLEMENTAL CLIMATE DATA WAS USED FROM A NEABY
CLIMATOLOGICALLY REPRESENTATIVE STATION.

PARAMTER   DATE
--------   ----
    SNW    ALL OBSERVED SNW ABOVE

$$
