000
CXUS53 KGID 011456
CLMEAR

CLIMATE REPORT
NATIONAL WEATHER SERVICE HASTINGS NE
956 AM CDT TUE SEP 1 2015

...................................

...THE KEARNEY CLIMATE SUMMARY FOR THE MONTH OF AUGUST 2015...

CLIMATE NORMAL PERIOD 1981 TO 2010
CLIMATE RECORD PERIOD 1894 TO 2015

WEATHER         OBSERVED          NORMAL  DEPART  LAST YEAR`S
                 VALUE   DATE(S)  VALUE   FROM    VALUE  DATE(S)
                                          NORMAL
................................................................
TEMPERATURE (F)
HIGHEST            93   08/02        98      -5       91  08/20
                                                          08/05
                                                          08/04
LOWEST             46   08/24        49      -3       54  08/12
AVG. MAXIMUM     83.4              84.6    -1.2     85.0
AVG. MINIMUM     59.5              60.6    -1.1     62.5
MEAN             71.4              72.6    -1.2     73.7
DAYS MAX >= 90      5               7.5    -2.5        6
DAYS MAX <= 32      0               0.0     0.0        0
DAYS MIN <= 32      0               0.0     0.0        0
DAYS MIN <= 0       0               0.0     0.0        0

PRECIPITATION (INCHES)
TOTALS           2.37              3.08   -0.71     2.79
DAILY AVG.       0.08              0.10   -0.02
DAYS >= .01         6               8.2    -2.2
DAYS >= .10         4               4.9    -0.9
DAYS >= .50         2               2.0     0.0
DAYS >= 1.00        1               0.9     0.1
GREATEST
 24 HR. TOTAL    1.03   08/07 TO 08/07

DEGREE_DAYS
HEATING TOTAL       8                12      -4        1
COOLING TOTAL     216               248     -32      280
.................................................................

WIND (MPH)
AVERAGE WIND SPEED              MM
HIGHEST WIND SPEED/DIRECTION    MM               MM
HIGHEST GUST SPEED/DIRECTION    MM               MM

AVERAGE RH (PERCENT)     70


-  INDICATES NEGATIVE NUMBERS.
R  INDICATES RECORD WAS SET OR TIED.
MM INDICATES DATA IS MISSING.
T  INDICATES TRACE AMOUNT.

&&

...KEARNEY 4NE COOPERATIVE OBSERVER REPORT FOR AUGUST 2015...

PRECIPITATION (IN)
MONTH TO DATE..................   2.47
YEAR TO DATE...................  18.51

SNOWFALL (IN)
MONTH TO DATE..................   0.0
SEASONAL TOTAL (SINCE JULY 1ST)   0.0

$$
REED
