000
CXUS55 KLKN 032001
CLMEKO


CLIMATE REPORT
NATIONAL WEATHER SERVICE ELKO NV
1246 PM PDT MON JUL 3 2017

...................................

...THE ELKO AIRPORT NV CLIMATE SUMMARY FOR THE MONTH OF JUNE 2017...

CLIMATE NORMAL PERIOD 1981 TO 2010
CLIMATE RECORD PERIOD 1888 TO 2017

WEATHER         OBSERVED          NORMAL  DEPART  LAST YEAR`S
                 VALUE   DATE(S)  VALUE   FROM    VALUE  DATE(S)
                                          NORMAL
................................................................
TEMPERATURE (F)
RECORD
 HIGH             104   06/30/2013
                        06/24/1981
                        54/01/2206
 LOW               12   06/06/1914
HIGHEST            99   06/20        93       6       99  06/28
LOWEST             36   06/12        32       4       38  06/16
AVG. MAXIMUM     85.1              80.0     5.1     87.0
AVG. MINIMUM     47.8              44.4     3.4     49.1
MEAN             66.4              62.2     4.2     68.1
DAYS MAX >= 90     10               4.1     5.9       12
DAYS MAX <= 32      0               0.0     0.0        0
DAYS MIN <= 32      0               1.0    -1.0        0
DAYS MIN <= 0       0               0.0     0.0        0

PRECIPITATION (INCHES)
RECORD
 MAXIMUM         4.08   1913
 MINIMUM         0.00   1924
                        1919
TOTALS           0.61              0.65   -0.04     0.83
DAILY AVG.       0.02              0.02    0.00     0.03
DAYS >= .01         3               4.8    -1.8        3
DAYS >= .10         1               2.2    -1.2        2
DAYS >= .50         1               0.1     0.9        1
DAYS >= 1.00        0               0.0     0.0        0
GREATEST
 24 HR. TOTAL    0.55   06/12 TO 06/12              0.52

SNOWFALL (INCHES)
RECORDS
 TOTAL            1.7   1914
TOTALS              T               0.0     0.0        T
SINCE 7/1        53.3              41.3    12.0     63.8
SNOWDEPTH AVG.      0                                  0
DAYS >= TRACE       1               0.0     1.0        2
DAYS >= 1.0         0               0.0     0.0        0
DAYS >= 5.0         0                                  0
GREATEST
 SNOW DEPTH         0   MM                             0
 24 HR TOTAL        T   06/12 TO 06/12                 T

DEGREE_DAYS
HEATING TOTAL      62               131     -69       30
 SINCE 7/1       6296              7066    -770     6518
COOLING TOTAL     113                47      66      131
 SINCE 1/1        117                51      66      131
.................................................................

WIND (MPH)
AVERAGE WIND SPEED              6.6
HIGHEST WIND SPEED/DIRECTION    39/160    DATE  06/19
HIGHEST GUST SPEED/DIRECTION    51/180    DATE  06/26

AVERAGE RH (PERCENT)     43

WEATHER CONDITIONS. NUMBER OF DAYS WITH
THUNDERSTORM              0     MIXED PRECIP               0
HEAVY RAIN                0     RAIN                       1
LIGHT RAIN                5     FREEZING RAIN              0
LT FREEZING RAIN          0     HAIL                       0
HEAVY SNOW                0     SNOW                       0
LIGHT SNOW                1     SLEET                      0
FOG                       1     FOG W/VIS <= 1/4 MILE      0
HAZE                      3

-  INDICATES NEGATIVE NUMBERS.
R  INDICATES RECORD WAS SET OR TIED.
MM INDICATES DATA IS MISSING.
T  INDICATES TRACE AMOUNT.

&&

=====================================================================

...10TH WARMES JUNE ON RECORD IN ELKO...

RECORD DAILY HIGH TEMP 93 TIED ON JUNE 7TH.
RECORD DAILY PRECIP 0.55 INCHES SET ON JUNE 12TH.
RECORD DAILY SNOWFALL TRACE SET ON JUNE 12TH.
RECORD DAILY HIGH TEMP 98 TIED ON JUNE 19TH.
RECORD DAILY HIGH TEMP 99 SET ON JUNE 20TH.

$$

DS
