000
CXUS55 KLKN 011856
CLMEKO


CLIMATE REPORT
NATIONAL WEATHER SERVICE ELKO NV
1145 AM PDT FRI SEP 1 2017

...................................

...THE ELKO AIRPORT NV CLIMATE SUMMARY FOR THE MONTH OF AUGUST 2017...

CLIMATE NORMAL PERIOD 1981 TO 2010
CLIMATE RECORD PERIOD 1888 TO 2017

WEATHER         OBSERVED          NORMAL  DEPART  LAST YEAR`S
                 VALUE   DATE(S)  VALUE   FROM    VALUE  DATE(S)
                                          NORMAL
................................................................
TEMPERATURE (F)
RECORD
 HIGH             107   08/04/1978
 LOW               20   08/26/1992
HIGHEST           100   08/03        98       2       98  08/14
                                                          08/02
LOWEST             45   08/15        35      10       38  08/27
AVG. MAXIMUM     91.8              88.5     3.3     91.5
AVG. MINIMUM     52.7              47.9     4.8     49.2
MEAN             72.3              68.2     4.1     70.3
DAYS MAX >= 90     23              13.9     9.1       21
DAYS MAX <= 32      0               0.0     0.0        0
DAYS MIN <= 32      0               0.3    -0.3        0
DAYS MIN <= 0       0               0.0     0.0        0

PRECIPITATION (INCHES)
RECORD
 MAXIMUM         4.61   1970
 MINIMUM         0.00   1919
                        1914
                        1911
TOTALS           0.15              0.37   -0.22        T
DAILY AVG.       0.00              0.01   -0.01        T
DAYS >= .01         4               3.4     0.6        0
DAYS >= .10         0               1.0    -1.0        0
DAYS >= .50         0               0.1    -0.1        0
DAYS >= 1.00        0               0.0     0.0        0
GREATEST
 24 HR. TOTAL    0.06   08/14 TO 08/14                 T

SNOWFALL (INCHES)
RECORDS
 TOTAL              T   1999
                        1993
                        1990
TOTALS            0.0               0.0     0.0      0.0
SINCE 7/1         0.0               0.0     0.0      0.0
SNOWDEPTH AVG.      0                                  0
DAYS >= TRACE       0               0.0     0.0        0
DAYS >= 1.0         0               0.0     0.0        0
DAYS >= 5.0         0                                  0
GREATEST
 SNOW DEPTH         0   MM                             0
 24 HR TOTAL      0.0   08/31 TO 08/31               0.0

DEGREE_DAYS
HEATING TOTAL       4                32     -28        4
 SINCE 7/1          4                51     -47       13
COOLING TOTAL     236               131     105      179
 SINCE 1/1        696               362     334      544
.................................................................

WIND (MPH)
AVERAGE WIND SPEED              5.1
HIGHEST WIND SPEED/DIRECTION    30/160    DATE  08/29
HIGHEST GUST SPEED/DIRECTION    38/270    DATE  08/28

AVERAGE RH (PERCENT)     35

WEATHER CONDITIONS. NUMBER OF DAYS WITH
THUNDERSTORM              0     MIXED PRECIP               0
HEAVY RAIN                0     RAIN                       1
LIGHT RAIN                7     FREEZING RAIN              0
LT FREEZING RAIN          0     HAIL                       0
HEAVY SNOW                0     SNOW                       0
LIGHT SNOW                0     SLEET                      0
FOG                       1     FOG W/VIS <= 1/4 MILE      1
HAZE                      1

-  INDICATES NEGATIVE NUMBERS.
R  INDICATES RECORD WAS SET OR TIED.
MM INDICATES DATA IS MISSING.
T  INDICATES TRACE AMOUNT.

&&

=====================================================================

...4TH WARMEST AUGUST ON RECORD IN ELKO...

$$

DS
