000
CXUS53 KTOP 011429
CLMEMP


CLIMATE REPORT
NATIONAL WEATHER SERVICE TOPEKA KS
827 AM CST FRI DEC 1 2017

...................................

...THE EMPORIA KS CLIMATE SUMMARY FOR THE MONTH OF NOVEMBER 2017...

CLIMATE NORMAL PERIOD 1981 TO 2010
CLIMATE RECORD PERIOD 9999 TO 9999

WEATHER         OBSERVED          NORMAL  DEPART  LAST YEAR`S
                 VALUE   DATE(S)  VALUE   FROM    VALUE
                                          NORMAL
.............................................................
TEMPERATURE (F)
HIGHEST            80   11/24                         82
LOWEST             17   11/22                         23
AVG. MAXIMUM     57.5              55.9     1.6     64.5
AVG. MINIMUM     35.1              33.3     1.8     38.9
MEAN             46.3              44.6     1.7     51.7
DAYS MAX >= 90      0               0.0     0.0        0
DAYS MAX <= 32      0               0.5    -0.5        0
DAYS MIN <= 32     11              14.2    -3.2        9
DAYS MIN <= 0       0               0.0     0.0        0

PRECIPITATION (INCHES)
TOTALS           0.13              2.16   -2.03     0.17
DAILY AVG.       0.00                               0.01
DAYS >= .01         4                                  3
DAYS >= .10         0                                  1
DAYS >= .50         0                                  0
DAYS >= 1.00        0                                  0
GREATEST
 24 HR. TOTAL    0.07   11/29 TO 11/29              0.13

DEGREE_DAYS
HEATING TOTAL     557               613     -56      404
 SINCE 7/1        819               940    -121      550
COOLING TOTAL       0                 1      -1       13
 SINCE 1/1       1355              1403     -48     1629
..............................................................

WIND (MPH)
AVERAGE WIND SPEED              10.1
HIGHEST WIND SPEED/DIRECTION    35/210    DATE  11/20
HIGHEST GUST SPEED/DIRECTION    44/230    DATE  11/20

SKY COVER
POSSIBLE SUNSHINE (PERCENT)   MM
AVERAGE SKY COVER           0.40
NUMBER OF DAYS FAIR           15
NUMBER OF DAYS PC              8
NUMBER OF DAYS CLOUDY          7

AVERAGE RH (PERCENT)     65

WEATHER CONDITIONS. NUMBER OF DAYS WITH
THUNDERSTORM              0     MIXED PRECIP               0
HEAVY RAIN                0     RAIN                       0
LIGHT RAIN                6     FREEZING RAIN              0
LT FREEZING RAIN          0     HEAVY SNOW                 0
SNOW                      0     LIGHT SNOW                 0
FOG                      11     FOG W/VIS <= 1/4 MILE      3
HAZE                      3

-  INDICATES NEGATIVE NUMBERS.
R  INDICATES RECORD WAS SET OR TIED.
MM INDICATES DATA IS MISSING.
T  INDICATES TRACE AMOUNT.

$$
