000
CXUS53 KTOP 011416
CLMEMP


CLIMATE REPORT
NATIONAL WEATHER SERVICE TOPEKA KS
815 AM CST WED MAR 1 2017

...................................

...THE EMPORIA KS CLIMATE SUMMARY FOR THE MONTH OF FEBRUARY 2017...

CLIMATE NORMAL PERIOD 1981 TO 2010
CLIMATE RECORD PERIOD 9999 TO 9999

WEATHER         OBSERVED          NORMAL  DEPART  LAST YEAR`S
                 VALUE   DATE(S)  VALUE   FROM    VALUE
                                          NORMAL
.............................................................
TEMPERATURE (F)
HIGHEST            80   02/22                         77
LOWEST             14   02/09                         16
AVG. MAXIMUM     58.0              46.1    11.9     54.3
AVG. MINIMUM     30.6              24.3     6.3     27.0
MEAN             44.3              35.2     9.1     40.7
DAYS MAX >= 90      0               0.0     0.0        0
DAYS MAX <= 32      2               3.7    -1.7        0
DAYS MIN <= 32     15              22.5    -7.5       22
DAYS MIN <= 0       0               0.4    -0.4        0

PRECIPITATION (INCHES)
TOTALS           0.69              1.23   -0.54     0.71
DAILY AVG.       0.02                               0.02
DAYS >= .01         2                                  3
DAYS >= .10         1                                  1
DAYS >= .50         1                                  1
DAYS >= 1.00        0                                  0
GREATEST
 24 HR. TOTAL    0.68   02/20 TO 02/20              0.62

DEGREE_DAYS
HEATING TOTAL     569               834    -265      698
 SINCE 7/1       3091              3822    -731     3113
COOLING TOTAL       0                 0       0        0
 SINCE 1/1          0                 0       0        0
..............................................................

WIND (MPH)
AVERAGE WIND SPEED              11.1
HIGHEST WIND SPEED/DIRECTION    32/340    DATE  02/28
HIGHEST GUST SPEED/DIRECTION    41/330    DATE  02/28

SKY COVER
POSSIBLE SUNSHINE (PERCENT)   MM
AVERAGE SKY COVER           0.20
NUMBER OF DAYS FAIR           20
NUMBER OF DAYS PC              7
NUMBER OF DAYS CLOUDY          1

AVERAGE RH (PERCENT)     62

WEATHER CONDITIONS. NUMBER OF DAYS WITH
THUNDERSTORM              1     MIXED PRECIP               0
HEAVY RAIN                1     RAIN                       1
LIGHT RAIN                3     FREEZING RAIN              0
LT FREEZING RAIN          0     HEAVY SNOW                 0
SNOW                      0     LIGHT SNOW                 2
FOG                      11     FOG W/VIS <= 1/4 MILE      4
HAZE                      8

-  INDICATES NEGATIVE NUMBERS.
R  INDICATES RECORD WAS SET OR TIED.
MM INDICATES DATA IS MISSING.
T  INDICATES TRACE AMOUNT.

$$
