000
CXUS52 KMHX 041853
CLMEWN


CLIMATE REPORT
NATIONAL WEATHER SERVICE NEWPORT/MOREHEAD CITY NC
251 PM EDT FRI AUG 4 2017

...................................

...THE NEW BERN NC CLIMATE SUMMARY FOR THE MONTH OF JULY 2017...

CLIMATE NORMAL PERIOD 1981 TO 2010
CLIMATE RECORD PERIOD 1948 TO 2017

WEATHER         OBSERVED          NORMAL  DEPART  LAST YEAR`S
                 VALUE   DATE(S)  VALUE   FROM    VALUE  DATE(S)
                                          NORMAL
................................................................
TEMPERATURE (F)
RECORD
 HIGH             106   07/22/1952
 LOW               55   07/02/1975
HIGHEST            95   07/23                         97  07/30
                        07/15                             07/28
                        07/14                             07/27
LOWEST             63   07/31                         69  07/22
AVG. MAXIMUM     90.3              89.5     0.8     92.6
AVG. MINIMUM     72.5              71.6     0.9     73.2
MEAN             81.4              80.5     0.9     82.9
DAYS MAX >= 90     20              14.7     5.3       26
DAYS MAX <= 32      0               0.0     0.0        0
DAYS MIN <= 32      0               0.0     0.0        0
DAYS MIN <= 0       0               0.0     0.0        0

PRECIPITATION (INCHES)
RECORD
 MAXIMUM        16.04   1950
 MINIMUM         0.28   1953
TOTALS           5.24              6.17   -0.93    12.10
DAILY AVG.       0.17              0.20   -0.03     0.39
DAYS >= .01        14              13.3     0.7       18
DAYS >= .10         8               9.8    -1.8       15
DAYS >= .50         5               4.6     0.4        8
DAYS >= 1.00        2               2.0     0.0        2
GREATEST
 24 HR. TOTAL    1.50   07/07 TO 07/07

DEGREE_DAYS
COOLING TOTAL     515               482      33      565
 SINCE 1/1       1251              1090     161     1228
.................................................................

WIND (MPH)
AVERAGE WIND SPEED              6.7
RESULTANT WIND SPEED/DIRECTION   4/215
HIGHEST WIND SPEED/DIRECTION    30/340    DATE  07/15
HIGHEST GUST SPEED/DIRECTION    40/300    DATE  07/08

SKY COVER
POSSIBLE SUNSHINE (PERCENT)   MM
AVERAGE SKY COVER           0.20
NUMBER OF DAYS FAIR           24
NUMBER OF DAYS PC              6
NUMBER OF DAYS CLOUDY          1

AVERAGE RH (PERCENT)     79

WEATHER CONDITIONS. NUMBER OF DAYS WITH
THUNDERSTORM             15     MIXED PRECIP               0
HEAVY RAIN                7     RAIN                       8
LIGHT RAIN               17     FREEZING RAIN              0
LT FREEZING RAIN          0     HAIL                       0
HEAVY SNOW                0     SNOW                       0
LIGHT SNOW                0     SLEET                      0
FOG                      23     FOG W/VIS <= 1/4 MILE      0
HAZE                      8

-  INDICATES NEGATIVE NUMBERS.
R  INDICATES RECORD WAS SET OR TIED.
MM INDICATES DATA IS MISSING.
T  INDICATES TRACE AMOUNT.

$$
