000
CXUS52 KKEY 031648
CLMEYW

CLIMATE REPORT
NATIONAL WEATHER SERVICE KEY WEST, FL
1134 AM EDT FRI NOV 3 2017

...................................

...THE KEY WEST CLIMATE SUMMARY FOR THE MONTH OF OCTOBER 2017...

CLIMATE NORMAL PERIOD 1981 TO 2010
CLIMATE RECORD PERIOD 1871 TO 2017

WEATHER         OBSERVED          NORMAL  DEPART  LAST YEAR`S
                 VALUE   DATE(S)  VALUE   FROM    VALUE  DATE(S)
                                          NORMAL
................................................................
TEMPERATURE (F)
RECORD
 HIGH              93   10/05/1962
 LOW               59   10/30/1910
                        10/29/1892
HIGHEST            89   10/03                         91  10/05
                        10/02
                        10/01
LOWEST             60   10/31                         72  10/27
                                                          10/23
AVG. MAXIMUM     85.2              84.5     0.7     85.6
AVG. MINIMUM     76.4              76.0     0.4     77.3
MEAN             80.8              80.2     0.6     81.5
DAYS MAX >= 90      0               0.3    -0.3        4
DAYS MAX <= 32      0               0.0     0.0        0
DAYS MIN <= 32      0               0.0     0.0        0
DAYS MIN <= 0       0               0.0     0.0        0

PRECIPITATION (INCHES)
RECORD
 MAXIMUM        23.56   1933
 MINIMUM         0.74   1972
TOTALS           5.81              4.93    0.88     2.12
DAILY AVG.       0.19              0.16    0.03     0.07
DAYS >= .01        21              11.3     9.7        9
DAYS >= .10        14               7.0     7.0        4
DAYS >= .50         2               2.8    -0.8        1
DAYS >= 1.00        1               1.3    -0.3        1

SNOWFALL (INCHES)
RECORDS
 TOTAL
TOTALS            0.0               0.0     0.0      0.0
SINCE 7/1         0.0               0.0     0.0      0.0
SNOWDEPTH AVG.      0                                  0
DAYS >= 1.0         0               0.0     0.0        0
GREATEST
 SNOW DEPTH         0                                  0
 24 HR TOTAL      0.0   10/31 TO 10/31

DEGREE_DAYS
HEATING TOTAL       0                 0       0        0
 SINCE 7/1          0                 0       0        0
COOLING TOTAL     496               473      23      520
 SINCE 1/1       4723              4208     515     4401
.................................................................

WIND (MPH)
AVERAGE WIND SPEED              11.8
HIGHEST WIND SPEED/DIRECTION    31/150    DATE  10/28
HIGHEST GUST SPEED/DIRECTION    41/350    DATE  10/29

SKY COVER
POSSIBLE SUNSHINE (PERCENT)   MM
AVERAGE SKY COVER           0.30
NUMBER OF DAYS FAIR           24
NUMBER OF DAYS PC              7
NUMBER OF DAYS CLOUDY          0

AVERAGE RH (PERCENT)     77

WEATHER CONDITIONS. NUMBER OF DAYS WITH
THUNDERSTORM              4     MIXED PRECIP               0
HEAVY RAIN               14     RAIN                       7
LIGHT RAIN               21     FREEZING RAIN              0
LT FREEZING RAIN          0     HAIL                       0
HEAVY SNOW                0     SNOW                       0
LIGHT SNOW                0     SLEET                      0
FOG                      17     FOG W/VIS <= 1/4 MILE      0
HAZE                      6

-  INDICATES NEGATIVE NUMBERS.
R  INDICATES RECORD WAS SET OR TIED.
MM INDICATES DATA IS MISSING.
T  INDICATES TRACE AMOUNT.

$$

KEY WEST CONTINUED TO OBSERVE WARMER THAN NORMAL CONDITIONS DURING
THE MONTH OF OCTOBER WITH AN AVERAGE TEMPERATURE OF 80.8F, OR 0.6F
ABOVE NORMAL. OCTOBER WAS THE 15TH CONSECUTIVE MONTH WITH ABOVE
NORMAL TEMPERATURES IN KEY WEST. SEASON TO DATE, AN AVERAGE
TEMPERATURE OF 82.7F HAS BEEN OBSERVED, WHICH RANKS AS A TIE FOR THE
9TH WARMEST FALL ON RECORD.

HISTORICALLY, THE FALL SEASONS FIRST COLD FRONT REACHES THE KEYS ON
ABOUT OCTOBER 28TH, AND THIS YEAR WAS NO DIFFERENT. TWO COLD FRONTS
REACHED THE KEYS TOWARD THE END OF THE MONTH, ONE ON OCTOBER 25TH
AND ANOTHER REINFORCING SHOT OF UNSEASONABLY COOL AIR FOLLOWED A
FRONTAL PASSAGE ON OCTOBER 30TH. THE LATTER COLD FRONT DROPPED
TEMPERATURES DOWN TO 60 DEGREES AT THE KEY WEST INTERNATIONAL
AIRPORT ON OCTOBER 31ST, SETTING THE DAILY LOW TEMPERATURE RECORD.
THIS WAS JUST THE 4TH TIME IN THE 145 YEAR RECORD PERIOD WHERE A
TEMPERATURE OF 60F OR COLDER WAS OBSERVED IN KEY WEST DURING THE
MONTH OF OCTOBER.

TAKING A LOOK AT RAINFALL, FOR THE SECOND CONSECUTIVE MONTH, KEY
WEST RECEIVED ABOVE AVERAGE RAINFALL WITH 5.81 INCHES, OR 0.88
INCHES ABOVE NORMAL. THE LAST TIME KEY WEST SAW CONSECUTIVE MONTHS
WITH ABOVE AVERAGE RAINFALL WAS AUGUST/SEPTEMBER OF 2016. SEASON TO
DATE, KEY WEST HAS MEASURED 15.09 INCHES OF RAIN, GOOD ENOUGH FOR
THE 36TH WETTEST FALL ON RECORD.

RAINFALL AND TEMPERATURE RECORDS IN KEY WEST DATE BACK TO 1871 AND
1872, RESPECTIVELY.

DAILY RECORDS SET/TIED AT KEY WEST, OCTOBER 2017 AND 2017 TO-DATE

RECORD                       OCT 2017    JAN-OCT 2017
======                       ========    ============
MAXIMUM TEMPERATURE              0             4
COOL MAXIMUM TEMPERATURE         0             0
WARM MINIMUM TEMPERATURE         2            30
MINIMUM TEMPERATURE              1             1
RAINFALL                         0             1


FLING/ROSS
