000
CXUS53 KFGF 011038
CLMFAR

CLIMATE REPORT
NATIONAL WEATHER SERVICE EASTERN NORTH DAKOTA/GRAND FORKS
437 AM CST WED FEB 1 2017

...................................

...THE FARGO HECTOR INTL AP ND CLIMATE SUMMARY FOR THE MONTH OF JANUARY 2017...

CLIMATE NORMAL PERIOD 1981 TO 2010
CLIMATE RECORD PERIOD 1881 TO 2017

WEATHER         OBSERVED          NORMAL  DEPART  LAST YEAR`S
                 VALUE   DATE(S)  VALUE   FROM    VALUE  DATE(S)
                                          NORMAL
................................................................
TEMPERATURE (F)
RECORD
 HIGH              55   01/05/2012
 LOW              -48   01/08/1887
HIGHEST            41   01/30        16      25       40  01/27
LOWEST            -22   01/13        -2     -20      -23  01/17
AVG. MAXIMUM     21.8              18.4     3.4     21.1
AVG. MINIMUM      7.8               0.1     7.7      5.3
MEAN             14.8               9.3     5.5     13.2
DAYS MAX >= 90      0               0.0     0.0        0
DAYS MAX <= 32     22              25.3    -3.3       25
DAYS MIN <= 32     27              30.9    -3.9       31
DAYS MIN <= 0      12              15.5    -3.5       11

PRECIPITATION (INCHES)
RECORD
 MAXIMUM         1.85   1989
 MINIMUM         0.09   2008
TOTALS           0.98              0.70    0.28     0.69
DAILY AVG.       0.03              0.02    0.01     0.02
DAYS >= .01         8               8.3    -0.3        9
DAYS >= .10         2               2.0     0.0        2
DAYS >= .50         1               0.1     0.9        0
DAYS >= 1.00        0               0.0     0.0        0
GREATEST
 24 HR. TOTAL    0.60   01/02 TO 01/02           01/06 TO 01/07
                                                          01/07 TO 01/07
                                                          01/07 TO 01/07
 STORM TOTAL       MM                                 MM
 (MM/DD(HH))            MM                    01/07(00) TO 01/07(00)
                                                 01/07(00) TO 01/07(00)7
                                                 01/07(00) TO 01/07(00)7

SNOWFALL (INCHES)
RECORDS
 TOTAL           31.5   1989
TOTALS           13.1              11.2     1.9      8.4
SINCE 7/1        25.1              31.0    -5.9     19.0
SNOWDEPTH AVG.      6                 7      -1        6
DAYS >= 1.0         2               2.7    -0.7        2
GREATEST
 SNOW DEPTH        10   01/14                          9  01/15
                        01/13
                        01/12
 24 HR TOTAL      9.2   MM
 STORM TOTAL       MM                                 MM
 (MM/DD(HH))            MM                    01/07(00) TO 01/07(00)
                                                 01/07(00) TO 01/07(00)7
                                                 01/07(00) TO 01/07(00)7

DEGREE_DAYS
HEATING TOTAL    1548              1728    -180     1597
 SINCE 7/1       4363              5268    -905     4328
COOLING TOTAL       0                 0       0        0
 SINCE 1/1          0                 0       0        0
........................................................

WIND (MPH)
AVERAGE WIND SPEED              10.4
HIGHEST WIND SPEED/DIRECTION    32/300    DATE  01/12
HIGHEST GUST SPEED/DIRECTION    39/300    DATE  01/12

SKY COVER
POSSIBLE SUNSHINE (PERCENT)   MM
AVERAGE SKY COVER           0.50
NUMBER OF DAYS FAIR           13
NUMBER OF DAYS PC              7
NUMBER OF DAYS CLOUDY         11

AVERAGE RH (PERCENT)     79

WEATHER CONDITIONS. NUMBER OF DAYS WITH
THUNDERSTORM              0     MIXED PRECIP               0
HEAVY RAIN                0     RAIN                       0
LIGHT RAIN                1     FREEZING RAIN              0
LT FREEZING RAIN          0     HAIL                       0
HEAVY SNOW                1     SNOW                       2
LIGHT SNOW               14     SLEET                      0
FOG                      17     FOG W/VIS <= 1/4 MILE      4
HAZE                     14

-  INDICATES NEGATIVE NUMBERS.
R  INDICATES RECORD WAS SET OR TIED.
MM INDICATES DATA IS MISSING.
T  INDICATES TRACE AMOUNT.
&&

REMARKS...

JANUARY 2017 WAS ABOVE NORMAL IN TERMS OF TEMPERATURE. THE AVERAGE
TEMPERATURE OF 14.8 WAS 5.5 DEGREES ABOVE NORMAL...WHICH IS THE 14TH
WARMEST JANUARY AT THIS SITE. THE MINIMUM TEMPERATURE REMAINED ABOVE
FREEZING THROUGH 4 STRAIGHT DAYS: JANUARY 20TH, 21ST, 22ND, AND 23RD
...AND RECORD HIGH MINIMUM TEMPERATURES WERE SET OR TIED FOR EACH OF
THESE 4 DAYS. IT IS THE FIRST TIME THAT THE MINIMUM TEMPERATURE
REMAINED ABOVE FREEZING FOR MORE THAN TWO DAYS IN JANUARY AT THIS
SITE.

PRECIPITATION AND SNOWFALL WERE SLIGHTLY ABOVE NORMAL. THE TOTAL
PRECIPITATION OF 0.98 INCHES WAS 0.28 INCHES ABOVE NORMAL...AND THE
TOTAL SNOWFALL OF 13.1 INCHES WAS 1.9 INCHES ABOVE NORMAL. THE
MAJORITY OF THE SNOW FELL ON JANUARY 2ND WITH 9.2 INCHES MEASURED.
DAILY PRECIPITATION AND SNOWFALL RECORDS WERE BROKEN ON JANUARY 2ND.

REMEMBER...THIS DATA IS PROVISIONAL AND SUBJECT TO CHANGE. THE FINAL
AND OFFICIAL RECORDS WILL BE AVAILABLE FROM THE FROM THE NATIONAL
CENTERS FOR ENVIRONMENTAL INFORMATION (FORMERLY THE NATIONAL CLIMATE
DATA CENTER).

$$
