942
CXUS56 KHNX 011447
CLMFAT


CLIMATE REPORT
NATIONAL WEATHER SERVICE SAN JOAQUIN VALLEY, CA
740 AM PDT SUN MAY 1 2016

...................................

...THE FRESNO CA CLIMATE SUMMARY FOR THE MONTH OF APRIL 2016...

CLIMATE NORMAL PERIOD 1981 TO 2010
CLIMATE RECORD PERIOD 1887 TO 2016

WEATHER         OBSERVED          NORMAL  DEPART  LAST YEAR`S
                 VALUE   DATE(S)  VALUE   FROM    VALUE  DATE(S)
                                          NORMAL
................................................................
TEMPERATURE (F)
RECORD
 HIGH             101   04/24/1910
                        04/25/1898
 LOW               32   04/07/1982
                        04/01/1975
                        04/09/1953
HIGHEST            90   04/19        MM      MM       93  04/30
                        04/18
LOWEST             46   04/26        MM      MM       43  04/08
                        04/15
AVG. MAXIMUM     77.6              74.6     3.0     77.6
AVG. MINIMUM     52.9              49.4     3.5     51.0
MEAN             65.3              62.0     3.3     64.3
DAYS MAX >= 90      2               1.8     0.2        3
DAYS MIN <= 32      0               0.0     0.0        0

PRECIPITATION (INCHES)
RECORD
 MAXIMUM         4.41   1967
TOTALS           1.06              0.95    0.11     1.25
DAYS >= .01         4               4.5    -0.5        2
DAYS >= .10         2               2.3    -0.3        2
DAYS >= .50         1               0.5     0.5        2
DAYS >= 1.00        0               0.1    -0.1        0
GREATEST
 24 HR. TOTAL    0.95   04/08 TO 04/09

SNOWFALL (INCHES)
RECORDS
 TOTAL              T   2010
TOTALS            0.0               0.0

DEGREE_DAYS
HEATING TOTAL      47               136     -89       85
 SINCE 7/1       1937              2313    -376     1494
COOLING TOTAL      63                46      17       70
 SINCE 1/1         64                51      13      128
.................................................................

WIND (MPH)
AVERAGE WIND SPEED              7.2
HIGHEST WIND SPEED/DIRECTION    30/310    DATE  04/22
HIGHEST GUST SPEED/DIRECTION    35/290    DATE  04/14

AVERAGE RH (PERCENT)     55

WEATHER CONDITIONS. NUMBER OF DAYS WITH
THUNDERSTORM              0     RAIN                       1
HAIL                      0     FOG                        5
FOG W/VIS <= 1/4 MILE     0     HAZE                       2

-  INDICATES NEGATIVE NUMBERS.
R  INDICATES RECORD WAS SET OR TIED.
MM INDICATES DATA IS MISSING.
T  INDICATES TRACE AMOUNT.

$$
