000
CXUS53 KLMK 011526 CCA
CLMFFT

CLIMATE REPORT
NATIONAL WEATHER SERVICE LOUISVILLE KY
832 AM EST MON DEC 1 2014

...................................

...THE FRANKFORT KY CLIMATE SUMMARY FOR THE MONTH OF NOVEMBER 2014...
...COR TO ADD MONTHLY RECORD LOW TEMPERATURE...

CLIMATE NORMAL PERIOD 1981 TO 2010
CLIMATE RECORD PERIOD 1895 TO 2014

WEATHER         OBSERVED          NORMAL  DEPART  LAST YEAR`S
                 VALUE   DATE(S)  VALUE   FROM    VALUE  DATE(S)
                                          NORMAL
................................................................
TEMPERATURE (F)
RECORD
 HIGH              84   11/03/1987
                        11/01/1950
 LOW               -1   11/30/1929
HIGHEST            68   11/04        MM      MM       71  11/06
LOWEST              9   11/18        MM      MM       14  11/28
AVG. MAXIMUM     48.4              56.4    -8.0     52.3
AVG. MINIMUM     29.2              35.7    -6.5     30.2
MEAN             38.8              46.0    -7.2     41.2
DAYS MAX >= 90      0               0.0     0.0        0
DAYS MAX <= 32      1               0.2     0.8        2
DAYS MIN <= 32     19              11.8     7.2       18
DAYS MIN <= 0       0               0.0     0.0        0

PRECIPITATION (INCHES)
RECORD
 MAXIMUM         9.29   1921
 MINIMUM         0.35   1901
TOTALS           1.92              3.73   -1.81     2.67
DAILY AVG.       0.06              0.12   -0.06     0.09
DAYS >= .01         8                MM      MM       11
DAYS >= .10         4                MM      MM        5
DAYS >= .50         2                MM      MM        1
DAYS >= 1.00        0                MM      MM        1
GREATEST
 24 HR. TOTAL    0.78   11/23 TO 11/24

SNOWFALL (INCHES)
RECORDS
 TOTAL             MM   MM
TOTALS             MM                MM      MM       MM
SINCE 7/1          MM                MM      MM       MM
SNOWDEPTH AVG.     MM                MM      MM       MM
DAYS >= 1.0         0                MM      MM        0
GREATEST
 SNOW DEPTH        MM                                 MM  MM
 24 HR TOTAL       MM

DEGREE_DAYS
HEATING TOTAL     776               570     206      704
 SINCE 7/1       1128               911     217     1043
COOLING TOTAL       0                 1      -1        0
 SINCE 1/1       1070              1155     -85     1127
.................................................................

WIND (MPH)
AVERAGE WIND SPEED              7.3
HIGHEST WIND SPEED/DIRECTION    36/220    DATE  11/24
HIGHEST GUST SPEED/DIRECTION    50/240    DATE  11/24

SKY COVER
POSSIBLE SUNSHINE (PERCENT)   MM
AVERAGE SKY COVER           0.50
NUMBER OF DAYS FAIR           13
NUMBER OF DAYS PC              6
NUMBER OF DAYS CLOUDY         11

AVERAGE RH (PERCENT)     67

WEATHER CONDITIONS. NUMBER OF DAYS WITH
THUNDERSTORM              0     MIXED PRECIP               0
HEAVY RAIN                1     RAIN                       3
LIGHT RAIN                9     FREEZING RAIN              0
LT FREEZING RAIN          0     HAIL                       0
HEAVY SNOW                0     SNOW                       1
LIGHT SNOW                5     SLEET                      0
FOG                      13     FOG W/VIS <= 1/4 MILE      0
HAZE                      6

-  INDICATES NEGATIVE NUMBERS.
R  INDICATES RECORD WAS SET OR TIED.
MM INDICATES DATA IS MISSING.
T  INDICATES TRACE AMOUNT.

$$
