000
CXUS52 KMFL 011311
CLMFLL
CLIMATE REPORT
NATIONAL WEATHER SERVICE MIAMI, FL
911 AM EDT MON APR 01 2024
...................................
...THE FORT LAUDERDALE CLIMATE SUMMARY FOR THE MONTH OF MARCH 2024...
CLIMATE NORMAL PERIOD: 1991 TO 2020
CLIMATE RECORD PERIOD: 1912 TO 2024
WEATHER OBSERVED NORMAL DEPART LAST YEAR`S
VALUE DATE(S) VALUE FROM VALUE
NORMAL
..............................................................
TEMPERATURE (F)
RECORD
HIGH 94 03/24/1948
LOW 32 03/03/1980
03/02/1920
HIGHEST 92 03/18 89
LOWEST 61 03/20 58
AVG. MAXIMUM 82.7 79.7 3.0 83.4
AVG. MINIMUM 70.0 65.6 4.4 69.3
MEAN 76.3 72.6 3.7 76.3
DAYS MAX >= 90 1 0
DAYS MAX <= 32 0 0
DAYS MIN <= 32 0 0
DAYS MIN <= 0 0 0
PRECIPITATION (INCHES)
RECORD
MAXIMUM 12.31 1970
MINIMUM 0.03 2006
TOTALS 4.87 2.38 2.49 1.19
DAILY AVG. 0.16 0.08 0.08 0.04
DAYS >= .01 8 5
DAYS >= .10 5 3
DAYS >= .50 2 1
DAYS >= 1.00 2 0
GREATEST
24 HR. TOTAL 2.61 03/22 TO 03/23 0.88
DEGREE DAYS
HEATING TOTAL 0 11 -11 0
SINCE 7/1 37 117 -80 MM
COOLING TOTAL 360 248 112 358
SINCE 1/1 679 576 103 MM
..............................................................
WIND (MPH)
AVERAGE WIND SPEED 9.8
HIGHEST WIND SPEED/DIRECTION 29/270 DATE 03/28
HIGHEST GUST SPEED/DIRECTION 39/270 DATE 03/28
SKY COVER
POSSIBLE SUNSHINE (PERCENT) MM
AVERAGE SKY COVER 0.54
NUMBER OF DAYS FAIR 4
NUMBER OF DAYS PC 24
NUMBER OF DAYS CLOUDY 3
AVERAGE RH (PERCENT) 72
WEATHER CONDITIONS. NUMBER OF DAYS WITH
THUNDERSTORM 3 MIXED PRECIP 0
HEAVY RAIN 2 RAIN 4
LIGHT RAIN 9 FREEZING RAIN 0
LT FREEZING RAIN 0 HAIL 0
HEAVY SNOW 0 SNOW 0
LIGHT SNOW 0 SLEET 0
FOG 6 FOG W/VIS <= 1/4 MILE 0
HAZE 1
- INDICATES NEGATIVE NUMBERS.
R INDICATES RECORD WAS SET OR TIED.
MM INDICATES DATA IS MISSING.
T INDICATES TRACE AMOUNT.
$$