000
CXUS52 KILM 051919
CLMFLO


CLIMATE REPORT
NATIONAL WEATHER SERVICE WILMINGTON NC
317 PM EDT TUE MAY 5 2015

...................................

...THE FLORENCE SC CLIMATE SUMMARY FOR THE MONTH OF APRIL 2015...

CLIMATE NORMAL PERIOD 1981 TO 2010
CLIMATE RECORD PERIOD 1948 TO 2015

WEATHER         OBSERVED          NORMAL  DEPART  LAST YEAR`S
                 VALUE   DATE(S)  VALUE   FROM    VALUE  DATE(S)
                                          NORMAL
................................................................
TEMPERATURE (F)
RECORD
 HIGH              97   04/28/1981
 LOW               26   04/08/2007
HIGHEST            91   04/09                         89  04/28
LOWEST             40   04/05                         36  04/16
AVG. MAXIMUM     76.4              75.8     0.6     77.6
AVG. MINIMUM     55.4              50.7     4.7     52.0
MEAN             65.9              63.3     2.6     64.8
DAYS MAX >= 90      1               1.2    -0.2        0
DAYS MAX <= 32      0               0.0     0.0        0
DAYS MIN <= 32      0               0.3    -0.3        0
DAYS MIN <= 0       0               0.0     0.0        0

PRECIPITATION (INCHES)
RECORD
 MAXIMUM         7.84   1949
 MINIMUM         0.23   2001
TOTALS           3.40              2.62    0.78     4.47
DAILY AVG.       0.11              0.09    0.02     0.15
DAYS >= .01        12               8.0     4.0        9
DAYS >= .10         6               4.9     1.1        6
DAYS >= .50         3               1.6     1.4        5
DAYS >= 1.00        1               0.6     0.4        1
GREATEST
 24 HR. TOTAL    1.08   04/17 TO 04/18

SNOWFALL (INCHES)
RECORDS
 TOTAL             MM   MM
TOTALS             MM               0.0
SINCE 7/1          MM               1.5

DEGREE_DAYS
HEATING TOTAL      53               124     -71       88
COOLING TOTAL      90                72      18       89
..........................................................

WIND (MPH)
AVERAGE WIND SPEED              7.8
RESULTANT WIND SPEED/DIRECTION   1/179
HIGHEST WIND SPEED/DIRECTION    32/200    DATE  04/19
HIGHEST GUST SPEED/DIRECTION    40/190    DATE  04/19

SKY COVER
POSSIBLE SUNSHINE (PERCENT)   MM
AVERAGE SKY COVER           0.40
NUMBER OF DAYS FAIR           18
NUMBER OF DAYS PC              5
NUMBER OF DAYS CLOUDY          7

AVERAGE RH (PERCENT)     67

WEATHER CONDITIONS. NUMBER OF DAYS WITH
THUNDERSTORM              5     MIXED PRECIP              MM
HEAVY RAIN                4     RAIN                       6
LIGHT RAIN               15     FREEZING RAIN              0
LT FREEZING RAIN          0     HAIL                       0
HEAVY SNOW                0     SNOW                       0
LIGHT SNOW                0     SLEET                     MM
FOG                      15     FOG W/VIS <= 1/4 MILE      3
HAZE                      3

-  INDICATES NEGATIVE NUMBERS.
R  INDICATES RECORD WAS SET OR TIED.
MM INDICATES DATA IS MISSING.
T  INDICATES TRACE AMOUNT.

$$
