000
CXUS54 KTSA 011625
CLMFSM

CLIMATE REPORT
NATIONAL WEATHER SERVICE TULSA OK
1125 AM CDT SAT JUL 1 2017

...................................

...THE FORT SMITH ARKANSAS CLIMATE SUMMARY FOR THE MONTH OF JUNE 2017...

CLIMATE NORMAL PERIOD 1981 TO 2010
CLIMATE RECORD PERIOD 1882 TO 2017

WEATHER         OBSERVED          NORMAL  DEPART  LAST YEAR`S
                 VALUE   DATE(S)  VALUE   FROM    VALUE  DATE(S)
                                          NORMAL
................................................................
TEMPERATURE (F)
RECORD
 HIGH             106   06/28/2012
                        06/27/2012
                        06/22/1936
                        06/20/1936
 LOW               56   06/05/2009
HIGHEST            96   06/16       106     -10       98
LOWEST             59   06/08        47      12       61
AVG. MAXIMUM     88.0              88.1    -0.1     92.3
AVG. MINIMUM     68.0              67.5     0.5     70.9
MEAN             78.0              77.8     0.2     81.6
DAYS MAX >= 90     11
DAYS MAX <= 32      0
DAYS MIN <= 32      0
DAYS MIN <= 0       0

PRECIPITATION (INCHES)
RECORD
 MAXIMUM        15.02   1945
 MINIMUM         0.38   1914
TOTALS           8.50              4.28    4.22     1.91
DAILY AVG.       0.28              0.14    0.14     0.06
DAYS >= .01         7               9.3    -2.3        5
DAYS >= .10         6               6.2    -0.2        3
DAYS >= .50         4               3.1     0.9        1
DAYS >= 1.00        3               1.3     1.7        1
GREATEST
 24 HR. TOTAL    2.80   06/18 TO 06/18

DEGREE_DAYS
COOLING TOTAL     400               385      15      503
 SINCE 1/1        718               629      89      688
.................................................................

WIND (MPH)
AVERAGE WIND SPEED              5.8
HIGHEST WIND SPEED/DIRECTION    43/350    DATE  06/15
HIGHEST GUST SPEED/DIRECTION    55/350    DATE  06/15

SKY COVER
POSSIBLE SUNSHINE (PERCENT)   MM
AVERAGE SKY COVER           0.20
NUMBER OF DAYS FAIR           21
NUMBER OF DAYS PC              9
NUMBER OF DAYS CLOUDY          0

AVERAGE RH (PERCENT)     68

WEATHER CONDITIONS. NUMBER OF DAYS WITH
THUNDERSTORM              9     MIXED PRECIP               0
HEAVY RAIN                6     RAIN                       5
LIGHT RAIN               10     FREEZING RAIN              0
LT FREEZING RAIN          0     HAIL                       0
HEAVY SNOW                0     SNOW                       0
LIGHT SNOW                0     SLEET                      0
FOG                      10     FOG W/VIS <= 1/4 MILE      2
HAZE                      4

-  INDICATES NEGATIVE NUMBERS.
R  INDICATES RECORD WAS SET OR TIED.
MM INDICATES DATA IS MISSING.
T  INDICATES TRACE AMOUNT.

&&
-------------------------------------------------------------------
 YEARLY PRECIPITATION (INCHES):
 TOTAL.....................30.58
 DEPARTURE FROM NORMAL.....+7.11
$$
