000
CXUS54 KTSA 011948
CLMFSM

CLIMATE REPORT
NATIONAL WEATHER SERVICE TULSA OK
547 AM CDT MON MAY 1 2017

...................................

...THE FORT SMITH ARKANSAS CLIMATE SUMMARY FOR THE MONTH OF APRIL
2017...

CLIMATE NORMAL PERIOD 1981 TO 2010
CLIMATE RECORD PERIOD 1882 TO 2017

WEATHER         OBSERVED          NORMAL  DEPART  LAST YEAR`S
                 VALUE   DATE(S)  VALUE   FROM    VALUE  DATE(S)
                                          NORMAL
................................................................
TEMPERATURE (F)
RECORD
 HIGH              96   04/18/2006
 LOW               22   04/03/1975
HIGHEST            87   04/04        95      -8       86
LOWEST             38   04/07        22      16       34
AVG. MAXIMUM     76.6              73.7     2.9     75.5
AVG. MINIMUM     54.3              49.5     4.8     52.2
MEAN             65.4              61.6     3.8     63.8
DAYS MAX >= 90      0
DAYS MAX <= 32      0
DAYS MIN <= 32      0
DAYS MIN <= 0       0

PRECIPITATION (INCHES)
RECORD
 MAXIMUM        10.32   1957
 MINIMUM         0.36   1903
TOTALS           7.06              4.30    2.76     6.05
DAILY AVG.       0.24              0.14    0.10     0.20
DAYS >= .01        12               9.1     2.9        8
DAYS >= .10         9               6.1     2.9        7
DAYS >= .50         4               2.7     1.3        4
DAYS >= 1.00        2               1.3     0.7        2
GREATEST
 24 HR. TOTAL    2.00   04/26 TO 04/26

SNOWFALL (INCHES)
RECORDS
 TOTAL            0.7   1933
TOTALS            0.0               0.0     0.0      0.0
SINCE 7/1         2.0               4.9    -2.9        T
SNOWDEPTH AVG.      0                MM      MM        0
DAYS >= 1.0         0               0.0     0.0        0
GREATEST
 SNOW DEPTH         0   MM                             0  MM
 24 HR TOTAL      0.0   04/30 TO 04/30

DEGREE_DAYS
HEATING TOTAL      67               156     -89       71
 SINCE 7/1       2237              3215    -978     2408
COOLING TOTAL      86                54      32       42
 SINCE 1/1        136                66      70       49
.................................................................

WIND (MPH)
AVERAGE WIND SPEED              7.9
HIGHEST WIND SPEED/DIRECTION    38/350    DATE  04/21
HIGHEST GUST SPEED/DIRECTION    54/330    DATE  04/05

SKY COVER
POSSIBLE SUNSHINE (PERCENT)   MM
AVERAGE SKY COVER           0.40
NUMBER OF DAYS FAIR           14
NUMBER OF DAYS PC             13
NUMBER OF DAYS CLOUDY          3

AVERAGE RH (PERCENT)     66

WEATHER CONDITIONS. NUMBER OF DAYS WITH
THUNDERSTORM              9     MIXED PRECIP               0
HEAVY RAIN                6     RAIN                       7
LIGHT RAIN               13     FREEZING RAIN              0
LT FREEZING RAIN          0     HAIL                       0
HEAVY SNOW                0     SNOW                       0
LIGHT SNOW                0     SLEET                      0
FOG                      16     FOG W/VIS <= 1/4 MILE      1
HAZE                      4

-  INDICATES NEGATIVE NUMBERS.
R  INDICATES RECORD WAS SET OR TIED.
MM INDICATES DATA IS MISSING.
T  INDICATES TRACE AMOUNT.

&&
-------------------------------------------------------------------
 YEARLY PRECIPITATION (INCHES):
 TOTAL.....................15.63
 DEPARTURE FROM NORMAL.....+1.91
$$
