000
CXUS51 KCAR 042152
CLMFVE


CLIMATE REPORT
NATIONAL WEATHER SERVICE CARIBOU, ME
551 PM EDT FRI NOV 4 2016

...................................

...THE FRENCHVILLE ME CLIMATE SUMMARY FOR THE MONTH OF OCTOBER 2016...

CLIMATE NORMAL PERIOD 1981 TO 2010
CLIMATE RECORD PERIOD 9999 TO 9999

WEATHER         OBSERVED          NORMAL  DEPART  LAST YEAR`S
                 VALUE   DATE(S)  VALUE   FROM    VALUE  DATE(S)
                                          NORMAL
................................................................
TEMPERATURE (F)
RECORD
 HIGH              MM   MM
 LOW               MM   MM
HIGHEST            74   10/07        MM      MM       63  10/12
LOWEST             27   10/27        MM      MM       21  10/27
AVG. MAXIMUM     53.7              49.4     4.3     48.1
AVG. MINIMUM     36.5              34.4     2.1     31.2
MEAN             45.1              41.9     3.2     39.7
DAYS MAX >= 90      0               0.0     0.0        0
DAYS MAX <= 32      0               0.2    -0.2        0
DAYS MIN <= 32     11              12.6    -1.6       20
DAYS MIN <= 0       0               0.0     0.0        0

PRECIPITATION (INCHES)
RECORD
 MAXIMUM           MM   MM
 MINIMUM           MM   MM
TOTALS           3.13              2.54    0.59     2.15
DAILY AVG.       0.10              0.08    0.02     0.07
DAYS >= .01        12                MM      MM       12
DAYS >= .10         6                MM      MM        6
DAYS >= .50         2                MM      MM        0
DAYS >= 1.00        1                MM      MM        0
GREATEST
 24 HR. TOTAL    1.34   10/20 TO 10/21           09/30 TO 10/01
                                                          10/01 TO 10/01
                                                          10/01 TO 10/01
 STORM TOTAL       MM                                 MM
 (MM/DD(HH))            MM                    10/01(00) TO 10/01(00)
                                                 10/01(00) TO 10/01(00)1
                                                 10/01(00) TO 10/01(00)1

SNOWFALL (INCHES)
RECORDS
 TOTAL             MM   MM
TOTALS             MM                MM      MM       MM
SINCE 7/1          MM                MM      MM       MM
SNOWDEPTH AVG.     MM                MM      MM       MM
DAYS >= 1.0         0                MM      MM        0
GREATEST
 SNOW DEPTH        MM                                 MM  MM
 24 HR TOTAL       MM                                 MM

DEGREE_DAYS
HEATING TOTAL     607               716    -109      755
 SINCE 7/1        960              1260    -300     1090
COOLING TOTAL       0                 0       0        0
 SINCE 1/1        221               134      87      164
..................................................

WIND (MPH)
AVERAGE WIND SPEED              9.0
HIGHEST WIND SPEED/DIRECTION    29/340    DATE  10/10
HIGHEST GUST SPEED/DIRECTION    39/330    DATE  10/10

SKY COVER
POSSIBLE SUNSHINE (PERCENT)   MM
AVERAGE SKY COVER           0.50
NUMBER OF DAYS FAIR           13
NUMBER OF DAYS PC              8
NUMBER OF DAYS CLOUDY         10

AVERAGE RH (PERCENT)     73

WEATHER CONDITIONS. NUMBER OF DAYS WITH
THUNDERSTORM              0     MIXED PRECIP               0
HEAVY RAIN                5     RAIN                       6
LIGHT RAIN               13     FREEZING RAIN              0
LT FREEZING RAIN          0     HAIL                       0
HEAVY SNOW                0     SNOW                       1
LIGHT SNOW                5     SLEET                      0
FOG                      20     FOG W/VIS <= 1/4 MILE      6
HAZE                      0

-  INDICATES NEGATIVE NUMBERS.
R  INDICATES RECORD WAS SET OR TIED.
MM INDICATES DATA IS MISSING.
T  INDICATES TRACE AMOUNT.

$$
