000
CXUS51 KCAR 012055
CLMFVE


CLIMATE REPORT
NATIONAL WEATHER SERVICE CARIBOU, ME
455 PM EDT TUE JUL 1 2014

...................................

...THE FRENCHVILLE ME CLIMATE SUMMARY FOR THE MONTH OF JUNE 2014...

CLIMATE NORMAL PERIOD 1981 TO 2010
CLIMATE RECORD PERIOD 9999 TO 9999

WEATHER         OBSERVED          NORMAL  DEPART  LAST YEAR`S
                 VALUE   DATE(S)  VALUE   FROM    VALUE  DATE(S)
                                          NORMAL
................................................................
TEMPERATURE (F)
RECORD
 HIGH              MM   MM
 LOW               MM   MM
HIGHEST            85   06/30        MM      MM       83  06/25
LOWEST             42   06/20        MM      MM       36  06/06
AVG. MAXIMUM     71.7              69.2     2.5     67.2
AVG. MINIMUM     50.9              49.3     1.6     47.3
MEAN             61.3              59.3     2.0     57.3
DAYS MAX >= 90      0               0.1    -0.1        0
DAYS MAX <= 32      0               0.0     0.0        0
DAYS MIN <= 32      0               0.0     0.0        0
DAYS MIN <= 0       0               0.0     0.0        0

PRECIPITATION (INCHES)
RECORD
 MAXIMUM           MM   MM
 MINIMUM           MM   MM
TOTALS           4.11              3.85    0.26     5.76
DAILY AVG.       0.14              0.13    0.01     0.19
DAYS >= .01        10                MM      MM       17
DAYS >= .10         8                MM      MM       12
DAYS >= .50         2                MM      MM        5
DAYS >= 1.00        1                MM      MM        1
GREATEST
 24 HR. TOTAL    2.06   06/24 TO 06/25           06/28 TO 06/29
                                                          06/30 TO 06/30
                                                          06/30 TO 06/30
 STORM TOTAL       MM                                 MM
 (MM/DD(HH))            MM                    06/29(00) TO 06/29(00)
                                                 06/30(00) TO 06/30(00)0
                                                 06/30(00) TO 06/30(00)0

SNOWFALL (INCHES)
RECORDS
 TOTAL             MM   MM
TOTALS             MM                MM      MM      0.0
SINCE 7/1          MM                MM      MM      0.0
SNOWDEPTH AVG.     MM                MM      MM        0
DAYS >= 1.0         0                MM      MM        0
GREATEST
 SNOW DEPTH        MM                                  0  MM
 24 HR TOTAL       MM                            06/30 TO 06/30
                                                          06/30 TO 06/30
                                                          06/30 TO 06/30

DEGREE_DAYS
HEATING TOTAL     127               197     -70      239
 SINCE 7/1      10015              9784     231     9121
COOLING TOTAL      25                24       1       14
 SINCE 1/1         27                28      -1       25
.................................................

WIND (MPH)
AVERAGE WIND SPEED              8.4
HIGHEST WIND SPEED/DIRECTION    33/340    DATE  06/15
HIGHEST GUST SPEED/DIRECTION    43/330    DATE  06/15

SKY COVER
POSSIBLE SUNSHINE (PERCENT)   MM
AVERAGE SKY COVER           0.40
NUMBER OF DAYS FAIR           13
NUMBER OF DAYS PC             13
NUMBER OF DAYS CLOUDY          4

AVERAGE RH (PERCENT)     68

WEATHER CONDITIONS. NUMBER OF DAYS WITH
THUNDERSTORM              0     MIXED PRECIP               0
HEAVY RAIN                4     RAIN                       6
LIGHT RAIN               13     FREEZING RAIN              0
LT FREEZING RAIN          0     HAIL                       0
HEAVY SNOW                0     SNOW                       0
LIGHT SNOW                0     SLEET                      0
FOG                       9     FOG W/VIS <= 1/4 MILE      3
HAZE                      0

-  INDICATES NEGATIVE NUMBERS.
R  INDICATES RECORD WAS SET OR TIED.
MM INDICATES DATA IS MISSING.
T  INDICATES TRACE AMOUNT.

$$
