454
CXUS53 KIWX 012209
CLMFWA

CLIMATE REPORT
NATIONAL WEATHER SERVICE NORTHERN INDIANA
550 PM EDT SAT JUL 1 2017

...................................

...THE FORT WAYNE CLIMATE SUMMARY FOR THE MONTH OF JUNE 2017...

CLIMATE NORMAL PERIOD 1981 TO 2010
CLIMATE RECORD PERIOD 1897 TO 2017

WEATHER         OBSERVED          NORMAL  DEPART  LAST YEAR`S
                 VALUE   DATE(S)  VALUE   FROM    VALUE  DATE(S)
                                          NORMAL
................................................................
TEMPERATURE (F)
RECORD
 HIGH             106   06/28/2012
                        06/25/1988
 LOW               36   06/02/1910
HIGHEST            95   06/13        MM      MM       93  06/11
LOWEST             49   06/08        MM      MM       47  06/08
                        06/02
AVG. MAXIMUM     82.7              80.9     1.8     81.9
AVG. MINIMUM     60.6              59.3     1.3     60.5
MEAN             71.7              70.1     1.6
DAYS MAX >= 90      4               3.2     0.8        2
DAYS MAX <= 32      0               0.0     0.0        0
DAYS MIN <= 32      0               0.0     0.0        0
DAYS MIN <= 0       0               0.0     0.0        0

PRECIPITATION (INCHES)
RECORD
 MAXIMUM        11.98   2015
 MINIMUM         0.50   1933
TOTALS           7.31              4.16    3.15     5.44
DAILY AVG.       0.24              0.14    0.10     0.18
DAYS >= .01        12              10.9     1.1        9
DAYS >= .10         9               7.3     1.7        8
DAYS >= .50         4               2.9     1.1        3
DAYS >= 1.00        2               1.0     1.0        2
GREATEST
 24 HR. TOTAL    3.01   06/30 TO 06/30

SNOWFALL (INCHES)
RECORDS
 TOTAL              T   2016
TOTALS            0.0               0.0     0.0        T
SINCE 7/1        18.5              33.5   -15.0     20.1
SNOWDEPTH AVG.      0                MM      MM        0
DAYS >= 1.0         0               0.0     0.0        0
GREATEST
 SNOW DEPTH         0   MM                             0
 24 HR TOTAL      0.0   06/30 TO 06/30

DEGREE_DAYS
HEATING TOTAL       6                29     -23       11
 SINCE 7/1       4985              6101   -1116     5127
COOLING TOTAL     215               182      33      206
 SINCE 1/1        279               239      40      280
.................................................................

WIND (MPH)
AVERAGE WIND SPEED              9.6
HIGHEST WIND SPEED/DIRECTION    38/270    DATE  06/30
HIGHEST GUST SPEED/DIRECTION    46/270    DATE  06/30

SKY COVER
POSSIBLE SUNSHINE (PERCENT)   MM
AVERAGE SKY COVER           0.50
NUMBER OF DAYS FAIR            7
NUMBER OF DAYS PC             17
NUMBER OF DAYS CLOUDY          6

AVERAGE RH (PERCENT)     63

WEATHER CONDITIONS. NUMBER OF DAYS WITH
THUNDERSTORM              0     MIXED PRECIP               0
HEAVY RAIN                5     RAIN                       6
LIGHT RAIN               15     FREEZING RAIN              0
LT FREEZING RAIN          0     HAIL                       0
HEAVY SNOW                0     SNOW                       0
LIGHT SNOW                0     SLEET                      0
FOG                       5     FOG W/VIS <= 1/4 MILE      0
HAZE                      6

-  INDICATES NEGATIVE NUMBERS.
R  INDICATES RECORD WAS SET OR TIED.
MM INDICATES DATA IS MISSING.
T  INDICATES TRACE AMOUNT.

&&

...A WARM AND VERY WET JUNE...

JUNE STARTED RELATIVELY DRY WITH ONLY 2 OF THE FIRST 12 DAYS
RECORDING MEASURABLE PRECIPTIATION. HOWEVER THE NEXT 12 DAYS, FROM
THE 13TH TO THE 24TH WERE WETTER WITH 10 DAYS RECORDING A TRACE OR
MORE OF PRECIPITATION. THE FIRST 6 DAYS OF THIS SECOND 12 DAY
PERIOD, FROM THE 13TH TO THE 18TH SAW ABOVE NORMAL TEMPERATURES, BUT
THE NEXT 6 DAYS SAW 5 OF THEM CONTAIN BELOW AVERAGE TEMPERATURES.
BELOW AVERAGE TEMPERATURES CONTINUED UNTIL THE 28TH. THE MONTH ENDED
ON A WET NOTE WITH 2 OF THE LAST 8 DAYS RECORDING RECORD PRECIP
TOTALS, THE 23RD AND THE 30TH. IN TERMS OF CROP CONDITIONS, EARLY
MONTH DRINESS RESULTED IN REDUCED TOPSOIL MOISTURE FOR CROP
DEVELOPMENT, BUT MID MONTH SHOWERS AND STORMS HELPED TO IMPROVE
TOPSOIL MOISTURE AND RECOVER CROP CONDITIONS.

THE AVERAGE MONTHLY TEMPERATURE WAS 71.7...1.6 DEGREES ABOVE NORMAL.
THIS RANKED AS THE 31ST WARMEST JUNE ON RECORD. THE HIGHEST
TEMPERATURES WAS 95 ON THE 13TH. THE COOLEST TEMPERATURE WAS 49 ON
THE 2ND AND THE 8TH.

MONTHLY PRECIPITATION WAS 7.31 INCHES...3.15 INCHES ABOVE NORMAL.
THIS RANKED AS THE 7TH WETTEST JUNE ON RECORD. MEASURABLE
PRECIPITATION FELL ON 12 DAYS AND 0.50 INCH OR MORE FELL ON 4
DIFFERENT DAYS. IN ADDITION, THE 1.79 INCHES OF RAIN THAT FELL ON
THE 23RD WAS A RECORD FOR THAT DAY AND THE 3.01 INCHES THAT FELL ON
THE 30TH WAS A RECORD FOR THAT DAY.

$$
