000
CXUS54 KTSA 011221
CLMFYV

CLIMATE REPORT
NATIONAL WEATHER SERVICE TULSA OK
621 AM CST WED MAR 1 2017

...................................

...THE FAYETTEVILLE ARKANSAS CLIMATE SUMMARY FOR THE MONTH OF FEBRUARY 2017...

CLIMATE NORMAL PERIOD 1981 TO 2010
CLIMATE RECORD PERIOD 1905 TO 2017

WEATHER         OBSERVED          NORMAL  DEPART  LAST YEAR`S
                 VALUE   DATE(S)  VALUE   FROM    VALUE  DATE(S)
                                          NORMAL
................................................................
TEMPERATURE (F)
RECORD
 HIGH              87   02/22/1996
 LOW              -18   02/10/2011
HIGHEST            81   02/11        82      -1       74  02/18
LOWEST             20   02/04       -24      44       15  02/10
                                                          02/04
AVG. MAXIMUM     62.0              51.1    10.9     55.6
AVG. MINIMUM     36.0              28.3     7.7     29.5
MEAN             49.0              39.7     9.3     42.6
DAYS MAX >= 90      0               0.0     0.0        0
DAYS MAX <= 32      0               1.9    -1.9        0
DAYS MIN <= 32     11              18.7    -7.7       20
DAYS MIN <= 0       0               0.2    -0.2        0

PRECIPITATION (INCHES)
RECORD
 MAXIMUM         8.60   1990
 MINIMUM         0.22   1996
TOTALS           1.11              2.81   -1.70     0.64
DAILY AVG.       0.04              0.10   -0.06     0.02
DAYS >= .01         5               7.7    -2.7        4
DAYS >= .10         1               4.7    -3.7        1
DAYS >= .50         1               1.7    -0.7        1
DAYS >= 1.00        0               0.8    -0.8        0
GREATEST
 24 HR. TOTAL    0.98   02/13 TO 02/14           02/23 TO 02/24
                                                          02/23 TO 02/23
                                                          02/23 TO 02/23

SNOWFALL (INCHES)
RECORDS
 TOTAL           18.8   2011
 24 HR TOTAL     14.6   02/09/2011 TO 02/09/2011
TOTALS            0.0               1.6    -1.6        T
SINCE 7/1         0.8               5.6    -4.8        T
SNOWDEPTH AVG.      0                MM      MM        0
DAYS >= TRACE       0               0.8    -0.8        1
DAYS >= 1.0         0               0.7    -0.7        0
GREATEST
 SNOW DEPTH         0   MM                             0  MM
 24 HR TOTAL      0.0   02/28 TO 02/28           02/23 TO 02/23
                                                          02/23 TO 02/23
                                                          02/23 TO 02/23

DEGREE_DAYS
HEATING TOTAL     447               709    -262      643
 SINCE 7/1       2571              3303    -732     2816
COOLING TOTAL       5                 0       5        0
 SINCE 1/1          5                 0       5        0
....................................................

WIND (MPH)
AVERAGE WIND SPEED              8.0
HIGHEST WIND SPEED/DIRECTION    29/200    DATE  02/07
HIGHEST GUST SPEED/DIRECTION    37/320    DATE  02/24

SKY COVER
POSSIBLE SUNSHINE (PERCENT)   MM
AVERAGE SKY COVER           0.30
NUMBER OF DAYS FAIR           16
NUMBER OF DAYS PC              7
NUMBER OF DAYS CLOUDY          5

AVERAGE RH (PERCENT)     67

WEATHER CONDITIONS. NUMBER OF DAYS WITH
THUNDERSTORM              0     MIXED PRECIP               0
HEAVY RAIN                0     RAIN                       3
LIGHT RAIN                5     FREEZING RAIN              0
LT FREEZING RAIN          0     HAIL                       0
HEAVY SNOW                0     SNOW                       0
LIGHT SNOW                0     SLEET                      0
FOG                      13     FOG W/VIS <= 1/4 MILE      2
HAZE                      6

-  INDICATES NEGATIVE NUMBERS.
R  INDICATES RECORD WAS SET OR TIED.
MM INDICATES DATA IS MISSING.
T  INDICATES TRACE AMOUNT.

&&
-------------------------------------------------------------------
 YEARLY PRECIPITATION (INCHES):
 TOTAL..................... 3.50
 DEPARTURE FROM NORMAL.....-2.15
$$
