000
CXUS53 KDDC 011537
CLMGCK


CLIMATE REPORT
NATIONAL WEATHER SERVICE DODGE CITY KS
932 AM CST THU JAN 1 2015

...................................

...THE GARDEN CITY REGIONAL ARPT KS CLIMATE SUMMARY FOR THE MONTH OF DECEMBER 2014...

CLIMATE NORMAL PERIOD 1981 TO 2010
CLIMATE RECORD PERIOD 1948 TO 2014

WEATHER         OBSERVED          NORMAL  DEPART  LAST YEAR`S
                 VALUE   DATE(S)  VALUE   FROM    VALUE  DATE(S)
                                          NORMAL
................................................................
TEMPERATURE (F)
RECORD
 HIGH              83   12/24/1955
 LOW              -17   12/22/1989
HIGHEST            66   12/13        MM      MM       65  12/18
                                                          12/02
LOWEST             -6   12/31        MM      MM        0  12/09
AVG. MAXIMUM     43.2              44.5    -1.3     43.6
AVG. MINIMUM     23.0              18.8     4.2     16.4
MEAN             33.1              31.7     1.4     30.0
DAYS MAX >= 90      0               0.0     0.0        0
DAYS MAX <= 32      6               5.1     0.9       11
DAYS MIN <= 32     26              30.0    -4.0       31
DAYS MIN <= 0       2               1.3     0.7        1

PRECIPITATION (INCHES)
RECORD
 MAXIMUM         3.60   2006
 MINIMUM         0.01   2013
                        2008
TOTALS           0.05              0.52   -0.47     0.01
DAYS >= .01         1               3.1    -2.1        1
DAYS >= .10         0               1.2    -1.2        0
DAYS >= .50         0               0.2    -0.2        0
DAYS >= 1.00        0               0.0     0.0        0
GREATEST
 24 HR. TOTAL    0.05   12/17 TO 12/17           12/21 TO 12/21

DEGREE_DAYS
HEATING TOTAL     982              1034     -52     1077
 SINCE 7/1       2021              2123    -102     2121
COOLING TOTAL       0                 0       0        0
 SINCE 1/1       1342              1298      44     1591
..................................................

WIND (MPH)
AVERAGE WIND SPEED              11.4
HIGHEST WIND SPEED/DIRECTION    40/330    DATE  12/15
HIGHEST GUST SPEED/DIRECTION    48/330    DATE  12/15


WEATHER CONDITIONS. NUMBER OF DAYS WITH
THUNDERSTORM              1     MIXED PRECIP               0
HEAVY RAIN                1     RAIN                       1
LIGHT RAIN                3     FREEZING RAIN              0
LT FREEZING RAIN          1     HAIL                       0
HEAVY SNOW                0     SNOW                       4
LIGHT SNOW                7     SLEET                      0
FOG                      21     FOG W/VIS <= 1/4 MILE      6
HAZE                      6

-  INDICATES NEGATIVE NUMBERS.
R  INDICATES RECORD WAS SET OR TIED.
MM INDICATES DATA IS MISSING.
T  INDICATES TRACE AMOUNT.

$$
