000
CXUS53 KDDC 011429
CLMGCK


CLIMATE REPORT
NATIONAL WEATHER SERVICE DODGE CITY KS
828 AM CST SUN JAN 1 2017

...................................

...THE GARDEN CITY REGIONAL ARPT KS CLIMATE SUMMARY FOR THE MONTH OF DECEMBER 2016...

CLIMATE NORMAL PERIOD 1981 TO 2010
CLIMATE RECORD PERIOD 1948 TO 2016

WEATHER         OBSERVED          NORMAL  DEPART  LAST YEAR`S
                 VALUE   DATE(S)  VALUE   FROM    VALUE  DATE(S)
                                          NORMAL
................................................................
TEMPERATURE (F)
RECORD
 HIGH              83   12/24/1955
 LOW              -19   12/18/2016
HIGHEST            60   12/30        MM      MM       71  12/09
LOWEST            -19R  12/18        MM      MM       10  12/29
AVG. MAXIMUM     42.2              44.5    -2.3     47.4
AVG. MINIMUM     13.6              18.8    -5.2     24.0
MEAN             27.9              31.7    -3.8     35.7
DAYS MAX >= 90      0               0.0     0.0        0
DAYS MAX <= 32      7               5.1     1.9        4
DAYS MIN <= 32     31              30.0     1.0       28
DAYS MIN <= 0       4               1.3     2.7        0

PRECIPITATION (INCHES)
RECORD
 MAXIMUM         3.60   2006
 MINIMUM         0.01   2013
                        2008
TOTALS           0.30              0.52   -0.22     1.10
DAYS >= .01         4               3.1     0.9        2
DAYS >= .10         1               1.2    -0.2        2
DAYS >= .50         0               0.2    -0.2        1
DAYS >= 1.00        0               0.0     0.0        0
GREATEST
 24 HR. TOTAL    0.25   12/25 TO 12/25           12/13 TO 12/13
                        12/24 TO 12/25                    12/12 TO 12/13
                        12/25 TO 12/25                    12/13 TO 12/13

DEGREE_DAYS
HEATING TOTAL    1141              1034     107      902
 SINCE 7/1       1829              2123    -294     1739
COOLING TOTAL       0                 0       0        0
 SINCE 1/1       1433              1298     135     1453
....................................................

WIND (MPH)
AVERAGE WIND SPEED              11.0
HIGHEST WIND SPEED/DIRECTION    53/230    DATE  12/25
HIGHEST GUST SPEED/DIRECTION    69/240    DATE  12/25


WEATHER CONDITIONS. NUMBER OF DAYS WITH
THUNDERSTORM              1     MIXED PRECIP               0
HEAVY RAIN                1     RAIN                       0
LIGHT RAIN                2     FREEZING RAIN              0
LT FREEZING RAIN          1     HAIL                       0
HEAVY SNOW                1     SNOW                       2
LIGHT SNOW                4     SLEET                      0
FOG                       7     FOG W/VIS <= 1/4 MILE      5
HAZE                      3

-  INDICATES NEGATIVE NUMBERS.
R  INDICATES RECORD WAS SET OR TIED.
MM INDICATES DATA IS MISSING.
T  INDICATES TRACE AMOUNT.

$$
