000
CXUS55 KRIW 011843
CLMGEY


CLIMATE REPORT
NATIONAL WEATHER SERVICE RIVERTON WY
1243 PM MDT WED JUL 1 2015

...................................

...THE GREYBULL WY CLIMATE SUMMARY FOR THE MONTH OF JUNE 2015...

CLIMATE NORMAL PERIOD 1981 TO 2010
CLIMATE RECORD PERIOD 1998 TO 2015

WEATHER         OBSERVED          NORMAL  DEPART
                 VALUE   DATE(S)  VALUE   FROM
                                          NORMAL
................................................
TEMPERATURE (F)
RECORD
 HIGH             105   06/24/2012
                        06/29/2002
 LOW               32   06/07/2009
HIGHEST           101   06/28
                        06/27
LOWEST             49   06/02
AVG. MAXIMUM     88.1              80.9     7.2
AVG. MINIMUM     57.9              51.5     6.4
MEAN             73.0              66.2     6.8
DAYS MAX >= 90     13
DAYS MAX <= 32      0
DAYS MIN <= 32      0
DAYS MIN <= 0       0

PRECIPITATION (INCHES)
RECORD
 MAXIMUM         2.42   2009
 MINIMUM         0.12   2012
TOTALS           0.25              1.20   -0.95
DAILY AVG.       0.01              0.04   -0.03
DAYS >= .01         4
DAYS >= .10         2
DAYS >= .50         0
DAYS >= 1.00        0
GREATEST
 24 HR. TOTAL    0.16   05/31 TO 06/01

DEGREE_DAYS
HEATING TOTAL       0                70     -70
 SINCE 7/1       7119              7750    -631
COOLING TOTAL     245               106     139
 SINCE 1/1        250               126     124
.................................................

WIND (MPH)
AVERAGE WIND SPEED              8.1
HIGHEST WIND SPEED/DIRECTION    45/330    DATE  06/10
HIGHEST GUST SPEED/DIRECTION    55/320    DATE  06/10

SKY COVER
POSSIBLE SUNSHINE (PERCENT)   MM
AVERAGE SKY COVER           0.10
NUMBER OF DAYS FAIR           27
NUMBER OF DAYS PC              3
NUMBER OF DAYS CLOUDY          0

AVERAGE RH (PERCENT)     47

WEATHER CONDITIONS. NUMBER OF DAYS WITH
THUNDERSTORM              0     MIXED PRECIP               0
HEAVY RAIN                0     RAIN                       2
LIGHT RAIN                9     FREEZING RAIN              0
LT FREEZING RAIN          0     HAIL                       0
HEAVY SNOW                0     SNOW                       0
LIGHT SNOW                0     SLEET                      0
FOG                       1     FOG W/VIS <= 1/4 MILE      0
HAZE                      0

-  INDICATES NEGATIVE NUMBERS.
R  INDICATES RECORD WAS SET OR TIED.
MM INDICATES DATA IS MISSING.
T  INDICATES TRACE AMOUNT.

$$
