000
CXUS55 KMSO 011304
CLMGPI


CLIMATE REPORT
NATIONAL WEATHER SERVICE MISSOULA, MT
704 AM MDT MON MAY 1 2017

...................................

...THE KALISPELL MT CLIMATE SUMMARY FOR THE MONTH OF APRIL 2017...

CLIMATE NORMAL PERIOD 1981 TO 2010
CLIMATE RECORD PERIOD 1894 TO 2017

WEATHER         OBSERVED          NORMAL  DEPART  LAST YEAR`S
                 VALUE   DATE(S)  VALUE   FROM    VALUE
                                          NORMAL
.............................................................
TEMPERATURE (F)
RECORD
 HIGH              85   04/18/1936
 LOW               -8   04/01/1936
HIGHEST            62   04/22        MM      MM       79
LOWEST             21   04/10        MM      MM       24
                        04/01
AVG. MAXIMUM     52.5              56.1    -3.6     64.1
AVG. MINIMUM     31.6              31.2     0.4     34.4
MEAN             42.0              43.6    -1.6
DAYS MAX >= 90      0               0.0     0.0        0
DAYS MAX <= 32      0               0.0     0.0        0
DAYS MIN <= 32     16              17.3    -1.3       13
DAYS MIN <= 0       0               0.0     0.0        0

PRECIPITATION (INCHES)
RECORD
 MAXIMUM         2.37   1978
 MINIMUM         0.01   1924
TOTALS           2.36              1.24    1.12
DAILY AVG.       0.08              0.04    0.04     0.05
DAYS >= .01        19              10.7     8.3        7
DAYS >= .10         9               4.0     5.0        4
DAYS >= .50         0               0.3    -0.3        1
DAYS >= 1.00        0               0.0     0.0        0
GREATEST
 24 HR. TOTAL    0.39   04/25 TO 04/26              0.80

SNOWFALL (INCHES)
TOTALS              T               2.2    -2.2        T
SINCE 7/1        89.8              55.2    34.6     41.4
DAYS >= TRACE       3               2.7     0.3        1
DAYS >= 1.0         0               0.8    -0.8        0
GREATEST
 SNOW DEPTH         0   MM
 24 HR TOTAL        T   04/10 TO 04/10                 T

DEGREE_DAYS
HEATING TOTAL     684               640      44
 SINCE 7/1       7764              7411     353
COOLING TOTAL       0                 0       0
 SINCE 1/1          0                 0       0
..............................................................

WIND (MPH)
AVERAGE WIND SPEED              6.0
HIGHEST WIND SPEED/DIRECTION    29/260    DATE  04/07
HIGHEST GUST SPEED/DIRECTION    41/240    DATE  04/18

SKY COVER
POSSIBLE SUNSHINE (PERCENT)   MM
AVERAGE SKY COVER           0.70
NUMBER OF DAYS FAIR            4
NUMBER OF DAYS PC             14
NUMBER OF DAYS CLOUDY         12

AVERAGE RH (PERCENT)     73

WEATHER CONDITIONS. NUMBER OF DAYS WITH
THUNDERSTORM              0     MIXED PRECIP               0
HEAVY RAIN                3     RAIN                       6
LIGHT RAIN               21     FREEZING RAIN              0
LT FREEZING RAIN          0     HAIL                       0
HEAVY SNOW                0     SNOW                       0
LIGHT SNOW                3     SLEET                      0
FOG                      18     FOG W/VIS <= 1/4 MILE      2
HAZE                      2

-  INDICATES NEGATIVE NUMBERS.
R  INDICATES RECORD WAS SET OR TIED.
MM INDICATES DATA IS MISSING.
T  INDICATES TRACE AMOUNT.

$$
