000
CXUS53 KGID 011919 CCA
CLMGRI

CLIMATE REPORT
NATIONAL WEATHER SERVICE HASTINGS NE
823 AM CDT SUN MAY 1 2016

...................................

...THE GRAND ISLAND NE CLIMATE SUMMARY FOR THE MONTH OF APRIL 2016...

CLIMATE NORMAL PERIOD 1981 TO 2010
CLIMATE RECORD PERIOD 1895 TO 2016

WEATHER         OBSERVED          NORMAL  DEPART  LAST YEAR`S
                 VALUE   DATE(S)  VALUE   FROM    VALUE  DATE(S)
                                          NORMAL
................................................................
TEMPERATURE (F)
RECORD
 HIGH              98   04/20/1902
 LOW                    04/02/1936
HIGHEST            81   04/03        86      -5       87  04/01
LOWEST             27   04/09        22       5       27  04/22
                        04/08
AVG. MAXIMUM     64.4              63.2     1.2     64.8
AVG. MINIMUM     40.4              37.9     2.5     39.8
MEAN             52.4              50.6     1.8     52.3
DAYS MAX >= 90      0               0.5    -0.5        0
DAYS MAX <= 32      0               0.1    -0.1        0
DAYS MIN <= 32      6               7.4    -1.4        2
DAYS MIN <= 0       0               0.0     0.0        0

PRECIPITATION (INCHES)
RECORD
 MAXIMUM         9.43   1896
 MINIMUM         0.09   1989
TOTALS           5.05              2.53    2.52     2.14
DAILY AVG.       0.17              0.08    0.09     0.07
DAYS >= .01        10               8.4     1.6        8
DAYS >= .10         8               4.5     3.5        5
DAYS >= .50         4               1.7     2.3        1
DAYS >= 1.00        1               0.6     0.4        0
GREATEST
 24 HR. TOTAL    2.00   04/16 TO 04/17

SNOWFALL (INCHES)
RECORDS
 TOTAL           12.0   1913
TOTALS            0.0               1.5    -1.5      0.8
SINCE 7/1        33.8              29.0     4.8     24.3
SNOWDEPTH AVG.      0                MM      MM        0
DAYS >= 1.0         0               0.4    -0.4        0
GREATEST
 SNOW DEPTH         0   MM                             0  MM

DEGREE_DAYS
HEATING TOTAL     370               445     -75      378
 SINCE 7/1       4955              6002   -1047     5763
COOLING TOTAL       0                11     -11        4
 SINCE 1/1          0                11     -11        4
.................................................................

WIND (MPH)
AVERAGE WIND SPEED              14.5
HIGHEST WIND SPEED/DIRECTION    46/320    DATE  04/07
HIGHEST GUST SPEED/DIRECTION    55/350    DATE  04/07

SKY COVER
POSSIBLE SUNSHINE (PERCENT)   MM
NUMBER OF DAYS FAIR           19
NUMBER OF DAYS PC              3
NUMBER OF DAYS CLOUDY          8

AVERAGE RH (PERCENT)     62

WEATHER CONDITIONS. NUMBER OF DAYS WITH
THUNDERSTORM              5     MIXED PRECIP               0
HEAVY RAIN                5     RAIN                       6
LIGHT RAIN               11     FREEZING RAIN              0
LT FREEZING RAIN          0     HAIL                       0
HEAVY SNOW                0     SNOW                       0
LIGHT SNOW                0     SLEET                      0
FOG                      10     FOG W/VIS <= 1/4 MILE      0
HAZE                      2

-  INDICATES NEGATIVE NUMBERS.
R  INDICATES RECORD WAS SET OR TIED.
MM INDICATES DATA IS MISSING.
T  INDICATES TRACE AMOUNT.

$$
