000
CXUS52 KGSP 011313
CLMGSP

CLIMATE REPORT
NATIONAL WEATHER SERVICE GREENVILLE-SPARTANBURG SC
808 AM EST SUN MAR 1 2015

...................................

...THE GREENVILLE-SPARTANBURG CLIMATE SUMMARY FOR THE MONTH OF FEBRUARY 2015...

CLIMATE NORMAL PERIOD 1981 TO 2010
CLIMATE RECORD PERIOD 1884 TO 2015

WEATHER         OBSERVED          NORMAL  DEPART  LAST YEAR`S
                 VALUE   DATE(S)  VALUE   FROM    VALUE  DATE(S)
                                          NORMAL
................................................................
TEMPERATURE (F)
RECORD
 HIGH              81   02/27/1996
 LOW               -5   02/14/1899
HIGHEST            68   02/08        MM      MM       75  02/20
                                                          02/19
LOWEST              9   02/20        MM      MM       25  02/12
AVG. MAXIMUM     48.8              56.6    -7.8     58.0
AVG. MINIMUM     28.2              34.9    -6.7     35.1
MEAN             38.5              45.7    -7.2     46.5
DAYS MAX >= 90      0               0.0     0.0        0
DAYS MAX <= 32      1               0.1     0.9        1
DAYS MIN <= 32     21              10.6    10.4       13
DAYS MIN <= 0       0               0.0     0.0        0

PRECIPITATION (INCHES)
RECORD
 MAXIMUM        11.59   1903
 MINIMUM         0.53   1978
TOTALS           3.46              3.97   -0.51     3.08
DAILY AVG.       0.12              0.14   -0.02     0.11
DAYS >= .01        11               9.2     1.8       10
DAYS >= .10         8               6.3     1.7        6
DAYS >= .50         2               2.6    -0.6        2
DAYS >= 1.00        0               0.9    -0.9        1
GREATEST
 24 HR. TOTAL    1.02   02/16 TO 02/17           02/21 TO 02/21
                                                          02/20 TO 02/21
                                                          02/21 TO 02/21
 STORM TOTAL       MM                                 MM
 (MM/DD(HH))            MM                    02/21(00) TO 02/21(00)
                                                 02/21(00) TO 02/21(00)1
                                                 02/21(00) TO 02/21(00)1

SNOWFALL (INCHES)
RECORDS
 TOTAL           15.3   1902
 24 HR TOTAL      8.2   02/18/1979 TO 02/18/1979
 SNOW DEPTH        MM   MM
TOTALS            3.7               1.0     2.7      6.3
 LIQUID EQUIV    0.37              0.10    0.27     0.63
SINCE 7/1         3.7               3.8    -0.1      7.2
 LIQUID 7/1      0.37              0.40   -0.03     0.72
SNOWDEPTH AVG.      0                MM      MM        0
DAYS >= TRACE       7               0.7     6.3        4
DAYS >= 1.0         3               0.3     2.7        2
GREATEST
 SNOW DEPTH         2   02/26                          4  02/13
 24 HR TOTAL      1.7   02/25 TO 02/26           02/21 TO 02/21
                                                          02/21 TO 02/21
                                                          02/21 TO 02/21
 STORM TOTAL       MM                                 MM
 (MM/DD(HH))            MM                    02/21(00) TO 02/21(00)
                                                 02/21(00) TO 02/21(00)1
                                                 02/21(00) TO 02/21(00)1

DEGREE_DAYS
HEATING TOTAL     736               539     197      508
 SINCE 7/1       2614              2449     165     2559
COOLING TOTAL       0                 0       0        0
 SINCE 1/1          0                 0       0        0

FREEZE DATES
RECORD
 EARLIEST     MM
 LATEST       MM
EARLIEST                        MM
LATEST                          MM
..................................................

WIND (MPH)
AVERAGE WIND SPEED              6.9
HIGHEST WIND SPEED/DIRECTION    33/280    DATE  02/14
HIGHEST GUST SPEED/DIRECTION    46/270    DATE  02/14

SKY COVER
POSSIBLE SUNSHINE (PERCENT)   MM
AVERAGE SKY COVER           0.40
NUMBER OF DAYS FAIR           14
NUMBER OF DAYS PC              6
NUMBER OF DAYS CLOUDY          8

AVERAGE RH (PERCENT)     58

WEATHER CONDITIONS. NUMBER OF DAYS WITH
THUNDERSTORM              0     MIXED PRECIP               0
HEAVY RAIN                1     RAIN                       3
LIGHT RAIN                9     FREEZING RAIN              2
LT FREEZING RAIN          2     HAIL                       0
HEAVY SNOW                0     SNOW                       2
LIGHT SNOW                5     SLEET                      5
FOG                      11     FOG W/VIS <= 1/4 MILE      0
HAZE                      1

-  INDICATES NEGATIVE NUMBERS.
R  INDICATES RECORD WAS SET OR TIED.
MM INDICATES DATA IS MISSING.
T  INDICATES TRACE AMOUNT.

$$
JPT
