000
CXUS54 KJAN 011850
CLMGWO


CLIMATE REPORT
NATIONAL WEATHER SERVICE JACKSON MS
149 PM CDT MON AUG 1 2016

...................................

...THE GREENWOOD CLIMATE SUMMARY FOR THE MONTH OF JULY 2016...

CLIMATE NORMAL PERIOD 1981 TO 2010
CLIMATE RECORD PERIOD 1948 TO 2016

WEATHER         OBSERVED          NORMAL  DEPART  LAST YEAR`S
                 VALUE   DATE(S)  VALUE   FROM    VALUE  DATE(S)
                                          NORMAL
................................................................
TEMPERATURE (F)
RECORD
 HIGH             105   07/30/1986
                        07/16/1980
 LOW               53   07/15/1967
HIGHEST            98   07/22        MM      MM       99  07/20
                        07/21
LOWEST             66   07/01        MM      MM       65  07/31
AVG. MAXIMUM     93.0              91.8     1.2     93.1
AVG. MINIMUM     73.1              70.8     2.3     72.9
MEAN             83.0              81.3     1.7     83.0
DAYS MAX >= 90     29              21.8     7.2       25
DAYS MAX <= 32      0               0.0     0.0        0
DAYS MIN <= 32      0               0.0     0.0        0
DAYS MIN <= 0       0               0.0     0.0        0

PRECIPITATION (INCHES)
RECORD
 MAXIMUM        11.12   1963
 MINIMUM         0.47   2000
TOTALS           3.32              3.60   -0.28     2.08
DAILY AVG.       0.11              0.12   -0.01     0.07
DAYS >= .01         9               8.5     0.5        6
DAYS >= .10         7               5.8     1.2        5
DAYS >= .50         4               2.5     1.5        1
DAYS >= 1.00        0               1.1    -1.1        0
GREATEST
 24 HR. TOTAL    0.71   07/29 TO 07/30              1.13

SNOWFALL (INCHES)
TOTALS            0.0

DEGREE_DAYS
HEATING TOTAL       0                 0       0        0
 SINCE 7/1          0                 0       0        0
COOLING TOTAL     567               505      62      564
 SINCE 1/1       1369              1248     121     1366
.................................................................

WIND (MPH)
AVERAGE WIND SPEED              4.9
HIGHEST WIND SPEED/DIRECTION    30/150    DATE  07/10
HIGHEST GUST SPEED/DIRECTION    41/160    DATE  07/10

SKY COVER
POSSIBLE SUNSHINE (PERCENT)   MM
AVERAGE SKY COVER           0.20
NUMBER OF DAYS FAIR           27
NUMBER OF DAYS PC              3
NUMBER OF DAYS CLOUDY          1

AVERAGE RH (PERCENT)     72

WEATHER CONDITIONS. NUMBER OF DAYS WITH
THUNDERSTORM             15     MIXED PRECIP               0
HEAVY RAIN                8     RAIN                       8
LIGHT RAIN               13     FREEZING RAIN              0
LT FREEZING RAIN          0     HAIL                       0
HEAVY SNOW                0     SNOW                       0
LIGHT SNOW                0     SLEET                      0
FOG                      13     FOG W/VIS <= 1/4 MILE      0
HAZE                      4

-  INDICATES NEGATIVE NUMBERS.
R  INDICATES RECORD WAS SET OR TIED.
MM INDICATES DATA IS MISSING.
T  INDICATES TRACE AMOUNT.

$$
