390
CXUS54 KJAN 011447
CLMHBG


CLIMATE REPORT
NATIONAL WEATHER SERVICE JACKSON MS
945 AM CDT FRI MAY 1 2015

...................................

...THE HATTIESBURG CLIMATE SUMMARY FOR THE MONTH OF APRIL 2015...

CLIMATE NORMAL PERIOD 1981 TO 2010
CLIMATE RECORD PERIOD 1948 TO 2015

WEATHER         OBSERVED          NORMAL  DEPART  LAST YEAR`S
                 VALUE   DATE(S)  VALUE   FROM    VALUE  DATE(S)
                                          NORMAL
................................................................
TEMPERATURE (F)
RECORD
 HIGH              94   04/29/1955
 LOW               31   04/04/1987
                        04/11/1973
                        04/07/1950
HIGHEST            88   04/26        MM      MM       89  04/28
LOWEST             42   04/05        MM      MM       35  04/16
AVG. MAXIMUM     80.1              78.0     2.1     77.8
AVG. MINIMUM     60.5              52.6     7.9     53.7
MEAN             70.3              65.3     5.0     65.8
DAYS MAX >= 90      0               0.4    -0.4        0
DAYS MAX <= 32      0               0.0     0.0        0
DAYS MIN <= 32      0               0.3    -0.3        0
DAYS MIN <= 0       0               0.0     0.0        0

PRECIPITATION (INCHES)
RECORD
 MAXIMUM        17.50   1983
 MINIMUM         0.63   1999
TOTALS           3.37              4.93   -1.56     6.24
DAILY AVG.       0.11              0.16   -0.05     0.21
DAYS >= .01        12                MM      MM       12
DAYS >= .10         8                MM      MM        8
DAYS >= .50         3                MM      MM        5
DAYS >= 1.00        0                MM      MM        2
GREATEST
 24 HR. TOTAL    0.84   04/13 TO 04/14              2.08

SNOWFALL (INCHES)
TOTALS            0.0
SINCE 7/1           T
DAYS >= TRACE       0
DAYS >= 1.0         0
GREATEST
 24 HR TOTAL      0.0   04/30 TO 04/30

DEGREE_DAYS
HEATING TOTAL      14                83     -69       70
 SINCE 7/1       1911              1978     -67     2265
COOLING TOTAL     181                92      89       99
 SINCE 1/1        279               140     139      125
.................................................................

WIND (MPH)
AVERAGE WIND SPEED              5.4
HIGHEST WIND SPEED/DIRECTION    23/170    DATE  04/02
HIGHEST GUST SPEED/DIRECTION    30/280    DATE  04/25

SKY COVER
POSSIBLE SUNSHINE (PERCENT)   MM
AVERAGE SKY COVER           0.50
NUMBER OF DAYS FAIR           12
NUMBER OF DAYS PC             11
NUMBER OF DAYS CLOUDY          7

AVERAGE RH (PERCENT)     73

WEATHER CONDITIONS. NUMBER OF DAYS WITH
THUNDERSTORM              7     MIXED PRECIP               0
HEAVY RAIN                6     RAIN                       8
LIGHT RAIN               19     FREEZING RAIN              0
LT FREEZING RAIN          0     HAIL                       0
HEAVY SNOW                0     SNOW                       0
LIGHT SNOW                0     SLEET                      0
FOG                      18     FOG W/VIS <= 1/4 MILE      5
HAZE                      1

-  INDICATES NEGATIVE NUMBERS.
R  INDICATES RECORD WAS SET OR TIED.
MM INDICATES DATA IS MISSING.
T  INDICATES TRACE AMOUNT.

$$
