000
CXUS54 KJAN 011628
CLMHBG


CLIMATE REPORT
NATIONAL WEATHER SERVICE JACKSON MS
1027 AM CST FRI DEC 1 2017

...................................

...THE HATTIESBURG CLIMATE SUMMARY FOR THE MONTH OF NOVEMBER 2017...

CLIMATE NORMAL PERIOD 1981 TO 2010
CLIMATE RECORD PERIOD 1948 TO 2017

WEATHER         OBSERVED          NORMAL  DEPART  LAST YEAR`S
                 VALUE   DATE(S)  VALUE   FROM    VALUE  DATE(S)
                                          NORMAL
................................................................
TEMPERATURE (F)
RECORD
 HIGH              87   11/04/2016
                        11/06/2005
                        11/16/1964
 LOW               18   11/25/1950
                        11/12/1950
HIGHEST            85   11/03        MM      MM       87  11/04
LOWEST             30   11/24        MM      MM       28  11/27
                                                          11/22
                                                          11/21
AVG. MAXIMUM     71.7              70.0     1.7     75.7
AVG. MINIMUM     46.3              45.0     1.3     44.2
MEAN             59.0              57.5     1.5     59.9
DAYS MAX >= 90      0               0.0     0.0        0
DAYS MAX <= 32      0               0.0     0.0        0
DAYS MIN <= 32      3               2.5     0.5        5
DAYS MIN <= 0       0               0.0     0.0        0

PRECIPITATION (INCHES)
RECORD
 MAXIMUM        15.15   1948
 MINIMUM         0.37   1949
TOTALS           1.00              4.27   -3.27     1.65
DAILY AVG.       0.03              0.14   -0.11     0.05
DAYS >= .01         6                MM      MM        5
DAYS >= .10         4                MM      MM        2
DAYS >= .50         0                MM      MM        1
DAYS >= 1.00        0                MM      MM        1
GREATEST
 24 HR. TOTAL    0.42   11/30 TO 11/30              1.25

SNOWFALL (INCHES)
TOTALS            0.0
SINCE 7/1         0.0
DAYS >= TRACE       0
DAYS >= 1.0         0
GREATEST
 24 HR TOTAL      0.0   11/30 TO 11/30

DEGREE_DAYS
HEATING TOTAL     221               253     -32      177
 SINCE 7/1        305               328     -23      196
COOLING TOTAL      50                28      22       32
 SINCE 1/1       2544              2390     154     2810
.................................................................

WIND (MPH)
AVERAGE WIND SPEED              3.4
HIGHEST WIND SPEED/DIRECTION    25/320    DATE  11/18
HIGHEST GUST SPEED/DIRECTION    33/330    DATE  11/18

SKY COVER
POSSIBLE SUNSHINE (PERCENT)   MM
AVERAGE SKY COVER           0.30
NUMBER OF DAYS FAIR           16
NUMBER OF DAYS PC             12
NUMBER OF DAYS CLOUDY          2

AVERAGE RH (PERCENT)     76

WEATHER CONDITIONS. NUMBER OF DAYS WITH
THUNDERSTORM              0     MIXED PRECIP               0
HEAVY RAIN                2     RAIN                       6
LIGHT RAIN                5     FREEZING RAIN              0
LT FREEZING RAIN          0     HAIL                       0
HEAVY SNOW                0     SNOW                       0
LIGHT SNOW                0     SLEET                      0
FOG                      20     FOG W/VIS <= 1/4 MILE      6
HAZE                      4

-  INDICATES NEGATIVE NUMBERS.
R  INDICATES RECORD WAS SET OR TIED.
MM INDICATES DATA IS MISSING.
T  INDICATES TRACE AMOUNT.

$$
