000
CXUS53 KGLD 031843
CLMHLC

CLIMATE REPORT
NATIONAL WEATHER SERVICE GOODLAND
1140 AM MST MON NOV 3 2014

...................................

...THE HILL CITY CLIMATE SUMMARY FOR THE MONTH OF OCTOBER 2014...

CLIMATE NORMAL PERIOD 1981 TO 2010
CLIMATE RECORD PERIOD 1896 TO 2014

WEATHER         OBSERVED          NORMAL  DEPART  LAST YEAR`S
                 VALUE   DATE(S)  VALUE   FROM    VALUE  DATE(S)
                                          NORMAL
................................................................
TEMPERATURE (F)
RECORD
 HIGH             101   10/05/1947
 LOW                3   10/27/1997
HIGHEST            89   10/24        90      -1       86  10/10
LOWEST             27   10/29        23       4       29  10/21
AVG. MAXIMUM     72.9              68.1     4.8     67.8
AVG. MINIMUM     41.7              39.9     1.8     39.2
MEAN             57.3              54.0     3.3     53.5
DAYS MAX >= 90      0               1.0    -1.0        0
DAYS MAX <= 32      0               0.2    -0.2        0
DAYS MIN <= 32      6               5.8     0.2        7
DAYS MIN <= 0       0               0.0     0.0        0

PRECIPITATION (INCHES)
RECORD
 MAXIMUM           MM   MM
 MINIMUM           MM   MM
TOTALS           0.83              1.52   -0.69     1.06
DAILY AVG.       0.03              0.05   -0.02     0.03
DAYS >= .01         5                MM      MM        6
DAYS >= .10         4                MM      MM        4
DAYS >= .50         0                MM      MM        0
DAYS >= 1.00        0                MM      MM        0
GREATEST
 24 HR. TOTAL    0.47   10/09 TO 10/10              0.34
 STORM TOTAL       MM
 (MM/DD(HH))            MM

.................................................................



-  INDICATES NEGATIVE NUMBERS.
R  INDICATES RECORD WAS SET OR TIED.
MM INDICATES DATA IS MISSING.
T  INDICATES TRACE AMOUNT.

$$
