000
CXUS53 KGLD 022005
CLMHLC

CLIMATE REPORT
NATIONAL WEATHER SERVICE GOODLAND
1250 PM MST TUE FEB 2 2016

...................................

...THE HILL CITY CLIMATE SUMMARY FOR THE MONTH OF JANUARY 2016...

CLIMATE NORMAL PERIOD 1981 TO 2010
CLIMATE RECORD PERIOD 1896 TO 2016

WEATHER         OBSERVED          NORMAL  DEPART  LAST YEAR`S
                 VALUE   DATE(S)  VALUE   FROM    VALUE  DATE(S)
                                          NORMAL
................................................................
TEMPERATURE (F)
RECORD
 HIGH              83   01/27/2015
 LOW              -24   01/12/1912
HIGHEST            65   01/29        67      -2       83  01/27
                        01/28
LOWEST              2   01/10        -2       4        1  01/05
                                                          01/04
AVG. MAXIMUM     44.5              41.8     2.7     45.7
AVG. MINIMUM     21.2              16.8     4.4     18.2
MEAN             32.8              29.3     3.5     31.9
DAYS MAX >= 90      0               0.0     0.0        0
DAYS MAX <= 32      5               8.8    -3.8        9
DAYS MIN <= 32     28              30.0    -2.0       29
DAYS MIN <= 0       0               1.9    -1.9        0

PRECIPITATION (INCHES)
RECORD
 MAXIMUM         0.37   2007
 MINIMUM         0.00   1997
TOTALS           0.28              0.45   -0.17     0.23
DAILY AVG.       0.01              0.02   -0.01     0.01
DAYS >= .01         3               3.5    -0.5        4
DAYS >= .10         2               1.6     0.4        1
DAYS >= .50         0               0.3    -0.3        0
DAYS >= 1.00        0               0.0     0.0        0
GREATEST
 24 HR. TOTAL    0.16   01/06 TO 01/07              0.16 01/30 TO 01/31


.................................................................



-  INDICATES NEGATIVE NUMBERS.
R  INDICATES RECORD WAS SET OR TIED.
MM INDICATES DATA IS MISSING.
T  INDICATES TRACE AMOUNT.

$$
