000
CXUS55 KTFX 011737
CLMHLN


CLIMATE REPORT
NATIONAL WEATHER SERVICE GREAT FALLS MT
1031 AM MST MON FEB 1 2016

...................................

...THE HELENA MT CLIMATE SUMMARY FOR THE MONTH OF JANUARY 2016...

CLIMATE NORMAL PERIOD 1981 TO 2010
CLIMATE RECORD PERIOD 1866 TO 2016

WEATHER         OBSERVED          NORMAL  DEPART  LAST YEAR`S
                 VALUE   DATE(S)  VALUE   FROM    VALUE  DATE(S)
                                          NORMAL
................................................................
TEMPERATURE (F)
RECORD
 HIGH              63   01/25/2015
                        01/07/1902
                        02/27/1932
 LOW              -42   01/25/1957
                        01/31/1893
HIGHEST            49   01/28        33      16       63  01/25
LOWEST             -6   01/03         9     -15       -5  01/09
                        01/02
AVG. MAXIMUM     32.2              33.3    -1.1     33.5
AVG. MINIMUM     15.6              13.0     2.6     15.4
MEAN             23.9              23.1     0.8     24.4
DAYS MAX >= 90      0               0.0     0.0        0
DAYS MAX <= 32     12              11.8     0.2       15
DAYS MIN <= 32     31              29.0     2.0       28
DAYS MIN <= 0       4               6.3    -2.3        4

PRECIPITATION (INCHES)
RECORD
 MAXIMUM         3.75   1884
 MINIMUM            T   1987
TOTALS           0.31              0.36   -0.05     0.64
DAYS >= .01         5               6.2    -1.2
DAYS >= .10         2               1.1     0.9
DAYS >= .50         0               0.0     0.0
DAYS >= 1.00        0               0.0     0.0
GREATEST
 24 HR. TOTAL    0.15   01/07 TO 01/07

SNOWFALL (INCHES)
RECORDS
 TOTAL             MM   5
 24 HR TOTAL       MM
TOTALS            3.7               6.2    -2.5      7.4
SINCE 7/1        14.8              22.3    -7.5
SNOWDEPTH AVG.      4
DAYS >= TRACE      10               5.6     4.4
DAYS >= 1.0         2               2.2    -0.2
GREATEST
 SNOW DEPTH         6   01/17
                        01/16
                        01/09
 24 HR TOTAL      2.0   01/07 TO 01/07

DEGREE_DAYS
HEATING TOTAL    1266              1297     -31     1248
 SINCE 7/1       4161              4518    -357     4158
COOLING TOTAL       0                 0       0        0
 SINCE 1/1          0                 0       0        0
.................................................................

WIND (MPH)
AVERAGE WIND SPEED              4.1
HIGHEST WIND SPEED/DIRECTION    33/270    DATE  01/29
HIGHEST GUST SPEED/DIRECTION    47/250    DATE  01/30

SKY COVER
AVERAGE SKY COVER           0.50

AVERAGE RH (PERCENT)     72

WEATHER CONDITIONS. NUMBER OF DAYS WITH
THUNDERSTORM              0     MIXED PRECIP               0
HEAVY RAIN                0     RAIN                       0
LIGHT RAIN                3     FREEZING RAIN              0
LT FREEZING RAIN          1     HAIL                       0
HEAVY SNOW                0     SNOW                       2
LIGHT SNOW               10     SLEET                      0
FOG                      17     FOG W/VIS <= 1/4 MILE      5
HAZE                     14

-  INDICATES NEGATIVE NUMBERS.
R  INDICATES RECORD WAS SET OR TIED.
MM INDICATES DATA IS MISSING.
T  INDICATES TRACE AMOUNT.

&&

SUMMARY...THE COLDER THAN NORMAL AIR THAT GOT TRAPPED IN THE VALLEYS OF
SOUTHWEST MONTANA LATE IN DECEMBER DIDN`T BEGIN TO SCOUR OUT UNTIL
ABOUT MID TO LATE-JANUARY. FROM THEN ON...TEMPERATURES REMAINED NEAR
TO ABOVE NORMAL AT THE HELENA REGIONAL AIRPORT...EVEN REACHING CLOSE
TO 50 DEGREES LATE IN THE MONTH. SEVERAL AREAS IN SOUTHWEST MONTANA
ENDED UP COLDER THAN NORMAL FOR THE MONTH...BUT AT THE HELENA
AIRPORT TEMPERATURES ACTUALLY ENDED UP JUST ABOVE NORMAL.
PRECIPITATION AND SNOWFALL WERE BOTH NEAR TO BELOW NORMAL.
OFFICIALLY...HELENA ENDED UP 2.5 INCHES BELOW NORMAL ON SNOWFALL.
DESPITE THAT...SNOW REMAINED ON THE GROUND AT THE AIRPORT THE ENTIRE
MONTH AND HAS YET TO FULLY MELT OFF. AS OF JAN 31...THE STREAK OF
DAYS WITH 1 INCH OR MORE OF SNOW ON THE GROUND WAS AT 49 DAYS WHICH
IS THE LONGEST STREAK SINCE THE WINTER OF 2009-10.

$$
