000
CXHW50 PHFO 070501
CLMHNL


CLIMATE REPORT
NATIONAL WEATHER SERVICE HONOLULU HI
701 PM HST SAT AUG 6 2016

...................................

...THE HONOLULU HI CLIMATE SUMMARY FOR THE MONTH OF JULY 2016...

CLIMATE NORMAL PERIOD 1981 TO 2010
CLIMATE RECORD PERIOD 1946 TO 2016

WEATHER         OBSERVED          NORMAL  DEPART  LAST YEAR`S
                 VALUE   DATE(S)  VALUE   FROM    VALUE  DATE(S)
                                          NORMAL
................................................................
TEMPERATURE (F)
RECORD
 HIGH              94   07/15/1995
 LOW               66   07/07/1990
                        07/06/1990
                        07/23/1955
HIGHEST            91   07/14        88       3       MM  MM
LOWEST             69   07/26        74      -5       MM  MM
AVG. MAXIMUM     87.0              87.9    -0.9       MM
AVG. MINIMUM     75.2              74.5     0.7       MM
MEAN             81.1              81.2    -0.1       MM
DAYS MAX >= 90      2               2.8    -0.8       MM
DAYS MAX <= 32      0               0.0     0.0       MM
DAYS MIN <= 32      0               0.0     0.0       MM
DAYS MIN <= 0       0               0.0     0.0       MM

PRECIPITATION (INCHES)
RECORD
 MAXIMUM         2.71   2016
 MINIMUM         0.03   1950
TOTALS           2.71              0.51    2.20       MM
DAILY AVG.       0.09              0.02    0.07       MM
DAYS >= .01        12               7.1     4.9       MM
DAYS >= .10         6               1.0     5.0       MM
DAYS >= .50         1               0.1     0.9       MM
DAYS >= 1.00        1               0.1     0.9       MM
GREATEST
 24 HR. TOTAL    1.67   07/24 TO 07/25                MM

SNOWFALL (INCHES)
RECORDS
 TOTAL             MM   5
TOTALS            0.0               0.0     0.0       MM
SINCE 7/1         0.0               0.0     0.0       MM
SNOWDEPTH AVG.      0                MM      MM       MM
DAYS >= 1.0         0               0.0     0.0       MM
GREATEST
 SNOW DEPTH         0   MM                            MM  MM
 24 HR TOTAL      0.0   07/31 TO 07/31                MM

DEGREE_DAYS
HEATING TOTAL       0                 0       0       MM
 SINCE 7/1          0                 0       0       MM
COOLING TOTAL     505               502       3       MM
 SINCE 1/1       2649              2460     189       MM
.................................................................

WIND (MPH)
AVERAGE WIND SPEED              11.5
HIGHEST WIND SPEED/DIRECTION    29/080    DATE  07/28
HIGHEST GUST SPEED/DIRECTION    38/040    DATE  07/22

SKY COVER
POSSIBLE SUNSHINE (PERCENT)   MM
AVERAGE SKY COVER           0.50
NUMBER OF DAYS FAIR            1
NUMBER OF DAYS PC             29
NUMBER OF DAYS CLOUDY          1

AVERAGE RH (PERCENT)     66

WEATHER CONDITIONS. NUMBER OF DAYS WITH
THUNDERSTORM              0     MIXED PRECIP               0
HEAVY RAIN                4     RAIN                       6
LIGHT RAIN               20     FREEZING RAIN              0
LT FREEZING RAIN          0     HAIL                       0
HEAVY SNOW                0     SNOW                       0
LIGHT SNOW                0     SLEET                      0
FOG                      10     FOG W/VIS <= 1/4 MILE      0
HAZE                      2

-  INDICATES NEGATIVE NUMBERS.
R  INDICATES RECORD WAS SET OR TIED.
MM INDICATES DATA IS MISSING.
T  INDICATES TRACE AMOUNT.

$$
