000
CXHW50 PHFO 011625
CLMHNL


CLIMATE REPORT
NATIONAL WEATHER SERVICE HONOLULU HI
625 AM HST TUE APR 1 2014

...................................

...THE HONOLULU HI CLIMATE SUMMARY FOR THE MONTH OF MARCH 2014...

CLIMATE NORMAL PERIOD 1981 TO 2010
CLIMATE RECORD PERIOD 1946 TO 2014

WEATHER         OBSERVED          NORMAL  DEPART  LAST YEAR`S
                 VALUE   DATE(S)  VALUE   FROM    VALUE  DATE(S)
                                          NORMAL
................................................................
TEMPERATURE (F)
RECORD
 HIGH              89   03/17/1960
 LOW               55   03/13/1976
                        03/12/1976
                        03/17/1955
HIGHEST            85   03/25        82       3       82  03/30
                                                          03/09
                                                          03/06
LOWEST             65   03/19        67      -2       61  03/18
                        03/18
                        03/06
AVG. MAXIMUM     81.1              81.2    -0.1     79.4
AVG. MINIMUM     68.4              67.7     0.7     66.6
MEAN             74.7              74.5     0.2     73.0
DAYS MAX >= 90      0               0.0     0.0        0
DAYS MAX <= 32      0               0.0     0.0        0
DAYS MIN <= 32      0               0.0     0.0        0
DAYS MIN <= 0       0               0.0     0.0        0

PRECIPITATION (INCHES)
RECORD
 MAXIMUM        20.79   1951
 MINIMUM         0.01   1957
TOTALS           2.61              2.02    0.59     2.95
DAILY AVG.       0.08              0.07    0.01     0.10
DAYS >= .01        11               8.8     2.2        7
DAYS >= .10         5               3.3     1.7        4
DAYS >= .50         3               1.1     1.9        2
DAYS >= 1.00        0               0.6    -0.6        1
GREATEST
 24 HR. TOTAL    0.68   03/08 TO 03/08              1.67

SNOWFALL (INCHES)
RECORDS
 TOTAL            0.0   5
                        0
                        -26215
TOTALS            0.0               0.0     0.0      0.0
SINCE 7/1         0.0               0.0     0.0      0.0
SNOWDEPTH AVG.      0                MM      MM        0
DAYS >= 1.0         0               0.0     0.0        0
GREATEST
 SNOW DEPTH         0   MM                             0  MM
 24 HR TOTAL      0.0   03/31 TO 03/31               0.0

DEGREE_DAYS
HEATING TOTAL       0                 0       0        0
 SINCE 7/1          0                 0       0        0
COOLING TOTAL     309               293      16      257
 SINCE 1/1        828               775      53      755
.................................................................

WIND (MPH)
AVERAGE WIND SPEED              8.0
HIGHEST WIND SPEED/DIRECTION    26/050    DATE  03/16
HIGHEST GUST SPEED/DIRECTION    36/020    DATE  03/16

SKY COVER
POSSIBLE SUNSHINE (PERCENT)   MM
AVERAGE SKY COVER           0.50
NUMBER OF DAYS FAIR            3
NUMBER OF DAYS PC             24
NUMBER OF DAYS CLOUDY          4

AVERAGE RH (PERCENT)     67

WEATHER CONDITIONS. NUMBER OF DAYS WITH
THUNDERSTORM              0     MIXED PRECIP               0
HEAVY RAIN                3     RAIN                       3
LIGHT RAIN               12     FREEZING RAIN              0
LT FREEZING RAIN          0     HAIL                       0
HEAVY SNOW                0     SNOW                       0
LIGHT SNOW                0     SLEET                      0
FOG                       9     FOG W/VIS <= 1/4 MILE      0
HAZE                      2

-  INDICATES NEGATIVE NUMBERS.
R  INDICATES RECORD WAS SET OR TIED.
MM INDICATES DATA IS MISSING.
T  INDICATES TRACE AMOUNT.

$$
