000
CXUS56 KSEW 011032
CLMHQM


CLIMATE REPORT
NATIONAL WEATHER SERVICE SEATTLE WA
331 AM PDT MON JUN 1 2015

...................................

...THE HOQUIAM WA AIRPORT CLIMATE SUMMARY FOR THE MONTH OF MAY 2015...

CLIMATE NORMAL PERIOD 1981 TO 2010
CLIMATE RECORD PERIOD 1953 TO 2015

WEATHER         OBSERVED          NORMAL  DEPART  LAST YEAR`S
                 VALUE   DATE(S)  VALUE   FROM    VALUE  DATE(S)
                                          NORMAL
................................................................
TEMPERATURE (F)
RECORD
 HIGH              93   05/16/2008
 LOW               30   05/07/2002
HIGHEST            72   05/08        MM      MM       84  05/14
LOWEST             39   05/07        MM      MM       40  05/11
                        05/06
                        05/03
AVG. MAXIMUM     59.7              59.7     0.0     63.6
AVG. MINIMUM     48.9              46.3     2.6     49.2
MEAN             54.3              53.0     1.3     56.4
DAYS MAX >= 90      0               0.0     0.0        0
DAYS MAX <= 32      0               0.0     0.0        0
DAYS MIN <= 32      0               0.1    -0.1        0
DAYS MIN <= 0       0               0.0     0.0        0

PRECIPITATION (INCHES)
RECORD
 MAXIMUM         7.77   1960
 MINIMUM         0.51   1982
TOTALS           0.28R             3.29   -3.01     4.75
DAILY AVG.       0.01              0.11   -0.10     0.15
DAYS >= .01         6              15.2    -9.2       12
DAYS >= .10         1               8.4    -7.4        8
DAYS >= .50         0               2.0    -2.0        3
DAYS >= 1.00        0               0.2    -0.2        3
GREATEST
 24 HR. TOTAL    0.21   05/04 TO 05/05

DEGREE_DAYS
HEATING TOTAL     324               373     -49      270
COOLING TOTAL       0                 1      -1       11
 SINCE 1/1          0                 1      -1       15
.................................................................

WIND (MPH)
AVERAGE WIND SPEED              7.8
HIGHEST WIND SPEED/DIRECTION    23/260    DATE  05/06
HIGHEST GUST SPEED/DIRECTION    30/220    DATE  05/05

SKY COVER
POSSIBLE SUNSHINE (PERCENT)   MM
AVERAGE SKY COVER           0.70
NUMBER OF DAYS FAIR            5
NUMBER OF DAYS PC              8
NUMBER OF DAYS CLOUDY         18

AVERAGE RH (PERCENT)     83

WEATHER CONDITIONS. NUMBER OF DAYS WITH
THUNDERSTORM              0     MIXED PRECIP               0
HEAVY RAIN                1     RAIN                       1
LIGHT RAIN               14     FREEZING RAIN              0
LT FREEZING RAIN          0     HAIL                       0
HEAVY SNOW                0     SNOW                       0
LIGHT SNOW                0     SLEET                      0
FOG                      29     FOG W/VIS <= 1/4 MILE      4
HAZE                      0

-  INDICATES NEGATIVE NUMBERS.
R  INDICATES RECORD WAS SET OR TIED.
MM INDICATES DATA IS MISSING.
T  INDICATES TRACE AMOUNT.

$$
