000
CXUS56 KSEW 011032
CLMHQM


CLIMATE REPORT
NATIONAL WEATHER SERVICE SEATTLE WA
332 AM PDT SAT OCT 1 2016

...................................

...THE HOQUIAM WA AIRPORT CLIMATE SUMMARY FOR THE MONTH OF SEPTEMBER 2016...

CLIMATE NORMAL PERIOD 1981 TO 2010
CLIMATE RECORD PERIOD 1953 TO 2016

WEATHER         OBSERVED          NORMAL  DEPART  LAST YEAR`S
                 VALUE   DATE(S)  VALUE   FROM    VALUE  DATE(S)
                                          NORMAL
................................................................
TEMPERATURE (F)
RECORD
 HIGH              96   09/02/1988
 LOW               32   09/27/1972
HIGHEST            75   09/13        MM      MM       82  09/11
                        09/12
LOWEST             42   09/29        MM      MM       39  09/27
AVG. MAXIMUM     65.7              66.6    -0.9     66.9
AVG. MINIMUM     50.4              50.8    -0.4     51.1
MEAN             58.0              58.7    -0.7     59.0
DAYS MAX >= 90      0               0.1    -0.1        0
DAYS MAX <= 32      0               0.0     0.0        0
DAYS MIN <= 32      0               0.0     0.0        0
DAYS MIN <= 0       0               0.0     0.0        0

PRECIPITATION (INCHES)
RECORD
 MAXIMUM        10.76   1978
 MINIMUM         0.01   1990
TOTALS           3.24              2.28    0.96     2.76
DAILY AVG.       0.11              0.08    0.03     0.09
DAYS >= .01        12               9.3     2.7       11
DAYS >= .10         7               5.3     1.7        9
DAYS >= .50         3               1.5     1.5        2
DAYS >= 1.00        0               0.3    -0.3        0
GREATEST
 24 HR. TOTAL    0.86   09/01 TO 09/01

DEGREE_DAYS
HEATING TOTAL     202               196       6      177
COOLING TOTAL       1                 7      -6        4
 SINCE 1/1         50                23      27       35
.................................................................

WIND (MPH)
AVERAGE WIND SPEED              7.1
HIGHEST WIND SPEED/DIRECTION    32/170    DATE  09/23
HIGHEST GUST SPEED/DIRECTION    37/170    DATE  09/23

SKY COVER
POSSIBLE SUNSHINE (PERCENT)   MM
AVERAGE SKY COVER           0.50
NUMBER OF DAYS FAIR            9
NUMBER OF DAYS PC             15
NUMBER OF DAYS CLOUDY          6

AVERAGE RH (PERCENT)     84

WEATHER CONDITIONS. NUMBER OF DAYS WITH
THUNDERSTORM              0     MIXED PRECIP               0
HEAVY RAIN                3     RAIN                       5
LIGHT RAIN               13     FREEZING RAIN              0
LT FREEZING RAIN          0     HAIL                       0
HEAVY SNOW                0     SNOW                       0
LIGHT SNOW                0     SLEET                      0
FOG                      27     FOG W/VIS <= 1/4 MILE      3
HAZE                      1

-  INDICATES NEGATIVE NUMBERS.
R  INDICATES RECORD WAS SET OR TIED.
MM INDICATES DATA IS MISSING.
T  INDICATES TRACE AMOUNT.

$$
