000
CXUS54 KLZK 012352
CLMHRO


CLIMATE REPORT
NATIONAL WEATHER SERVICE LITTLE ROCK AR
544 PM CST THU DEC 1 2016

...................................

...THE HARRISON CLIMATE SUMMARY FOR THE MONTH OF NOVEMBER 2016...

CLIMATE NORMAL PERIOD 1981 TO 2010
CLIMATE RECORD PERIOD 1891 TO 2016

WEATHER         OBSERVED          NORMAL  DEPART  LAST YEAR`S
                 VALUE   DATE(S)  VALUE   FROM    VALUE  DATE(S)
                                          NORMAL
................................................................
TEMPERATURE (F)
RECORD
 HIGH              85   11/11/1956
 LOW                5   11/14/1908
HIGHEST            82   11/01        57      25       72  11/04
LOWEST             26   11/20        38     -12       20  11/22
AVG. MAXIMUM     64.8              58.8     6.0     61.7
AVG. MINIMUM     42.4              38.2     4.2     40.7
MEAN             53.6              48.5     5.1     51.2
DAYS MAX >= 90      0               0.0     0.0        0
DAYS MAX <= 32      0               0.3    -0.3        0
DAYS MIN <= 32      6               8.3    -2.3        3
DAYS MIN <= 0       0               0.0     0.0        0

PRECIPITATION (INCHES)
RECORD
 MAXIMUM        10.75   1968
 MINIMUM         0.17   1910
TOTALS           1.34              4.23   -2.89     6.90
DAILY AVG.       0.04              0.14   -0.10     0.23
DAYS >= .01         6               8.6    -2.6       11
DAYS >= .10         3                                  8
DAYS >= .50         1                                  4
DAYS >= 1.00        0               1.2    -1.2        4
GREATEST
 24 HR. TOTAL    0.68   11/27 TO 11/28

SNOWFALL (INCHES)
RECORDS
 TOTAL            9.0   1976
 24 HR TOTAL      8.0   11/11/1976 TO 11/11/1976
 SNOW DEPTH         6   11/12/1976
TOTALS            0.0               0.4    -0.4        T
 LIQUID EQUIV    0.00              0.00    0.00       MM
SINCE 7/1         0.0               0.5    -0.5        T
 LIQUID 7/1      0.00              0.00    0.00       MM
SNOWDEPTH AVG.      0
DAYS >= TRACE       0               1.0    -1.0        1
DAYS >= 1.0         0                                  0
GREATEST
 SNOW DEPTH         0   MM
 24 HR TOTAL      0.0

DEGREE_DAYS
HEATING TOTAL     363               499    -136      407
 SINCE 7/1        450               764    -314      586
COOLING TOTAL      24                 4      20        0
 SINCE 1/1       1647              1416     231     1464

FREEZE DATES
RECORD
 EARLIEST     09/13/1902
 LATEST       05/17/1912
EARLIEST      11/13             10/29
LATEST                          04/04
..................................................

WIND (MPH)
AVERAGE WIND SPEED              6.4
HIGHEST WIND SPEED/DIRECTION    23/170    DATE  11/27
HIGHEST GUST SPEED/DIRECTION    34/180    DATE  11/17

SKY COVER
POSSIBLE SUNSHINE (PERCENT)   MM
AVERAGE SKY COVER           0.20
NUMBER OF DAYS FAIR           21
NUMBER OF DAYS PC              5
NUMBER OF DAYS CLOUDY          4

AVERAGE RH (PERCENT)     69

WEATHER CONDITIONS. NUMBER OF DAYS WITH
THUNDERSTORM              0     MIXED PRECIP               0
HEAVY RAIN                2     RAIN                       3
LIGHT RAIN                8     FREEZING RAIN              0
LT FREEZING RAIN          0     HAIL                       0
HEAVY SNOW                0     SNOW                       0
LIGHT SNOW                0     SLEET                      0
FOG                      14     FOG W/VIS <= 1/4 MILE      4
HAZE                      1

-  INDICATES NEGATIVE NUMBERS.
R  INDICATES RECORD WAS SET OR TIED.
MM INDICATES DATA IS MISSING.
T  INDICATES TRACE AMOUNT.

&&

...DATA FOR HARRISON FOR NOVEMBER 2016...

.SUMMARY...
THE TREND OF ABOVE AVERAGE TEMPERATURES CONTINUED INTO NOVEMBER. IN
THE FIRST AND THIRD WEEKS OF THE MONTH...DAILY AVERAGE TEMPERATURES
RANGED FROM 15 TO 20 DEGREES ABOVE WHERE THEY SHOULD HAVE BEEN FOR
THIS TIME OF YEAR.

RAINFALL WAS WELL BELOW AVERAGE...AND WHAT LITTLE THERE WAS OF IT
WAS SCATTERED THROUGHOUT THE MONTH.

.MONTHLY TEMPERATURES...
THE AVERAGE HIGH TEMPERATURE WAS THE WARMEST SINCE 1999. THE AVERAGE
LOW TEMPERATURE WAS THE WARMEST SINCE 2009. THE AVERAGE MONTHLY
TEMPERATURE WAS THE WARMEST SINCE 1990...AND THE 5TH WARMEST ON
RECORD.

.DAILY TEMPERATURES...
DAILY TEMPERATURES WERE ABOVE AVERAGE ON 22 DAYS...AVERAGE ON
THREE DAYS...AND BELOW AVERAGE ON FIVE DAYS.

.TEMPERATURE RECORDS TIED OR BROKEN DURING THE MONTH...

DATE  RECORD TYPE           NEW RECORD    PREVIOUS RECORD
16TH  HIGH TEMPERATURE      81 IN 2016       79 IN 1964
17TH  HIGH TEMPERATURE      79 IN 2016       78 IN 1905

.MONTHLY RAINFALL...
IT WAS THE DRIEST NOVEMBER SINCE 2012.

.DAILY RAINFALL RECORDS TIED OR BROKEN...
NONE.

.MONTHLY SNOWFALL...
NO SNOW FELL DURING THE MONTH...FOR THE FIRST TIME SINCE 2012.

.DAILY SNOWFALL RECORDS TIED OR BROKEN...
NONE.

$$

57
