000
CXUS53 KGID 011642
CLMHSI


CLIMATE REPORT
NATIONAL WEATHER SERVICE HASTINGS NE
1040 AM CST THU FEB 1 2018

...................................

...THE HASTINGS NE CLIMATE SUMMARY FOR THE MONTH OF JANUARY 2018...

CLIMATE NORMAL PERIOD 1981 TO 2010
CLIMATE RECORD PERIOD 1894 TO 2018

WEATHER         OBSERVED          NORMAL  DEPART  LAST YEAR`S
                 VALUE   DATE(S)  VALUE   FROM    VALUE  DATE(S)
                                          NORMAL
................................................................
TEMPERATURE (F)
RECORD
 HIGH              76   01/11/1990
 LOW              -30   01/12/1912
HIGHEST            54   01/19        61      -7       61  01/30
LOWEST            -15   01/01       -10      -5      -13  01/05
AVG. MAXIMUM     35.3              36.0    -0.7     35.7
AVG. MINIMUM     14.3              16.0    -1.7     19.4
MEAN             24.8              26.0    -1.2     27.6
DAYS MAX >= 90      0               0.0     0.0        0
DAYS MAX <= 32     12              11.7     0.3       11
DAYS MIN <= 32     30              29.8     0.2       29
DAYS MIN <= 0       5               3.7     1.3        3

PRECIPITATION (INCHES)
RECORD
 MAXIMUM         3.23   1960
 MINIMUM         0.00   1986
                        1943
                        1935
TOTALS           0.49              0.41    0.08     0.83
DAILY AVG.       0.02              0.01    0.01     0.03
DAYS >= .01         4                MM      MM        4
DAYS >= .10         1                MM      MM        3
DAYS >= .50         0                MM      MM        1
DAYS >= 1.00        0                MM      MM        0
GREATEST
 24 HR. TOTAL    0.39   01/22 TO 01/22

SNOWFALL (INCHES)
RECORDS
 TOTAL           22.0   1932
TOTALS            5.9               6.0    -0.1      3.7
SINCE 7/1        11.9              15.9    -4.0      4.8
SNOWDEPTH AVG.      1                MM      MM        0
DAYS >= 1.0         2                MM      MM        1
GREATEST
 SNOW DEPTH         4   01/23                          4  01/05

DEGREE_DAYS
HEATING TOTAL    1239              1209      30     1150
 SINCE 7/1       3557              3649     -92     3199
COOLING TOTAL       0                 0       0        0
 SINCE 1/1          0                 0       0        0
.................................................................

WIND (MPH)
AVERAGE WIND SPEED              10.4
HIGHEST WIND SPEED/DIRECTION    45/340    DATE  01/22
HIGHEST GUST SPEED/DIRECTION    58/340    DATE  01/22

SKY COVER
POSSIBLE SUNSHINE (PERCENT)   MM
AVERAGE SKY COVER           0.30
NUMBER OF DAYS FAIR           21
NUMBER OF DAYS PC              7
NUMBER OF DAYS CLOUDY          3

AVERAGE RH (PERCENT)     70

WEATHER CONDITIONS. NUMBER OF DAYS WITH
THUNDERSTORM              0     MIXED PRECIP               0
HEAVY RAIN                0     RAIN                       0
LIGHT RAIN                2     FREEZING RAIN              0
LT FREEZING RAIN          0     HAIL                       0
HEAVY SNOW                0     SNOW                       1
LIGHT SNOW                7     SLEET                      0
FOG                       8     FOG W/VIS <= 1/4 MILE      1
HAZE                      4

-  INDICATES NEGATIVE NUMBERS.
R  INDICATES RECORD WAS SET OR TIED.
MM INDICATES DATA IS MISSING.
T  INDICATES TRACE AMOUNT.

$$
