000
CXUS53 KGID 011920 CCA
CLMHSI

CLIMATE REPORT
NATIONAL WEATHER SERVICE HASTINGS NE
823 AM CDT SUN MAY 1 2016

...................................

...THE HASTINGS NE CLIMATE SUMMARY FOR THE MONTH OF APRIL 2016...

CLIMATE NORMAL PERIOD 1981 TO 2010
CLIMATE RECORD PERIOD 1894 TO 2016

WEATHER         OBSERVED          NORMAL  DEPART  LAST YEAR`S
                 VALUE   DATE(S)  VALUE   FROM    VALUE  DATE(S)
                                          NORMAL
................................................................
TEMPERATURE (F)
RECORD
 HIGH              96   04/23/1989
 LOW                5   04/03/1936
HIGHEST            82   04/03        85      -3       85  04/01
LOWEST             26   04/08        23       3       29  04/22
AVG. MAXIMUM     64.6              62.9     1.7     64.8
AVG. MINIMUM     41.0              38.6     2.4     41.3
MEAN             52.8              50.7     2.1     53.1
DAYS MAX >= 90      0               0.0     0.0        0
DAYS MAX <= 32      0               0.3    -0.3        0
DAYS MIN <= 32      5               6.7    -1.7        3
DAYS MIN <= 0       0               0.0     0.0        0

PRECIPITATION (INCHES)
RECORD
 MAXIMUM         9.26   1896
 MINIMUM         0.03   1989
TOTALS           5.69              2.56    3.13     3.55
DAILY AVG.       0.19              0.09    0.10     0.12
DAYS >= .01        10                MM      MM       12
DAYS >= .10         8                MM      MM        8
DAYS >= .50         4                MM      MM        3
DAYS >= 1.00        2                MM      MM        0
GREATEST
 24 HR. TOTAL    2.65   04/16 TO 04/17

SNOWFALL (INCHES)
RECORDS
 TOTAL           13.0   1944
TOTALS            0.0               1.2    -1.2        T
SINCE 7/1        32.4              28.8     3.6     17.0
SNOWDEPTH AVG.      0                MM      MM        0
DAYS >= 1.0         0                MM      MM        0
GREATEST
 SNOW DEPTH         0   MM                             0  MM

DEGREE_DAYS
HEATING TOTAL     360               432     -72      357
 SINCE 7/1       4840              5839    -999     5614
COOLING TOTAL       0                 5      -5        4
 SINCE 1/1          0                 5      -5        4
.................................................................

WIND (MPH)
AVERAGE WIND SPEED              13.2
HIGHEST WIND SPEED/DIRECTION    44/320    DATE  04/07
HIGHEST GUST SPEED/DIRECTION    53/330    DATE  04/07

SKY COVER
POSSIBLE SUNSHINE (PERCENT)   MM
AVERAGE SKY COVER           0.40
NUMBER OF DAYS FAIR           18
NUMBER OF DAYS PC              3
NUMBER OF DAYS CLOUDY          9

AVERAGE RH (PERCENT)     62

WEATHER CONDITIONS. NUMBER OF DAYS WITH
THUNDERSTORM              2     MIXED PRECIP               0
HEAVY RAIN                5     RAIN                       6
LIGHT RAIN               11     FREEZING RAIN              0
LT FREEZING RAIN          0     HAIL                       0
HEAVY SNOW                0     SNOW                       0
LIGHT SNOW                0     SLEET                      0
FOG                      10     FOG W/VIS <= 1/4 MILE      0
HAZE                      4

-  INDICATES NEGATIVE NUMBERS.
R  INDICATES RECORD WAS SET OR TIED.
MM INDICATES DATA IS MISSING.
T  INDICATES TRACE AMOUNT.

$$
