000
CXUS54 KHUN 031415
CLMHSV


CLIMATE REPORT
NATIONAL WEATHER SERVICE HUNTSVILLE AL
914 AM CDT FRI NOV 3 2017

...................................

...THE HUNTSVILLE CLIMATE SUMMARY FOR THE MONTH OF OCTOBER 2017...

CLIMATE NORMAL PERIOD 1981 TO 2010
CLIMATE RECORD PERIOD 1894 TO 2017

WEATHER         OBSERVED          NORMAL  DEPART  LAST YEAR`S
                 VALUE   DATE(S)  VALUE   FROM    VALUE
                                          NORMAL
.............................................................
TEMPERATURE (F)
RECORD
 HIGH              96   10/08/1911
 LOW               23   10/30/1963
                        10/30/1952
                        10/29/1910
HIGHEST            90   10/09        MM      MM       91
LOWEST             33   10/30        MM      MM       42
AVG. MAXIMUM     75.6              74.6     1.0     84.1
AVG. MINIMUM     52.7              51.0     1.7     55.1
MEAN             64.2              62.8     1.4     69.6
DAYS MAX >= 90      1               0.1     0.9        5
DAYS MAX <= 32      0               0.0     0.0        0
DAYS MIN <= 32      0               0.5    -0.5        0
DAYS MIN <= 0       0               0.0     0.0        0

PRECIPITATION (INCHES)
RECORD
 MAXIMUM        12.06   1975
 MINIMUM         0.00   1924
TOTALS           5.31              3.59    1.72     0.77
DAILY AVG.       0.17              0.12    0.05     0.02
DAYS >= .01         8               7.7     0.3        1
DAYS >= .10         6               5.1     0.9        1
DAYS >= .50         4               2.5     1.5        1
DAYS >= 1.00        2               1.1     0.9        0
GREATEST
 24 HR. TOTAL    2.00   10/10 TO 10/10              0.77

SNOWFALL (INCHES)
RECORDS
 TOTAL              T   1993
                        1989
                        1910
 24 HR TOTAL        T   10/28/1910 TO 10/28/1910
TOTALS            0.0               0.0     0.0      0.0
SINCE 7/1         0.0               0.0     0.0      0.0
DAYS >= TRACE       0               0.0     0.0        0
DAYS >= 1.0         0               0.0     0.0        0
GREATEST
 SNOW DEPTH         0   MM                             0
 24 HR TOTAL      0.0   10/31 TO 10/31

DEGREE_DAYS
HEATING TOTAL     131               138      -7       21
 SINCE 7/1        142               151      -9       24
COOLING TOTAL     116                70      46      170
 SINCE 1/1       2085              1940     145     2520

FREEZE DATES
RECORD
 EARLIEST     10/09/2000
 LATEST       05/02/1909
EARLIEST                        11/05
LATEST                          03/30
..............................................................

WIND (MPH)
AVERAGE WIND SPEED              7.2
HIGHEST WIND SPEED/DIRECTION    25/090    DATE  10/08
HIGHEST GUST SPEED/DIRECTION    36/080    DATE  10/08

AVERAGE RH (PERCENT)     74


-  INDICATES NEGATIVE NUMBERS.
R  INDICATES RECORD WAS SET OR TIED.
MM INDICATES DATA IS MISSING.
T  INDICATES TRACE AMOUNT.

$$
