000
CXUS54 KHUN 021920
CLMHSV


CLIMATE REPORT
NATIONAL WEATHER SERVICE HUNTSVILLE AL
119 PM CST THU MAR 2 2017

...................................

...THE HUNTSVILLE CLIMATE SUMMARY FOR THE MONTH OF FEBRUARY 2017...

CLIMATE NORMAL PERIOD 1981 TO 2010
CLIMATE RECORD PERIOD 1894 TO 2017

WEATHER         OBSERVED          NORMAL  DEPART  LAST YEAR`S
                 VALUE   DATE(S)  VALUE   FROM    VALUE
                                          NORMAL
.............................................................
TEMPERATURE (F)
RECORD
 HIGH              83   02/23/1996
 LOW               -8   02/17/1958
HIGHEST            81   02/24        MM      MM       77
LOWEST             23   02/04        MM      MM       20
AVG. MAXIMUM     63.8              55.9     7.9     56.7
AVG. MINIMUM     43.0              35.5     7.5     37.1
MEAN             53.4              45.7     7.7     46.9
DAYS MAX >= 90      0               0.0     0.0        0
DAYS MAX <= 32      0               0.6    -0.6        0
DAYS MIN <= 32      5              10.4    -5.4       12
DAYS MIN <= 0       0               0.0     0.0        0

PRECIPITATION (INCHES)
RECORD
 MAXIMUM        12.52   1939
 MINIMUM         0.59   1978
TOTALS           2.47              4.84   -2.37     6.38
DAILY AVG.       0.09              0.17   -0.08     0.22
DAYS >= .01        13              10.4     2.6       10
DAYS >= .10         6               7.1    -1.1        8
DAYS >= .50         1               3.4    -2.4        4
DAYS >= 1.00        1               1.2    -0.2        2
GREATEST
 24 HR. TOTAL    1.19   02/28 TO 02/28              2.25

SNOWFALL (INCHES)
RECORDS
 TOTAL            8.8   2015
 24 HR TOTAL      8.2   02/25/2015 TO 02/26/2015
TOTALS            0.0               0.5    -0.5        T
SINCE 7/1           T               1.9    -1.9      0.4
DAYS >= TRACE       0               0.7    -0.7        2
DAYS >= 1.0         0               0.3    -0.3        0
GREATEST
 SNOW DEPTH         0   MM                             0
 24 HR TOTAL      0.0   02/28 TO 02/28

DEGREE_DAYS
HEATING TOTAL     322               542    -220      519
 SINCE 7/1       1567              2452    -885     1896
COOLING TOTAL       4                 1       3        1
 SINCE 1/1          5                 1       4        1

FREEZE DATES
RECORD
 EARLIEST     10/09/2000
 LATEST       05/02/1909
EARLIEST                        11/05
LATEST                          03/30
..............................................................

WIND (MPH)
AVERAGE WIND SPEED              8.1
HIGHEST WIND SPEED/DIRECTION    25/350    DATE  02/12
HIGHEST GUST SPEED/DIRECTION    34/350    DATE  02/12

AVERAGE RH (PERCENT)     67


-  INDICATES NEGATIVE NUMBERS.
R  INDICATES RECORD WAS SET OR TIED.
MM INDICATES DATA IS MISSING.
T  INDICATES TRACE AMOUNT.

$$
