000
CXUS51 KRLX 041450
CLMHTS


CLIMATE REPORT
NATIONAL WEATHER SERVICE CHARLESTON WV
1049 AM EDT THU JUN 4 2015

...................................

...THE HUNTINGTON CLIMATE SUMMARY FOR THE MONTH OF MAY 2015...

CLIMATE NORMAL PERIOD 1981 TO 2010
CLIMATE RECORD PERIOD 1897 TO 2015

WEATHER         OBSERVED          NORMAL  DEPART  LAST YEAR`S
                 VALUE   DATE(S)  VALUE   FROM    VALUE  DATE(S)
                                          NORMAL
................................................................
TEMPERATURE (F)
RECORD
 HIGH              98   05/31/1919
 LOW               27   05/10/1966
HIGHEST            88   05/26        MM      MM       88  05/13
                        05/10
                        05/08
LOWEST             40   05/22        MM      MM       36  05/18
AVG. MAXIMUM     80.3              75.3     5.0     77.0
AVG. MINIMUM     55.2              52.7     2.5     52.3
MEAN             67.7              64.0     3.7     64.6
DAYS MAX >= 90      0               0.4    -0.4        0
DAYS MAX <= 32      0               0.0     0.0        0
DAYS MIN <= 32      0               0.0     0.0        0
DAYS MIN <= 0       0               0.0     0.0        0

PRECIPITATION (INCHES)
RECORD
 MAXIMUM         9.67   2003
 MINIMUM         0.78   1932
TOTALS           1.09              4.70   -3.61     2.56
DAILY AVG.       0.04              0.15   -0.11     0.08
DAYS >= .01         6              13.8    -7.8        9
DAYS >= .10         3               8.5    -5.5        4
DAYS >= .50         1               3.0    -2.0        2
DAYS >= 1.00        0               1.0    -1.0        1
GREATEST
 24 HR. TOTAL    0.56   05/16 TO 05/16              1.01

SNOWFALL (INCHES)
RECORDS
 TOTAL             MM   MM
TOTALS            0.0                 T     0.0      0.0
SINCE 7/1        36.6              23.6    13.0     36.8
DAYS >= 1.0         0               0.0     0.0        0
GREATEST
 SNOW DEPTH         0   MM                             0  MM
 24 HR TOTAL      0.0   05/31 TO 05/31           05/31 TO 05/31
                                                          05/31 TO 05/31
                                                          05/31 TO 05/31

DEGREE_DAYS
HEATING TOTAL      64               112     -48      106
 SINCE 7/1       4982              4500     482     4817
COOLING TOTAL     157                81      76      100
 SINCE 1/1        166               113      53      114
..................................................

WIND (MPH)
AVERAGE WIND SPEED              4.3
HIGHEST WIND SPEED/DIRECTION    29/190    DATE  05/26
HIGHEST GUST SPEED/DIRECTION    42/200    DATE  05/26

SKY COVER
POSSIBLE SUNSHINE (PERCENT)   MM
AVERAGE SKY COVER           0.30
NUMBER OF DAYS FAIR           22
NUMBER OF DAYS PC              8
NUMBER OF DAYS CLOUDY          1

AVERAGE RH (PERCENT)     70

WEATHER CONDITIONS. NUMBER OF DAYS WITH
THUNDERSTORM              0     MIXED PRECIP               0
HEAVY RAIN                1     RAIN                       1
LIGHT RAIN                9     FREEZING RAIN              0
LT FREEZING RAIN          0     HAIL                       0
HEAVY SNOW                0     SNOW                       0
LIGHT SNOW                0     SLEET                      0
FOG                      19     FOG W/VIS <= 1/4 MILE      2
HAZE                      5

-  INDICATES NEGATIVE NUMBERS.
R  INDICATES RECORD WAS SET OR TIED.
MM INDICATES DATA IS MISSING.
T  INDICATES TRACE AMOUNT.

$$
