000
CXUS51 KCAR 032321
CLMHUL


CLIMATE REPORT
NATIONAL WEATHER SERVICE CARIBOU, ME
621 PM EST SAT DEC 3 2016

...................................

...THE HOULTON ME CLIMATE SUMMARY FOR THE MONTH OF NOVEMBER 2016...

CLIMATE NORMAL PERIOD 1981 TO 2010
CLIMATE RECORD PERIOD 1948 TO 2016

WEATHER         OBSERVED          NORMAL  DEPART  LAST YEAR`S
                 VALUE   DATE(S)  VALUE   FROM    VALUE  DATE(S)
                                          NORMAL
................................................................
TEMPERATURE (F)
RECORD
 HIGH              70   11/05/1938
 LOW              -14   11/24/1989
HIGHEST            59   11/08        MM      MM       59  11/06
LOWEST             17   11/29        MM      MM        5  11/30
AVG. MAXIMUM     43.9              40.8     3.1     43.7
AVG. MINIMUM     30.2              24.4     5.8     27.3
MEAN             37.0              32.6     4.4     35.5
DAYS MAX >= 90      0               0.0     0.0        0
DAYS MAX <= 32      2               5.2    -3.2        4
DAYS MIN <= 32     23              23.7    -0.7       18
DAYS MIN <= 0       0               0.4    -0.4        0

PRECIPITATION (INCHES)
RECORD
 MAXIMUM           MM   MM
 MINIMUM           MM   MM
TOTALS           2.53                     -1.48
DAILY AVG.       0.08              0.13   -0.05     0.07
DAYS >= .01        14              12.2     1.8       10
DAYS >= .10         7               7.7    -0.7        6
DAYS >= .50         2               3.0    -1.0        1
DAYS >= 1.00        0               0.7    -0.7        0
GREATEST
 24 HR. TOTAL    0.96   11/29 TO 11/30           11/20 TO 11/20
                                                          11/20 TO 11/20
                                                          11/20 TO 11/20

SNOWFALL (INCHES)
RECORDS
 TOTAL             MM   MM
TOTALS             MM               7.4      MM       MM
SINCE 7/1          MM               8.1      MM       MM
SNOWDEPTH AVG.     MM                MM      MM       MM
DAYS >= 1.0         0               1.8    -1.8        0
GREATEST
 SNOW DEPTH        MM                                 MM  MM
 24 HR TOTAL       MM                                 MM

DEGREE_DAYS
HEATING TOTAL     833               972    -139
.................................................

WIND (MPH)
AVERAGE WIND SPEED              6.1
HIGHEST WIND SPEED/DIRECTION    23/340    DATE  11/11
HIGHEST GUST SPEED/DIRECTION    34/340    DATE  11/11

SKY COVER
POSSIBLE SUNSHINE (PERCENT)   MM
AVERAGE SKY COVER           0.70
NUMBER OF DAYS FAIR            4
NUMBER OF DAYS PC              7
NUMBER OF DAYS CLOUDY         19

AVERAGE RH (PERCENT)     85

WEATHER CONDITIONS. NUMBER OF DAYS WITH
THUNDERSTORM              0     MIXED PRECIP               0
HEAVY RAIN                0     RAIN                       4
LIGHT RAIN               12     FREEZING RAIN              0
LT FREEZING RAIN          0     HAIL                       0
HEAVY SNOW                1     SNOW                       2
LIGHT SNOW                7     SLEET                      0
FOG                      18     FOG W/VIS <= 1/4 MILE      3
HAZE                      2

-  INDICATES NEGATIVE NUMBERS.
R  INDICATES RECORD WAS SET OR TIED.
MM INDICATES DATA IS MISSING.
T  INDICATES TRACE AMOUNT.

$$
