000
CXUS53 KUNR 011602
CLMICR


CLIMATE REPORT
NATIONAL WEATHER SERVICE RAPID CITY SD
1002 AM MDT WED JUL 1 2015

...................................

...THE WINNER REGIONAL AIRPORT SD CLIMATE SUMMARY FOR THE MONTH OF JUNE 2015...

CLIMATE NORMAL PERIOD 1981 TO 2010
CLIMATE RECORD PERIOD 9999 TO 9999

WEATHER         OBSERVED          NORMAL  DEPART  LAST YEAR`S
                 VALUE   DATE(S)  VALUE   FROM    VALUE  DATE(S)
                                          NORMAL
................................................................
TEMPERATURE (F)
HIGHEST            99   06/09                         92  06/21
LOWEST             52   06/12                         46  06/13
AVG. MAXIMUM     83.4              80.1     3.3     78.4
AVG. MINIMUM     60.3              56.0     4.3     56.6
MEAN             71.8              68.1     3.7     67.5
DAYS MAX >= 90      4                                  1
DAYS MAX <= 32      0                                  0
DAYS MIN <= 32      0                                  0
DAYS MIN <= 0       0                                  0

PRECIPITATION (INCHES)
TOTALS           4.02              3.65    0.37     4.16
DAILY AVG.       0.13              0.12    0.01     0.14
DAYS >= .01        14                                 17
DAYS >= .10         9                                 12
DAYS >= .50         3                                  3
DAYS >= 1.00        1                                  0
GREATEST
 24 HR. TOTAL    1.14   06/16 TO 06/16              0.93

DEGREE_DAYS
HEATING TOTAL       3                54     -51       37
 SINCE 7/1       6041              6699    -658     7045
COOLING TOTAL     218               145      73      117
 SINCE 1/1        253               175      78      198
.................................................................

WIND (MPH)
AVERAGE WIND SPEED              10.1
HIGHEST WIND SPEED/DIRECTION    53/330    DATE  06/20
HIGHEST GUST SPEED/DIRECTION    73/330    DATE  06/20

AVERAGE RH (PERCENT)     62

WEATHER CONDITIONS. NUMBER OF DAYS WITH
THUNDERSTORM              0     MIXED PRECIP               0
HEAVY RAIN                5     RAIN                       8
LIGHT RAIN               17     FREEZING RAIN              0
LT FREEZING RAIN          0     HAIL                       0
HEAVY SNOW                0     SNOW                       0
LIGHT SNOW                0     SLEET                      0
FOG                      11     FOG W/VIS <= 1/4 MILE      1
HAZE                      2

-  INDICATES NEGATIVE NUMBERS.
R  INDICATES RECORD WAS SET OR TIED.
MM INDICATES DATA IS MISSING.
T  INDICATES TRACE AMOUNT.

$$
