000
CXUS53 KUNR 011604
CLMIEN


CLIMATE REPORT
NATIONAL WEATHER SERVICE RAPID CITY SD
902 AM MST THU DEC 1 2016

...................................

...THE PINE RIDGE SD CLIMATE SUMMARY FOR THE MONTH OF NOVEMBER 2016...

CLIMATE NORMAL PERIOD 1981 TO 2010
CLIMATE RECORD PERIOD 9999 TO 9999

WEATHER         OBSERVED          NORMAL  DEPART  LAST YEAR`S
                 VALUE   DATE(S)  VALUE   FROM    VALUE  DATE(S)
                                          NORMAL
................................................................
TEMPERATURE (F)
HIGHEST            76   11/05                         79  11/03
                        11/04
LOWEST              3   11/19                          2  11/29
                                                          11/27
AVG. MAXIMUM     58.2              47.8    10.4     49.2
AVG. MINIMUM     25.1              19.9     5.2     18.6
MEAN             41.7              33.8     7.9     33.9
DAYS MAX >= 90      0                                  0
DAYS MAX <= 32      2                                  6
DAYS MIN <= 32     23                                 29
DAYS MIN <= 0       0                                  0

PRECIPITATION (INCHES)
TOTALS           0.42              0.57   -0.15     0.75
DAILY AVG.       0.01              0.02   -0.01     0.03
DAYS >= .01         7                                  6
DAYS >= .10         1                                  4
DAYS >= .50         0                                  0
DAYS >= 1.00        0                                  0
GREATEST
 24 HR. TOTAL    0.23   11/29 TO 11/30              0.27

DEGREE_DAYS
HEATING TOTAL     694               935    -241      923
 SINCE 7/1       1173              1690    -517     1488
COOLING TOTAL       0                 0       0        0
 SINCE 1/1        774               717      57      615
.................................................................

WIND (MPH)
AVERAGE WIND SPEED              7.8
HIGHEST WIND SPEED/DIRECTION    32/300    DATE  11/28
HIGHEST GUST SPEED/DIRECTION    45/290    DATE  11/28

AVERAGE RH (PERCENT)     61

WEATHER CONDITIONS. NUMBER OF DAYS WITH
THUNDERSTORM              0     MIXED PRECIP               0
HEAVY RAIN                0     RAIN                       0
LIGHT RAIN                4     FREEZING RAIN              0
LT FREEZING RAIN          0     HAIL                       0
HEAVY SNOW                1     SNOW                       2
LIGHT SNOW                5     SLEET                      0
FOG                       9     FOG W/VIS <= 1/4 MILE      3
HAZE                      6

-  INDICATES NEGATIVE NUMBERS.
R  INDICATES RECORD WAS SET OR TIED.
MM INDICATES DATA IS MISSING.
T  INDICATES TRACE AMOUNT.

$$
