000
CXUS53 KLBF 011330
CLMIML


CLIMATE REPORT
NATIONAL WEATHER SERVICE NORTH PLATTE
830 AM CDT FRI JUL 1 2016

...................................

...THE IMPERIAL NE CLIMATE SUMMARY FOR THE MONTH OF JUNE 2016...

CLIMATE NORMAL PERIOD 1981 TO 2010
CLIMATE RECORD PERIOD 1893 TO 2016

WEATHER         OBSERVED          NORMAL  DEPART  LAST YEAR`S
                 VALUE   DATE(S)  VALUE   FROM    VALUE  DATE(S)
                                          NORMAL
................................................................
TEMPERATURE (F)
RECORD
 HIGH             110   06/26/2012
 LOW               29   MM
HIGHEST           100   06/21        98       2       99  06/30
LOWEST             50   06/01        45       5       53  06/13
                                                          06/01
AVG. MAXIMUM     88.5              84.0     4.5     84.1
AVG. MINIMUM     59.6              56.0     3.6     58.8
MEAN             74.0              70.0     4.0     71.4
DAYS MAX >= 90     13               8.7     4.3        6
DAYS MAX <= 32      0               0.0     0.0        0
DAYS MIN <= 32      0               0.0     0.0        0
DAYS MIN <= 0       0               0.0     0.0        0

PRECIPITATION (INCHES)
RECORD
 MAXIMUM         8.75   1962
 MINIMUM         0.07   1952
TOTALS           2.52              3.17   -0.65     2.87
DAILY AVG.       0.08              0.11   -0.03     0.10
DAYS >= .01        11                MM      MM        8
DAYS >= .10         6                MM      MM        5
DAYS >= .50         2                MM      MM        3
DAYS >= 1.00        0                MM      MM        0
GREATEST
 24 HR. TOTAL    0.86   06/11 TO 06/12           06/01 TO 06/02
                        06/12 TO 06/12                    06/02 TO 06/02
                        06/12 TO 06/13                    06/02 TO 06/02

SNOWFALL (INCHES)
TOTALS             MM

DEGREE_DAYS
HEATING TOTAL       3                34     -31        4
 SINCE 7/1       5340              6101    -761     5754
COOLING TOTAL     283               184      99      206
 SINCE 1/1        302               228      74      210
...................................................

WIND (MPH)
HIGHEST WIND SPEED/DIRECTION    54/350    DATE  06/28
HIGHEST GUST SPEED/DIRECTION    66/350    DATE  06/28

AVERAGE RH (PERCENT)     58

WEATHER CONDITIONS. NUMBER OF DAYS WITH
THUNDERSTORM              0     MIXED PRECIP               0
HEAVY RAIN                3     RAIN                       5
LIGHT RAIN               12     FREEZING RAIN              0
LT FREEZING RAIN          0     HAIL                       0
HEAVY SNOW                0     SNOW                       0
LIGHT SNOW                0     SLEET                      0
FOG                       9     FOG W/VIS <= 1/4 MILE      0
HAZE                      8

-  INDICATES NEGATIVE NUMBERS.
R  INDICATES RECORD WAS SET OR TIED.
MM INDICATES DATA IS MISSING.
T  INDICATES TRACE AMOUNT.

$$
