089
CXUS51 KCTP 010916
CLMIPT

PHLCLMIPT 000
TTAA00 KCTP 010846


CLIMATE REPORT
NATIONAL WEATHER SERVICE STATE COLLEGE PA
500 AM EDT SAT APR 1 2017

...................................

...THE WILLIAMSPORT PA CLIMATE SUMMARY FOR THE MONTH OF MARCH 2017...

CLIMATE NORMAL PERIOD 1981 TO 2010
CLIMATE RECORD PERIOD 1895 TO 2017

WEATHER         OBSERVED          NORMAL  DEPART  LAST YEAR`S
                 VALUE   DATE(S)  VALUE   FROM    VALUE  DATE(S)
                                          NORMAL
................................................................
TEMPERATURE (F)
RECORD
 HIGH              87   03/31/1998
                        03/30/1986
 LOW               -5   03/18/1916
HIGHEST            67   03/01                         80  03/09
LOWEST             10   03/05                         20  03/03
AVG. MAXIMUM     46.0              47.9    -1.9     57.7
AVG. MINIMUM     28.2              28.6    -0.4     34.1
MEAN             37.1              38.2    -1.1     45.9
DAYS MAX >= 90      0               0.0     0.0        0
DAYS MAX <= 32      5               1.9     3.1        0
DAYS MIN <= 32     18              20.4    -2.4       14
DAYS MIN <= 0       0               0.1    -0.1        0

PRECIPITATION (INCHES)
RECORD
 MAXIMUM         8.95   1936
 MINIMUM         0.42   1910
TOTALS           3.74              2.97    0.77     1.11
DAILY AVG.       0.12              0.10    0.02     0.04
DAYS >= .01        16              11.5     4.5        9
DAYS >= .10         8               6.5     1.5        4
DAYS >= .50         2               2.0     0.0        0
DAYS >= 1.00        1               0.5     0.5        0
GREATEST
 24 HR. TOTAL    1.18   03/14 TO 03/14

SNOWFALL (INCHES)
RECORDS
 TOTAL           35.6   1916
TOTALS           22.6               6.9    15.7      0.2
SINCE 7/1        41.1              34.9     6.2      5.9
SNOWDEPTH AVG.      2                MM      MM        0
DAYS >= 1.0         3               1.6     1.4        0
GREATEST
 SNOW DEPTH        14   03/15
 24 HR TOTAL     18.3R  MM

DEGREE_DAYS
HEATING TOTAL     858               829      29      582
 SINCE 7/1       4494              5296    -802     4225
COOLING TOTAL       0                 0       0        0
 SINCE 1/1          0                 0       0        0
.........................................................

WIND (MPH)
AVERAGE WIND SPEED              9.1
HIGHEST WIND SPEED/DIRECTION    36/280    DATE  03/02
HIGHEST GUST SPEED/DIRECTION    48/260    DATE  03/08

SKY COVER
POSSIBLE SUNSHINE (PERCENT)   MM
AVERAGE SKY COVER           0.60
NUMBER OF DAYS FAIR            8
NUMBER OF DAYS PC             14
NUMBER OF DAYS CLOUDY          9

AVERAGE RH (PERCENT)     60

WEATHER CONDITIONS. NUMBER OF DAYS WITH
THUNDERSTORM              1     MIXED PRECIP               0
HEAVY RAIN                2     RAIN                       5
LIGHT RAIN               15     FREEZING RAIN              0
LT FREEZING RAIN          0     HAIL                       0
HEAVY SNOW                3     SNOW                       2
LIGHT SNOW               12     SLEET                      0
FOG                      14     FOG W/VIS <= 1/4 MILE      2
HAZE                      4

-  INDICATES NEGATIVE NUMBERS.
R  INDICATES RECORD WAS SET OR TIED.
MM INDICATES DATA IS MISSING.
T  INDICATES TRACE AMOUNT.

&&

18.3 INCHES OF SNOW FELL ON THE 14TH. THIS BROKE THE OLD RECORD OF
6.5 INCHES SET IN 1991.

THE 22.6 INCHES OF SNOW FOR THIS MARCH WAS THE 5TH MOST ON RECORD
FOR THE MONTH OF MARCH. 5TH PLACE PRIOR TO THIS WAS IN 1993.

A RECORD HIGH TEMPERATURE OF 67 DEGREES WAS SET ON MARCH 1ST. THE OLD
RECORD FOR THIS DATE WAS 63 DEGREES SET IN 1991.

$$

MARTIN
