000
CXUS51 KCTP 010856
CLMIPT

CLIMATE REPORT
NATIONAL WEATHER SERVICE STATE COLLEGE PA
456 AM EDT WED OCT 1 2014

...................................

...THE WILLIAMSPORT PA CLIMATE SUMMARY FOR THE MONTH OF SEPTEMBER 2014...

CLIMATE NORMAL PERIOD 1981 TO 2010
CLIMATE RECORD PERIOD 1895 TO 2014

WEATHER         OBSERVED          NORMAL  DEPART  LAST YEAR`S
                 VALUE   DATE(S)  VALUE   FROM    VALUE  DATE(S)
                                          NORMAL
................................................................
TEMPERATURE (F)
RECORD
 HIGH             102   09/03/1953
 LOW               28   09/28/1947
HIGHEST            89   09/06                         94  09/10
                        09/02
LOWEST             40   09/23                         38  09/17
AVG. MAXIMUM     76.1              73.5     2.6     75.7
AVG. MINIMUM     54.4              53.1     1.3     50.4
MEAN             65.2              63.3     1.9     63.1
DAYS MAX >= 90      0               0.4    -0.4        2
DAYS MAX <= 32      0               0.0     0.0        0
DAYS MIN <= 32      0               0.0     0.0        0
DAYS MIN <= 0       0               0.0     0.0        0

PRECIPITATION (INCHES)
RECORD
 MAXIMUM        15.97   2011
 MINIMUM         0.16   1943
TOTALS           1.10              4.16   -3.06     1.60
DAILY AVG.       0.04              0.14   -0.10     0.05
DAYS >= .01         8              10.0    -2.0        8
DAYS >= .10         2               6.4    -4.4        5
DAYS >= .50         0               2.3    -2.3        2
DAYS >= 1.00        0               1.0    -1.0        0
GREATEST
 24 HR. TOTAL    0.44   09/12 TO 09/13

SNOWFALL (INCHES)
RECORDS
 TOTAL            0.0   MM
TOTALS            0.0               0.0     0.0      0.0
SINCE 7/1         0.0               0.0     0.0      0.0
SNOWDEPTH AVG.      0                MM      MM        0
DAYS >= 1.0         0               0.0     0.0        0
GREATEST
 SNOW DEPTH         0   MM                             0  MM
 24 HR TOTAL      0.0

DEGREE_DAYS
HEATING TOTAL      76               114     -38      121
 SINCE 7/1         81               128     -47      126
COOLING TOTAL      90                63      27       74
 SINCE 1/1        707               697      10      833
.................................................

WIND (MPH)
AVERAGE WIND SPEED              4.8
HIGHEST WIND SPEED/DIRECTION    30/160    DATE  09/10
HIGHEST GUST SPEED/DIRECTION    40/180    DATE  09/02

SKY COVER
POSSIBLE SUNSHINE (PERCENT)   MM
AVERAGE SKY COVER           0.50
NUMBER OF DAYS FAIR           11
NUMBER OF DAYS PC             11
NUMBER OF DAYS CLOUDY          8

AVERAGE RH (PERCENT)     70

WEATHER CONDITIONS. NUMBER OF DAYS WITH
THUNDERSTORM              3     MIXED PRECIP               0
HEAVY RAIN                1     RAIN                       4
LIGHT RAIN               10     FREEZING RAIN              0
LT FREEZING RAIN          0     HAIL                       0
HEAVY SNOW                0     SNOW                       0
LIGHT SNOW                0     SLEET                      0
FOG                      19     FOG W/VIS <= 1/4 MILE      9
HAZE                      7

-  INDICATES NEGATIVE NUMBERS.
R  INDICATES RECORD WAS SET OR TIED.
MM INDICATES DATA IS MISSING.
T  INDICATES TRACE AMOUNT.

&&

SEPTEMBER 2014 RANKED AS THE 10TH DRIEST SEPTEMBER ON RECORD AND
TIED 2008 FOR THE 37TH WARMEST. THERE WERE NO DAILY RECORDS SET
DURING THE MONTH.

$$
MS
