000
CXCA52 TJSJ 010610
CLMIST


CLIMATE REPORT
NATIONAL WEATHER SERVICE SAN JUAN, PR
207 AM AST SUN FEB 1 2015

...................................

...THE CYRIL E. KING AP/ST THOMAS  CLIMATE SUMMARY FOR THE MONTH OF JANUARY 2015...

CLIMATE NORMAL PERIOD 1981 TO 2010
CLIMATE RECORD PERIOD 1953 TO 2015

WEATHER         OBSERVED          NORMAL  DEPART  LAST YEAR`S
                 VALUE   DATE(S)  VALUE   FROM    VALUE  DATE(S)
                                          NORMAL
................................................................
TEMPERATURE (F)
RECORD
 HIGH              93   01/05/1996
                        01/03/1996
                        01/05/1989
 LOW               63   01/29/1996
                        01/08/1956
HIGHEST            88   01/02        85       3       86  01/31
                                                          01/29
                                                          01/09
LOWEST             68   01/19        73      -5       70  01/14
AVG. MAXIMUM     83.7              85.1    -1.4     84.4
AVG. MINIMUM     72.7              72.5     0.2     74.1
MEAN             78.2              78.8    -0.6     79.3
DAYS MAX >= 90      0               1.3    -1.3        0

PRECIPITATION (INCHES)
RECORD
 MAXIMUM         4.83   2006
 MINIMUM         0.48   2013
TOTALS           1.68              2.38   -0.70     1.02
DAILY AVG.       0.05              0.08   -0.03     0.03
DAYS >= .01        13              14.7    -1.7       18
DAYS >= .10         6               5.6     0.4        3
DAYS >= .50         0               0.9    -0.9        0
DAYS >= 1.00        0               0.3    -0.3        0
GREATEST
 24 HR. TOTAL    0.44   01/18 TO 01/18

SNOWFALL (INCHES)
TOTALS            0.0               0.0     0.0      0.0

DEGREE_DAYS
HEATING TOTAL       0                 0       0        0
COOLING TOTAL     419               428      -9      421
.................................................................

WIND (MPH)
AVERAGE WIND SPEED              9.9
HIGHEST WIND SPEED/DIRECTION    30/130    DATE  01/12

SKY COVER
AVERAGE SKY COVER           0.30

AVERAGE RH (PERCENT)     75

WEATHER CONDITIONS. NUMBER OF DAYS WITH
THUNDERSTORM              0     MIXED PRECIP               0
HEAVY RAIN                0     RAIN                       0
LIGHT RAIN                5     FREEZING RAIN              0
LT FREEZING RAIN          0     HAIL                       0
HEAVY SNOW                0     SNOW                       0
LIGHT SNOW                0     SLEET                      0
FOG                       4     FOG W/VIS <= 1/4 MILE      0
HAZE                      1

-  INDICATES NEGATIVE NUMBERS.
R  INDICATES RECORD WAS SET OR TIED.
MM INDICATES DATA IS MISSING.
T  INDICATES TRACE AMOUNT.

$$
