000
CXCA52 TJSJ 190611
CLMIST

CLIMATE REPORT...CORRECTED
NATIONAL WEATHER SERVICE SAN JUAN, PR
206 AM AST WED NOV 19 2014

...................................

...THE CYRIL E. KING AIRPORT/USVI CLIMATE SUMMARY FOR THE MONTH OF OCTOBER 2014...

CLIMATE NORMAL PERIOD 1981 TO 2010
CLIMATE RECORD PERIOD 1953 TO 2014

WEATHER         OBSERVED          NORMAL  DEPART
                 VALUE   DATE(S)  VALUE   FROM
                                          NORMAL
................................................
TEMPERATURE (F)
RECORD
 HIGH              97   10/14/1994
                        10/13/1994
                        10/11/1993
 LOW               66   10/29/2007
                        10/28/2007
                        10/27/2007
HIGHEST            92   10/03        90       2
LOWEST             75   10/19        76      -1
                        10/14
AVG. MAXIMUM     87.6              88.8    -1.2
AVG. MINIMUM     77.5              76.8     0.7
MEAN             82.6              82.8    -0.2
DAYS MAX >= 90      5               9.5    -4.5
DAYS MAX <= 32      0               0.0     0.0
DAYS MIN <= 32      0               0.0     0.0
DAYS MIN <= 0       0               0.0     0.0

PRECIPITATION (INCHES)
RECORD
 MAXIMUM        16.20   2010
 MINIMUM         1.95   2011
TOTALS           1.88R             5.42   -3.54
DAILY AVG.       0.06              0.17   -0.11
DAYS >= .01        16              17.8    -1.8
DAYS >= .10         5              10.2    -5.2
DAYS >= .50         1               3.2    -2.2
DAYS >= 1.00        0               1.4    -1.4
GREATEST
 24 HR. TOTAL    0.51   10/31 TO 10/31

DEGREE_DAYS
HEATING TOTAL       0                 0       0
 SINCE 7/1          0                 0       0
COOLING TOTAL     553               552       1
 SINCE 1/1       5080              5111     -31
.................................................

WIND (MPH)
AVERAGE WIND SPEED              8.2
RESULTANT WIND SPEED/DIRECTION   6/117
HIGHEST WIND SPEED/DIRECTION    24/340    DATE  10/14
HIGHEST GUST SPEED/DIRECTION    35/070    DATE  10/14

SKY COVER
AVERAGE SKY COVER           0.30

AVERAGE RH (PERCENT)     75

WEATHER CONDITIONS. NUMBER OF DAYS WITH
THUNDERSTORM              0     MIXED PRECIP               0
HEAVY RAIN                1     RAIN                       1
LIGHT RAIN                9     FREEZING RAIN              0
LT FREEZING RAIN          0     HAIL                       0
HEAVY SNOW                0     SNOW                       0
LIGHT SNOW                0     SLEET                      0
FOG                       4     FOG W/VIS <= 1/4 MILE      0
HAZE                      0

-  INDICATES NEGATIVE NUMBERS.
R  INDICATES RECORD WAS SET OR TIED.
MM INDICATES DATA IS MISSING.
T  INDICATES TRACE AMOUNT.

$$
