000
CXCA52 TJSJ 010432
CLMISX


CLIMATE REPORT
NATIONAL WEATHER SERVICE SAN JUAN, PR
1231 AM AST SAT APR 1 2017

...................................

...THE HENRY E. ROHLSEN AP/ST CROIX CLIMATE SUMMARY FOR THE MONTH OF MARCH 2017...

CLIMATE NORMAL PERIOD 1981 TO 2010
CLIMATE RECORD PERIOD 1951 TO 2017

WEATHER         OBSERVED          NORMAL  DEPART  LAST YEAR`S
                 VALUE   DATE(S)  VALUE   FROM    VALUE  DATE(S)
                                          NORMAL
................................................................
TEMPERATURE (F)
RECORD
 HIGH              92   03/05/1996
 LOW               60   03/29/1977
HIGHEST            88   03/01        88       0       89  03/25
                                                          03/24
LOWEST             70   03/31        75      -5       69  03/17
                        03/06
AVG. MAXIMUM     84.8              84.6     0.2     86.2
AVG. MINIMUM     72.8              72.5     0.3     73.7
MEAN             78.8              78.6     0.2     80.0
DAYS MAX >= 90      0               0.0     0.0        0
DAYS MAX <= 32      0               0.0     0.0        0
DAYS MIN <= 32      0               0.0     0.0        0
DAYS MIN <= 0       0               0.0     0.0        0

PRECIPITATION (INCHES)
RECORD
 MAXIMUM         4.15   1985
 MINIMUM         0.17   1951
TOTALS           6.40R             1.56    4.84     2.39
DAILY AVG.       0.23              0.05    0.18     0.08
DAYS >= .01        13              11.7     1.3       14
DAYS >= .10         5               4.3     0.7        6
DAYS >= .50         2               0.7     1.3        1
DAYS >= 1.00        2               0.2     1.8        0
GREATEST
 24 HR. TOTAL    3.69   03/24 TO 03/24

SNOWFALL (INCHES)
TOTALS            0.0               0.0     0.0      0.0

DEGREE_DAYS
HEATING TOTAL       0                 0       0        0
COOLING TOTAL     436               420      16      471
.................................................................

WIND (MPH)
AVERAGE WIND SPEED              10.7
HIGHEST WIND SPEED/DIRECTION    29/080    DATE  03/03
HIGHEST GUST SPEED/DIRECTION    37/090    DATE  03/01

SKY COVER
AVERAGE SKY COVER           0.40

AVERAGE RH (PERCENT)     74

WEATHER CONDITIONS. NUMBER OF DAYS WITH
THUNDERSTORM              0     MIXED PRECIP               0
HEAVY RAIN                2     RAIN                       4
LIGHT RAIN               16     FREEZING RAIN              0
LT FREEZING RAIN          0     HAIL                       0
HEAVY SNOW                0     SNOW                       0
LIGHT SNOW                0     SLEET                      0
FOG                      10     FOG W/VIS <= 1/4 MILE      0
HAZE                      4

-  INDICATES NEGATIVE NUMBERS.
R  INDICATES RECORD WAS SET OR TIED.
MM INDICATES DATA IS MISSING.
T  INDICATES TRACE AMOUNT.

$$
