000
CXUS53 KGLD 042001 RRA
CLMITR

CLIMATE REPORT
NATIONAL WEATHER SERVICE GOODLAND
158 PM MDT MON MAY 4 2015

...................................

...THE BURLINGTON CLIMATE SUMMARY FOR THE MONTH OF APRIL 2015...

CLIMATE NORMAL PERIOD 1981 TO 2010
CLIMATE RECORD PERIOD 1896 TO 2015

WEATHER         OBSERVED          NORMAL  DEPART  LAST YEAR`S
                 VALUE   DATE(S)  VALUE   FROM    VALUE  DATE(S)
                                          NORMAL
................................................................
TEMPERATURE (F)
RECORD
 HIGH              95   04/25/2012
 LOW               -3   04/02/1936
HIGHEST            82   04/30        85      -3       85  04/26
LOWEST             27   04/13        19       8       19  04/01
                        04/10
                        04/09
AVG. MAXIMUM     66.2              62.4     3.8     64.8
AVG. MINIMUM     37.4              33.5     3.9     34.3
MEAN             51.8              47.9     3.9     49.6
DAYS MAX >= 90      0               0.1    -0.1        0
DAYS MAX <= 32      0               0.4    -0.4        0
DAYS MIN <= 32      8              12.9    -4.9       12
DAYS MIN <= 0       0               0.0     0.0        0

PRECIPITATION (INCHES)
RECORD
 MAXIMUM         5.70   1944
 MINIMUM         0.00   1963
TOTALS           2.36              1.46    0.90     0.43
DAILY AVG.       0.08              0.05    0.03     0.01
DAYS >= .01        10                MM      MM        3
DAYS >= .10         4                MM      MM        1
DAYS >= .50         2                MM      MM        0
DAYS >= 1.00        1                MM      MM        0
GREATEST
 24 HR. TOTAL    1.24   04/15 TO 04/16              0.28



.................................................................



-  INDICATES NEGATIVE NUMBERS.
R  INDICATES RECORD WAS SET OR TIED.
MM INDICATES DATA IS MISSING.
T  INDICATES TRACE AMOUNT.

$$
