000
CXUS55 KVEF 172045 CCA
CLMLAS

CLIMATE REPORT...CORRECTED HEADER
NATIONAL WEATHER SERVICE LAS VEGAS, NV
1245 PM PST TUE FEB 17 2015

...................................

...THE LAS VEGAS NV CLIMATE SUMMARY FOR THE MONTH OF JANUARY 2015...

CLIMATE NORMAL PERIOD 1981 TO 2010
CLIMATE RECORD PERIOD 1937 TO 2015

WEATHER         OBSERVED          NORMAL  DEPART  LAST YEAR`S
                 VALUE   DATE(S)  VALUE   FROM    VALUE  DATE(S)
                                          NORMAL
................................................................
TEMPERATURE (F)
RECORD
 HIGH              77   01/26/1975
 LOW                8   01/13/1963
                        01/25/1937
HIGHEST            73   01/25        68       5       73  01/30
                        01/07
LOWEST             29   01/02        28       1       34  01/06
AVG. MAXIMUM     62.0              58.0     4.0     64.1
AVG. MINIMUM     43.7              39.4     4.3     42.1
MEAN             52.9              48.7     4.2     53.1
DAYS MAX >= 90      0               0.0     0.0        0
DAYS MAX <= 32      0               0.0     0.0        0
DAYS MIN <= 32      3               3.0     0.0        0
DAYS MIN <= 0       0               0.0     0.0        0

PRECIPITATION (INCHES)
RECORD
 MAXIMUM         3.00   1995
 MINIMUM         0.00   1976
                        1972
                        1942
TOTALS           0.87              0.54    0.33        T
DAILY AVG.       0.03              0.02    0.01        T
DAYS >= .01         6               3.1     2.9        0
DAYS >= .10         3               1.5     1.5        0
DAYS >= .50         0               0.3    -0.3        0
DAYS >= 1.00        0               0.0     0.0        0
GREATEST
 24 HR. TOTAL    0.46   01/11 TO 01/11

SNOWFALL (INCHES)
RECORDS
 TOTAL           16.7   1949
 24 HR TOTAL      9.0
TOTALS            0.0               0.0     0.0      0.0
SINCE 7/1           T
SNOWDEPTH AVG.      0
DAYS >= TRACE       0
DAYS >= 1.0         0
GREATEST
 SNOW DEPTH         0
 24 HR TOTAL      0.0   01/31 TO 01/31
 STORM TOTAL      0.0
 (MM/DD(HH))

DEGREE_DAYS
HEATING TOTAL     368               505    -137      361
 SINCE 7/1        965              1352    -387     1164
COOLING TOTAL       0                 0       0        0
 SINCE 1/1          0                 0       0        0

FREEZE DATES
RECORD
 EARLIEST     10/21/1949
 LATEST       04/12/1967
EARLIEST                        11/25
LATEST                          02/28
.................................................................

WIND (MPH)
AVERAGE WIND SPEED              6.2
HIGHEST WIND SPEED/DIRECTION    20/350    DATE  01/21
HIGHEST GUST SPEED/DIRECTION    30/330    DATE  01/21

SKY COVER
POSSIBLE SUNSHINE (PERCENT)   MM
AVERAGE SKY COVER           0.40
NUMBER OF DAYS FAIR           13
NUMBER OF DAYS PC             11
NUMBER OF DAYS CLOUDY          7

AVERAGE RH (PERCENT)     45

WEATHER CONDITIONS. NUMBER OF DAYS WITH
THUNDERSTORM              0     MIXED PRECIP               0
HEAVY RAIN                0     RAIN                       4
LIGHT RAIN                7     FREEZING RAIN              0
LT FREEZING RAIN          0     HAIL                       0
HEAVY SNOW                0     SNOW                       0
LIGHT SNOW                0     SLEET                      0
FOG                       4     FOG W/VIS <= 1/4 MILE      0
HAZE                      0

-  INDICATES NEGATIVE NUMBERS.
R  INDICATES RECORD WAS SET OR TIED.
MM INDICATES DATA IS MISSING.
T  INDICATES TRACE AMOUNT.

$$
