000
CXUS55 KVEF 020610
CLMLAS


CLIMATE REPORT
NATIONAL WEATHER SERVICE LAS VEGAS, NV
1057 PM PDT WED JUL 1 2015

...................................

...THE LAS VEGAS NV CLIMATE SUMMARY FOR THE MONTH OF JUNE 2015...

CLIMATE NORMAL PERIOD 1981 TO 2010
CLIMATE RECORD PERIOD 1937 TO 2015

WEATHER         OBSERVED          NORMAL  DEPART  LAST YEAR`S
                 VALUE   DATE(S)  VALUE   FROM    VALUE  DATE(S)
                                          NORMAL
................................................................
TEMPERATURE (F)
RECORD
 HIGH             117   06/30/2013
 LOW               48   06/06/1993
HIGHEST           113   06/27       109       4      111  06/30
                        06/20
LOWEST             67   06/06        60       7       70  06/19
                                                          06/18
AVG. MAXIMUM    103.5              98.7     4.8    101.4
AVG. MINIMUM     80.2              74.6     5.6     77.4
MEAN             91.9              86.7     5.2     89.4
DAYS MAX >= 90     30              26.0     4.0       30
DAYS MAX <= 32      0               0.0     0.0        0
DAYS MIN <= 32      0               0.0     0.0        0
DAYS MIN <= 0       0               0.0     0.0        0

PRECIPITATION (INCHES)
RECORD
 MAXIMUM         0.97   1990
 MINIMUM         0.00   2014
                        2013
                        2012
TOTALS              T              0.07   -0.07     0.00
DAILY AVG.          T              0.00    0.00     0.00
DAYS >= .01         0               0.6    -0.6        0
DAYS >= .10         0               0.2    -0.2        0
DAYS >= .50         0               0.0     0.0        0
DAYS >= 1.00        0               0.0     0.0        0
GREATEST
 24 HR. TOTAL       T   06/29 TO 06/29
                        06/12 TO 06/13
                        06/13 TO 06/13

SNOWFALL (INCHES)
RECORDS
 TOTAL            0.0   2014
                        2013
 24 HR TOTAL      0.0
TOTALS            0.0               0.0     0.0      0.0
SINCE 7/1           T
SNOWDEPTH AVG.      0
DAYS >= TRACE       0
DAYS >= 1.0         0
GREATEST
 SNOW DEPTH         0
 24 HR TOTAL      0.0   06/30 TO 06/30
 STORM TOTAL      0.0
 (MM/DD(HH))

DEGREE_DAYS
HEATING TOTAL       0                 1      -1        0
 SINCE 7/1       1221              1951    -730     1512
COOLING TOTAL     814               650     164      741
 SINCE 1/1       1417              1200     217     1399

FREEZE DATES
RECORD
 EARLIEST     10/21/1949
 LATEST       04/12/1967
EARLIEST      12/05             11/25
LATEST        01/03             02/28
.................................................................

WIND (MPH)
AVERAGE WIND SPEED              10.6
HIGHEST WIND SPEED/DIRECTION    36/330    DATE  06/13
HIGHEST GUST SPEED/DIRECTION    55/320    DATE  06/13

SKY COVER
POSSIBLE SUNSHINE (PERCENT)   MM
AVERAGE SKY COVER           0.30
NUMBER OF DAYS FAIR           18
NUMBER OF DAYS PC              9
NUMBER OF DAYS CLOUDY          3

AVERAGE RH (PERCENT)     14

WEATHER CONDITIONS. NUMBER OF DAYS WITH
THUNDERSTORM              2     MIXED PRECIP               0
HEAVY RAIN                0     RAIN                       0
LIGHT RAIN                3     FREEZING RAIN              0
LT FREEZING RAIN          0     HAIL                       0
HEAVY SNOW                0     SNOW                       0
LIGHT SNOW                0     SLEET                      0
FOG                       0     FOG W/VIS <= 1/4 MILE      0
HAZE                      1

-  INDICATES NEGATIVE NUMBERS.
R  INDICATES RECORD WAS SET OR TIED.
MM INDICATES DATA IS MISSING.
T  INDICATES TRACE AMOUNT.

$$
