000
CXUS54 KLUB 011741
CLMLBB


CLIMATE REPORT
NATIONAL WEATHER SERVICE LUBBOCK, TX
1240 PM CDT FRI APR 1 2016

...................................

...THE LUBBOCK CLIMATE SUMMARY FOR THE MONTH OF MARCH 2016...

CLIMATE NORMAL PERIOD 1981 TO 2010
CLIMATE RECORD PERIOD 1911 TO 2016

WEATHER         OBSERVED          NORMAL  DEPART  LAST YEAR`S
                 VALUE   DATE(S)  VALUE   FROM    VALUE  DATE(S)
                                          NORMAL
................................................................
TEMPERATURE (F)
RECORD
 HIGH              95   03/11/1989
                        03/31/1946
 LOW               -2   03/02/1922
HIGHEST            87   03/22                         87  03/31
                                                          03/28
                                                          03/23
LOWEST             27   03/19                         17  03/05
AVG. MAXIMUM     72.6              66.7     5.9     68.0
AVG. MINIMUM     41.5              37.0     4.5     36.9
MEAN             57.1              51.9     5.2     52.5
DAYS MAX >= 90      0               0.3    -0.3        0
DAYS MAX <= 32      0               0.2    -0.2        1
DAYS MIN <= 32      1               8.6    -7.6        8
DAYS MIN <= 0       0               0.0     0.0        0

PRECIPITATION (INCHES)
RECORD
 MAXIMUM         5.94   2007
 MINIMUM         0.00   1956
TOTALS           0.20              1.10   -0.90     0.30
DAILY AVG.       0.01              0.04   -0.03     0.01
DAYS >= .01         2                                  5
DAYS >= .10         1                                  1
DAYS >= .50         0                                  0
DAYS >= 1.00        0                                  0
GREATEST
 24 HR. TOTAL    0.19   03/08 TO 03/09

SNOWFALL (INCHES)
RECORDS
 TOTAL           16.5   1915
 24 HR TOTAL       MM
 SNOW DEPTH        MM   MM
TOTALS            0.0               0.6    -0.6      1.1
SINCE 7/1        13.3               8.0     5.3     14.7
SNOWDEPTH AVG.      0                MM      MM        0
DAYS >= TRACE       0               0.8    -0.8        2
DAYS >= 1.0         0               0.1    -0.1        1
GREATEST
 SNOW DEPTH         0   MM                             3  03/01
 24 HR TOTAL      0.0   03/30 TO 03/30           03/04 TO 03/05
                                                          03/05 TO 03/05
                                                          03/05 TO 03/05

DEGREE_DAYS
HEATING TOTAL     249               415    -166      380
 SINCE 7/1       2649              3154    -505     3099
COOLING TOTAL      12                 7       5        3
 SINCE 1/1         16                 7       9        3
......................................................

WIND (MPH)
AVERAGE WIND SPEED              14.4
HIGHEST WIND SPEED/DIRECTION    45/280    DATE  03/23
HIGHEST GUST SPEED/DIRECTION    53/280    DATE  03/23

SKY COVER
POSSIBLE SUNSHINE (PERCENT)   MM
AVERAGE SKY COVER           0.40
NUMBER OF DAYS FAIR            9
NUMBER OF DAYS PC             20
NUMBER OF DAYS CLOUDY          2

AVERAGE RH (PERCENT)     44

WEATHER CONDITIONS. NUMBER OF DAYS WITH
THUNDERSTORM              0     MIXED PRECIP               0
HEAVY RAIN                0     RAIN                       2
LIGHT RAIN                4     FREEZING RAIN              0
LT FREEZING RAIN          0     HAIL                       0
HEAVY SNOW                0     SNOW                       0
LIGHT SNOW                0     SLEET                      0
FOG                       8     FOG W/VIS <= 1/4 MILE      1
HAZE                     11

-  INDICATES NEGATIVE NUMBERS.
R  INDICATES RECORD WAS SET OR TIED.
MM INDICATES DATA IS MISSING.
T  INDICATES TRACE AMOUNT.

$$
