000
CXUS53 KLMK 011835
CLMLEX


CLIMATE REPORT
NATIONAL WEATHER SERVICE LOUISVILLE KY
228 PM EDT MON JUN 1 2015

...................................

...THE LEXINGTON KY CLIMATE SUMMARY FOR THE MONTH OF MAY 2015...

CLIMATE NORMAL PERIOD 1981 TO 2010
CLIMATE RECORD PERIOD 1872 TO 2015

WEATHER         OBSERVED          NORMAL  DEPART  LAST YEAR`S
                 VALUE   DATE(S)  VALUE   FROM    VALUE  DATE(S)
                                          NORMAL
................................................................
TEMPERATURE (F)
RECORD
 HIGH              96   05/22/1941
 LOW               26   05/10/1966
HIGHEST            89   05/11        MM      MM       88  05/27
LOWEST             41   05/01        MM      MM       38  05/17
AVG. MAXIMUM     79.0              74.4     4.6     77.9
AVG. MINIMUM     56.8              53.9     2.9     55.2
MEAN             67.9              64.2     3.7     66.5
DAYS MAX >= 90      0               0.0     0.0        0
DAYS MAX <= 32      0               0.0     0.0        0
DAYS MIN <= 32      0               0.0     0.0        0
DAYS MIN <= 0       0               0.0     0.0        0

PRECIPITATION (INCHES)
RECORD
 MAXIMUM        10.91   2004
 MINIMUM         0.60   1932
TOTALS           2.07              5.26   -3.19     5.43
DAILY AVG.       0.07              0.17   -0.10     0.18
DAYS >= .01         8              12.5    -4.5       11
DAYS >= .10         5               8.5    -3.5        8
DAYS >= .50         1               3.6    -2.6        3
DAYS >= 1.00        0               1.3    -1.3        2
GREATEST
 24 HR. TOTAL    0.68   05/16 TO 05/16
                        05/15 TO 05/16
                        05/16 TO 05/16

SNOWFALL (INCHES)
RECORDS
 TOTAL            6.0   5
                        0
TOTALS            0.0               0.0     0.0      0.0
SINCE 7/1        40.0              13.0    27.0     27.1
SNOWDEPTH AVG.      0                MM      MM        0
DAYS >= 1.0         0               0.0     0.0        0
GREATEST
 SNOW DEPTH         0   MM                             0  MM
 24 HR TOTAL      0.0   05/31 TO 05/31

DEGREE_DAYS
HEATING TOTAL      59               111     -52       90
 SINCE 7/1       4946              4600     346     4855
COOLING TOTAL     156                85      71      146
 SINCE 1/1        168               107      61      161
.................................................................

WIND (MPH)
AVERAGE WIND SPEED              7.4
HIGHEST WIND SPEED/DIRECTION    30/260    DATE  05/11
HIGHEST GUST SPEED/DIRECTION    40/270    DATE  05/11

SKY COVER
POSSIBLE SUNSHINE (PERCENT)   MM
AVERAGE SKY COVER           0.30
NUMBER OF DAYS FAIR           21
NUMBER OF DAYS PC              9
NUMBER OF DAYS CLOUDY          1

AVERAGE RH (PERCENT)     68

WEATHER CONDITIONS. NUMBER OF DAYS WITH
THUNDERSTORM              4     MIXED PRECIP               0
HEAVY RAIN                5     RAIN                       5
LIGHT RAIN               11     FREEZING RAIN              0
LT FREEZING RAIN          0     HAIL                       0
HEAVY SNOW                0     SNOW                       0
LIGHT SNOW                0     SLEET                      0
FOG                      12     FOG W/VIS <= 1/4 MILE      0
HAZE                      3

-  INDICATES NEGATIVE NUMBERS.
R  INDICATES RECORD WAS SET OR TIED.
MM INDICATES DATA IS MISSING.
T  INDICATES TRACE AMOUNT.

$$
CMC
