000
CXUS54 KLCH 011408
CLMLFT


CLIMATE REPORT
NATIONAL WEATHER SERVICE LAKE CHARLES, LA
904 AM CDT TUE AUG 1 2017

...................................

...THE LAFAYETTE CLIMATE SUMMARY FOR THE MONTH OF JULY 2017...

CLIMATE NORMAL PERIOD 1981 TO 2010
CLIMATE RECORD PERIOD 1893 TO 2017

WEATHER         OBSERVED          NORMAL  DEPART  LAST YEAR`S
                 VALUE   DATE(S)  VALUE   FROM    VALUE  DATE(S)
                                          NORMAL
................................................................
TEMPERATURE (F)
RECORD
 HIGH             107   07/13/1901
 LOW               57   07/07/1924
HIGHEST            96   07/28        MM      MM       MM  MM
                        07/21
                        07/20
LOWEST             71   07/31        MM      MM       MM  MM
AVG. MAXIMUM     91.6              92.0    -0.4       MM
AVG. MINIMUM     75.6              74.9     0.7       MM
MEAN             83.6              83.4     0.2       MM
DAYS MAX >= 90     26              23.9     2.1       MM
DAYS MAX <= 32      0               0.0     0.0       MM
DAYS MIN <= 32      0               0.0     0.0       MM
DAYS MIN <= 0       0               0.0     0.0       MM

PRECIPITATION (INCHES)
RECORD
 MAXIMUM        16.57   1967
 MINIMUM         1.34   1947
TOTALS           7.00              6.30    0.70       MM
DAILY AVG.       0.23              0.20    0.03       MM
DAYS >= .01        14              13.4     0.6       MM
DAYS >= .10         9               9.3    -0.3       MM
DAYS >= .50         5               4.1     0.9       MM
DAYS >= 1.00        1               1.8    -0.8       MM
GREATEST
 24 HR. TOTAL    3.03   07/11 TO 07/11

SNOWFALL (INCHES)
RECORDS
 TOTAL             MM   5
TOTALS            0.0               0.0     0.0       MM
SINCE 7/1         0.0               0.0     0.0       MM
SNOWDEPTH AVG.      0                MM      MM       MM
DAYS >= 1.0         0               0.0     0.0       MM
GREATEST
 24 HR TOTAL      0.0   07/31 TO 07/31

DEGREE_DAYS
HEATING TOTAL       0                 0       0       MM
 SINCE 7/1          0                 0       0       MM
COOLING TOTAL     587               572      15       MM
 SINCE 1/1       1940              1684     256       MM
.................................................................

WIND (MPH)
AVERAGE WIND SPEED              4.0
HIGHEST WIND SPEED/DIRECTION    26/030    DATE  07/19
HIGHEST GUST SPEED/DIRECTION    32/030    DATE  07/19

SKY COVER
POSSIBLE SUNSHINE (PERCENT)   MM
AVERAGE SKY COVER           0.30
NUMBER OF DAYS FAIR           24
NUMBER OF DAYS PC              6
NUMBER OF DAYS CLOUDY          0

AVERAGE RH (PERCENT)     79

WEATHER CONDITIONS. NUMBER OF DAYS WITH
THUNDERSTORM              0     MIXED PRECIP               0
HEAVY RAIN               10     RAIN                       8
LIGHT RAIN               14     FREEZING RAIN              0
LT FREEZING RAIN          0     HAIL                       0
HEAVY SNOW                0     SNOW                       0
LIGHT SNOW                0     SLEET                      0
FOG                      21     FOG W/VIS <= 1/4 MILE      1
HAZE                      2

-  INDICATES NEGATIVE NUMBERS.
R  INDICATES RECORD WAS SET OR TIED.
MM INDICATES DATA IS MISSING.
T  INDICATES TRACE AMOUNT.

$$
