000
CXUS51 KOKX 011452
CLMLGA

CLIMATE REPORT
NATIONAL WEATHER SERVICE NEW YORK NY
1049 AM EDT FRI APR 1 2016

...................................

...THE LAGUARDIA NY CLIMATE SUMMARY FOR THE MONTH OF MARCH 2016...

CLIMATE NORMAL PERIOD 1981 TO 2010
CLIMATE RECORD PERIOD 1945 TO 2016

WEATHER         OBSERVED          NORMAL  DEPART  LAST YEAR`S
                 VALUE   DATE(S)  VALUE   FROM    VALUE  DATE(S)
                                          NORMAL
................................................................
TEMPERATURE (F)
RECORD
 HIGH              86   03/29/1945
 LOW                7   03/04/1943
HIGHEST            78   03/10        MM      MM       60  03/11
LOWEST             27   03/03        MM      MM       15  03/06
AVG. MAXIMUM     57.2              49.8     7.4     45.2
AVG. MINIMUM     40.7              34.6     6.1     30.5
MEAN             49.0              42.2     6.8     37.9
DAYS MAX >= 90      0               0.0     0.0        0
DAYS MAX <= 32      0               0.8    -0.8        2
DAYS MIN <= 32      4              10.1    -6.1       17
DAYS MIN <= 0       0               0.0     0.0        0

PRECIPITATION (INCHES)
RECORD
 MAXIMUM         9.55   2010
 MINIMUM         0.74   2006
TOTALS           1.26              3.97   -2.71     4.54
DAILY AVG.       0.04              0.13   -0.09     0.15
DAYS >= .01        11              10.7     0.3       15
DAYS >= .10         3               6.8    -3.8       10
DAYS >= .50         1               2.6    -1.6        3
DAYS >= 1.00        0               1.0    -1.0        1
GREATEST
 24 HR. TOTAL    0.51   03/28 TO 03/28           03/14 TO 03/14
                        03/27 TO 03/28                    03/14 TO 03/14
                        03/28 TO 03/28                    03/14 TO 03/14
 STORM TOTAL       MM                                 MM
 (MM/DD(HH))            MM                    03/14(00) TO 03/14(00)
                                                 03/14(00) TO 03/14(00)4
                                                 03/14(00) TO 03/14(00)4

SNOWFALL (INCHES)
RECORDS
 TOTAL           18.9   1958
                        0
                        0
 24 HR TOTAL       MM
TOTALS            1.8               4.4    -2.6     17.3
 LIQUID EQUIV    0.18              0.40   -0.22     1.73
SINCE 7/1        36.2              26.4     9.8     53.8
 LIQUID 7/1      3.62              2.60             5.38
DAYS >= TRACE       3               2.1     0.9       10
DAYS >= 1.0         1               1.2    -0.2        4
GREATEST
 SNOW DEPTH         1   03/04                         11  03/06
 24 HR TOTAL      1.2   MM                       03/14 TO 03/14
                                                          03/14 TO 03/14
                                                          03/14 TO 03/14
 STORM TOTAL       MM                                 MM
 (MM/DD(HH))            MM                    03/14(00) TO 03/14(00)
                                                 03/14(00) TO 03/14(00)4
                                                 03/14(00) TO 03/14(00)4

DEGREE_DAYS
HEATING TOTAL     495               707    -212      834
 SINCE 7/1       3157              4136    -979     4556
COOLING TOTAL       5                 0       5        0
 SINCE 1/1          5                 0       5        0
.....................................................

WIND (MPH)
AVERAGE WIND SPEED              11.3
HIGHEST WIND SPEED/DIRECTION    38/270    DATE  03/28
HIGHEST GUST SPEED/DIRECTION    49/290    DATE  03/28

SKY COVER
POSSIBLE SUNSHINE (PERCENT)   MM
AVERAGE SKY COVER           0.60
NUMBER OF DAYS FAIR            3
NUMBER OF DAYS PC             17
NUMBER OF DAYS CLOUDY         11

AVERAGE RH (PERCENT)     54

WEATHER CONDITIONS. NUMBER OF DAYS WITH
THUNDERSTORM              0     MIXED PRECIP               0
HEAVY RAIN                1     RAIN                       4
LIGHT RAIN               10     FREEZING RAIN              0
LT FREEZING RAIN          0     HAIL                       0
HEAVY SNOW                0     SNOW                       0
LIGHT SNOW                3     SLEET                      0
FOG                      11     FOG W/VIS <= 1/4 MILE      0
HAZE                      7

-  INDICATES NEGATIVE NUMBERS.
R  INDICATES RECORD WAS SET OR TIED.
MM INDICATES DATA IS MISSING.
T  INDICATES TRACE AMOUNT.

$$
