000
CXHW51 PHFO 070501
CLMLIH


CLIMATE REPORT
NATIONAL WEATHER SERVICE HONOLULU HI
701 PM HST SAT AUG 6 2016

...................................

...THE LIHUE HI CLIMATE SUMMARY FOR THE MONTH OF JULY 2016...

CLIMATE NORMAL PERIOD 1981 TO 2010
CLIMATE RECORD PERIOD 1946 TO 2016

WEATHER         OBSERVED          NORMAL  DEPART  LAST YEAR`S
                 VALUE   DATE(S)  VALUE   FROM    VALUE  DATE(S)
                                          NORMAL
................................................................
TEMPERATURE (F)
RECORD
 HIGH              89   07/07/1981
                        07/12/1979
 LOW               62   07/12/1979
HIGHEST            87   07/29        84       3       MM  MM
                        07/28
                        07/27
LOWEST             70   07/19        74      -4       MM  MM
                        07/18
                        07/11
AVG. MAXIMUM     83.4              84.2    -0.8       MM
AVG. MINIMUM     73.1              74.1    -1.0       MM
MEAN             78.2              79.1    -0.9       MM
DAYS MAX >= 90      0               0.0     0.0       MM
DAYS MAX <= 32      0               0.0     0.0       MM
DAYS MIN <= 32      0               0.0     0.0       MM
DAYS MIN <= 0       0               0.0     0.0       MM

PRECIPITATION (INCHES)
RECORD
 MAXIMUM         8.85   1954
 MINIMUM         0.54   2009
TOTALS           1.70              1.87   -0.17       MM
DAILY AVG.       0.05              0.06   -0.01       MM
DAYS >= .01        21              19.4     1.6       MM
DAYS >= .10         6               5.6     0.4       MM
DAYS >= .50         0               0.4    -0.4       MM
DAYS >= 1.00        0               0.1    -0.1       MM
GREATEST
 24 HR. TOTAL    0.37   07/18 TO 07/19                MM

SNOWFALL (INCHES)
RECORDS
 TOTAL             MM   5
TOTALS            0.0               0.0     0.0       MM
SINCE 7/1         0.0               0.0     0.0       MM
SNOWDEPTH AVG.      0                MM      MM       MM
DAYS >= 1.0         0               0.0     0.0       MM
GREATEST
 SNOW DEPTH         0   MM                            MM  MM
 24 HR TOTAL      0.0   07/31 TO 07/31                MM

DEGREE_DAYS
HEATING TOTAL       0                 0       0       MM
 SINCE 7/1          0                 0       0       MM
COOLING TOTAL     419               439     -20       MM
 SINCE 1/1       2166              2072      94       MM
.................................................................

WIND (MPH)
AVERAGE WIND SPEED              15.3
HIGHEST WIND SPEED/DIRECTION    29/060    DATE  07/03
HIGHEST GUST SPEED/DIRECTION    35/060    DATE  07/03

SKY COVER
POSSIBLE SUNSHINE (PERCENT)   MM
AVERAGE SKY COVER           0.70
NUMBER OF DAYS FAIR            1
NUMBER OF DAYS PC             23
NUMBER OF DAYS CLOUDY          7

AVERAGE RH (PERCENT)     79

WEATHER CONDITIONS. NUMBER OF DAYS WITH
THUNDERSTORM              0     MIXED PRECIP               0
HEAVY RAIN                3     RAIN                       8
LIGHT RAIN               20     FREEZING RAIN              0
LT FREEZING RAIN          0     HAIL                       0
HEAVY SNOW                0     SNOW                       0
LIGHT SNOW                0     SLEET                      0
FOG                      20     FOG W/VIS <= 1/4 MILE      0
HAZE                     12

-  INDICATES NEGATIVE NUMBERS.
R  INDICATES RECORD WAS SET OR TIED.
MM INDICATES DATA IS MISSING.
T  INDICATES TRACE AMOUNT.

$$
