000
CXHW51 PHFO 011618
CLMLIH


CLIMATE REPORT
NATIONAL WEATHER SERVICE HONOLULU HI
609 AM HST TUE SEP 1 2015

...................................

...THE LIHUE HI CLIMATE SUMMARY FOR THE MONTH OF AUGUST 2015...

CLIMATE NORMAL PERIOD 1981 TO 2010
CLIMATE RECORD PERIOD 1946 TO 2015

WEATHER         OBSERVED          NORMAL  DEPART  LAST YEAR`S
                 VALUE   DATE(S)  VALUE   FROM    VALUE  DATE(S)
                                          NORMAL
................................................................
TEMPERATURE (F)
RECORD
 HIGH              90   08/23/2015
                        08/30/1996
                        08/21/1987
 LOW               66   08/09/1979
                        08/08/1979
                        08/10/1957
HIGHEST            90R  08/23        85       5       87  08/04
LOWEST             72   08/19        75      -3       70  08/13
                        08/18                             08/12
                                                          08/11
AVG. MAXIMUM     86.8              84.7     2.1     84.5
AVG. MINIMUM     75.9              74.6     1.3     74.4
MEAN             81.4              79.7     1.7     79.5
DAYS MAX >= 90      1               0.1     0.9        0
DAYS MAX <= 32      0               0.0     0.0        0
DAYS MIN <= 32      0               0.0     0.0        0
DAYS MIN <= 0       0               0.0     0.0        0

PRECIPITATION (INCHES)
RECORD
 MAXIMUM         8.13   1959
 MINIMUM         0.44   2007
TOTALS           9.86R             2.13    7.73     3.80
DAILY AVG.       0.32              0.07    0.25     0.12
DAYS >= .01        20              18.3     1.7       14
DAYS >= .10         7               5.7     1.3        5
DAYS >= .50         5               0.8     4.2        2
DAYS >= 1.00        3               0.3     2.7        1
GREATEST
 24 HR. TOTAL    5.36   08/24 TO 08/25              2.75

SNOWFALL (INCHES)
RECORDS
 TOTAL             MM   5
TOTALS            0.0               0.0     0.0      0.0
SINCE 7/1         0.0               0.0     0.0      0.0
SNOWDEPTH AVG.      0                MM      MM        0
DAYS >= 1.0         0               0.0     0.0        0
GREATEST
 SNOW DEPTH         0   MM                             0  MM
 24 HR TOTAL      0.0   08/31 TO 08/31               0.0

DEGREE_DAYS
HEATING TOTAL       0                 0       0        0
 SINCE 7/1          0                 0       0        0
COOLING TOTAL     515               454      61      454
 SINCE 1/1       2826              2526     300     2518
.................................................................

WIND (MPH)
AVERAGE WIND SPEED              11.3
HIGHEST WIND SPEED/DIRECTION    25/030    DATE  08/09
HIGHEST GUST SPEED/DIRECTION    30/040    DATE  08/09

SKY COVER
POSSIBLE SUNSHINE (PERCENT)   MM
AVERAGE SKY COVER           0.50
NUMBER OF DAYS FAIR            5
NUMBER OF DAYS PC             23
NUMBER OF DAYS CLOUDY          3

AVERAGE RH (PERCENT)     76

WEATHER CONDITIONS. NUMBER OF DAYS WITH
THUNDERSTORM              0     MIXED PRECIP               0
HEAVY RAIN                5     RAIN                       7
LIGHT RAIN               22     FREEZING RAIN              0
LT FREEZING RAIN          0     HAIL                       0
HEAVY SNOW                0     SNOW                       0
LIGHT SNOW                0     SLEET                      0
FOG                      13     FOG W/VIS <= 1/4 MILE      0
HAZE                      1

-  INDICATES NEGATIVE NUMBERS.
R  INDICATES RECORD WAS SET OR TIED.
MM INDICATES DATA IS MISSING.
T  INDICATES TRACE AMOUNT.

$$
