000
CXHW51 PHFO 012042
CLMLIH


CLIMATE REPORT
NATIONAL WEATHER SERVICE HONOLULU HI
1041 AM HST THU JAN 1 2015

...................................

...THE LIHUE HI CLIMATE SUMMARY FOR THE MONTH OF DECEMBER 2014...

CLIMATE NORMAL PERIOD 1981 TO 2010
CLIMATE RECORD PERIOD 1946 TO 2014

WEATHER         OBSERVED          NORMAL  DEPART  LAST YEAR`S
                 VALUE   DATE(S)  VALUE   FROM    VALUE  DATE(S)
                                          NORMAL
................................................................
TEMPERATURE (F)
RECORD
 HIGH             999   12/10/2010
 LOW               52   12/28/1953
HIGHEST            82   12/21        79       3       81  12/14
                        12/20                             12/13
                        12/19                             12/12
LOWEST             58   12/31        68     -10       64  12/17
                                                          12/16
AVG. MAXIMUM     78.1              78.8    -0.7     79.4
AVG. MINIMUM     65.3              67.6    -2.3     68.5
MEAN             71.7              73.2    -1.5     74.0
DAYS MAX >= 90      0               0.0     0.0        0
DAYS MAX <= 32      0               0.0     0.0        0
DAYS MIN <= 32      0               0.0     0.0        0
DAYS MIN <= 0       0               0.0     0.0        0

PRECIPITATION (INCHES)
RECORD
 MAXIMUM        22.91   1968
 MINIMUM         0.08   2005
TOTALS           1.40              5.20   -3.80     5.28
DAILY AVG.       0.05              0.17   -0.12     0.17
DAYS >= .01        10              17.5    -7.5       15
DAYS >= .10         5               7.7    -2.7        5
DAYS >= .50         0               2.3    -2.3        2
DAYS >= 1.00        0               1.1    -1.1        1
GREATEST
 24 HR. TOTAL    0.67   12/22 TO 12/23              3.45

SNOWFALL (INCHES)
RECORDS
 TOTAL            0.0   5
                        0
                        -26215
TOTALS            0.0               0.0     0.0      0.0
SINCE 7/1         0.0               0.0     0.0      0.0
SNOWDEPTH AVG.      0                MM      MM        0
DAYS >= 1.0         0               0.0     0.0        0
GREATEST
 SNOW DEPTH         0   MM                             0  MM
 24 HR TOTAL      0.0   12/31 TO 12/31               0.0

DEGREE_DAYS
HEATING TOTAL       0                 0       0        0
 SINCE 7/1          0                 0       0        0
COOLING TOTAL     216               254     -38      285
 SINCE 1/1       4032              3945      87     3710
.................................................................

WIND (MPH)
AVERAGE WIND SPEED              11.7
HIGHEST WIND SPEED/DIRECTION    32/020    DATE  12/23
HIGHEST GUST SPEED/DIRECTION    40/010    DATE  12/23

SKY COVER
POSSIBLE SUNSHINE (PERCENT)   MM
AVERAGE SKY COVER           0.60
NUMBER OF DAYS FAIR           11
NUMBER OF DAYS PC              7
NUMBER OF DAYS CLOUDY         13

AVERAGE RH (PERCENT)     73

WEATHER CONDITIONS. NUMBER OF DAYS WITH
THUNDERSTORM              0     MIXED PRECIP               0
HEAVY RAIN                3     RAIN                       5
LIGHT RAIN               16     FREEZING RAIN              0
LT FREEZING RAIN          0     HAIL                       0
HEAVY SNOW                0     SNOW                       0
LIGHT SNOW                0     SLEET                      0
FOG                      10     FOG W/VIS <= 1/4 MILE      0
HAZE                      7

-  INDICATES NEGATIVE NUMBERS.
R  INDICATES RECORD WAS SET OR TIED.
MM INDICATES DATA IS MISSING.
T  INDICATES TRACE AMOUNT.

$$
