000
CXUS54 KMAF 011330
CLMMAF


CLIMATE REPORT
NATIONAL WEATHER SERVICE MIDLAND TX
729 AM CST MON FEB 1 2016

...................................

...THE MIDLAND CLIMATE SUMMARY FOR THE MONTH OF JANUARY 2016...

CLIMATE NORMAL PERIOD 1981 TO 2010
CLIMATE RECORD PERIOD 1930 TO 2016

WEATHER         OBSERVED          NORMAL  DEPART  LAST YEAR`S
                 VALUE   DATE(S)  VALUE   FROM    VALUE  DATE(S)
                                          NORMAL
................................................................
TEMPERATURE (F)
RECORD
 HIGH              84   01/21/1974
                        01/17/1974
 LOW               -8   01/11/1962
HIGHEST            80   01/30        57      23       79  01/28
LOWEST             24   01/12        30      -6       20  01/08
AVG. MAXIMUM     59.3              57.4     1.9     52.3
AVG. MINIMUM     32.3              30.3     2.0     31.1
MEAN             45.8              43.9     1.9     41.7
DAYS MAX >= 90      0               0.0     0.0        0
DAYS MAX <= 32      0               0.9    -0.9        3
DAYS MIN <= 32     18              18.3    -0.3       18
DAYS MIN <= 0       0               0.0     0.0        0

PRECIPITATION (INCHES)
RECORD
 MAXIMUM         4.99   1939
 MINIMUM         0.00   2014
                        1967
TOTALS           0.18              0.56   -0.38     2.43
DAILY AVG.       0.01              0.02   -0.01     0.08
DAYS >= .01         3               3.6    -0.6        8
DAYS >= .10         0               1.4    -1.4        3
DAYS >= .50         0               0.2    -0.2        2
DAYS >= 1.00        0               0.0     0.0        1
GREATEST
 24 HR. TOTAL    0.09   01/26 TO 01/26              1.45

SNOWFALL (INCHES)
RECORDS
 TOTAL           10.6   2012
TOTALS            0.4               2.0    -1.6      2.4
SINCE 7/1         8.0               4.0     4.0      2.5
SNOWDEPTH AVG.      0                MM      MM        0
DAYS >= 1.0         0               0.8    -0.8        1
GREATEST
 SNOW DEPTH         1   01/01                          2  01/23
 24 HR TOTAL      0.4   MM                           1.9

DEGREE_DAYS
HEATING TOTAL     587               656     -69      713
 SINCE 7/1       1465              1772    -307     1646
.................................................................

WIND (MPH)
AVERAGE WIND SPEED              9.4
HIGHEST WIND SPEED/DIRECTION    32/240    DATE  01/30
HIGHEST GUST SPEED/DIRECTION    39/240    DATE  01/30

SKY COVER
POSSIBLE SUNSHINE (PERCENT)   MM
AVERAGE SKY COVER           0.20
NUMBER OF DAYS FAIR           25
NUMBER OF DAYS PC              4
NUMBER OF DAYS CLOUDY          2

AVERAGE RH (PERCENT)     58

WEATHER CONDITIONS. NUMBER OF DAYS WITH
THUNDERSTORM              0     MIXED PRECIP               0
HEAVY RAIN                0     RAIN                       0
LIGHT RAIN                2     FREEZING RAIN              0
LT FREEZING RAIN          0     HAIL                       0
HEAVY SNOW                0     SNOW                       0
LIGHT SNOW                2     SLEET                      0
FOG                       9     FOG W/VIS <= 1/4 MILE      3
HAZE                      3

-  INDICATES NEGATIVE NUMBERS.
R  INDICATES RECORD WAS SET OR TIED.
MM INDICATES DATA IS MISSING.
T  INDICATES TRACE AMOUNT.

$$
