000
CXUS53 KABR 011443
CLMMBG


CLIMATE REPORT
NATIONAL WEATHER SERVICE ABERDEEN SD
937 AM CDT FRI APR 1 2016

...................................

...THE MOBRIDGE SD CLIMATE SUMMARY FOR THE MONTH OF MARCH 2016...

CLIMATE NORMAL PERIOD 1981 TO 2010
CLIMATE RECORD PERIOD 1911 TO 2016

WEATHER         OBSERVED          NORMAL  DEPART  LAST YEAR`S
                 VALUE   DATE(S)  VALUE   FROM    VALUE  DATE(S)
                                          NORMAL
................................................................
TEMPERATURE (F)
RECORD
 HIGH              84   03/27/1946
                        03/23/1939
 LOW              -22   03/10/1948
                        03/03/1916
HIGHEST            76   03/06        MM      MM       80  03/31
LOWEST              6   03/01        MM      MM       -3  03/05
                                                          03/04
AVG. MAXIMUM     54.5              42.6    11.9     54.7
AVG. MINIMUM     27.6              21.1     6.5     22.7
MEAN             41.0              31.9     9.1     38.7
DAYS MAX >= 90      0               0.0     0.0        0
DAYS MAX <= 32      1               6.5    -5.5        2
DAYS MIN <= 32     22              27.4    -5.4       26
DAYS MIN <= 0       0               1.9    -1.9        3

PRECIPITATION (INCHES)
RECORD
 MAXIMUM         3.98   1966
 MINIMUM            T   1927
TOTALS           0.79              0.90   -0.11     0.17
DAYS >= .01         9                MM      MM        4
DAYS >= .10         2                MM      MM        1
DAYS >= .50         0                MM      MM        0
DAYS >= 1.00        0                MM      MM        0

SNOWFALL (INCHES)
RECORDS
 TOTAL           36.3   5
 SNOW DEPTH        MM   MM
TOTALS            0.3                MM      MM        T
SINCE 7/1        18.3                MM      MM     18.7
SNOWDEPTH AVG.      0                MM      MM        0
DAYS >= TRACE       6
DAYS >= 1.0         0
GREATEST
 SNOW DEPTH         1   03/02                          2  03/01
                        03/01

DEGREE_DAYS
HEATING TOTAL     734              1027    -293      808
 SINCE 7/1       5609              7002   -1393     6567
COOLING TOTAL       0                 0       0        0
 SINCE 1/1          0                 0       0        0

FREEZE DATES
RECORD
 EARLIEST     MM
 LATEST       MM
EARLIEST                        MM
LATEST                          MM
.................................................................

WIND (MPH)
AVERAGE WIND SPEED              11.3
RESULTANT WIND SPEED/DIRECTION   2/062
HIGHEST WIND SPEED/DIRECTION    33/320    DATE  03/16
HIGHEST GUST SPEED/DIRECTION    42/310    DATE  03/16

SKY COVER
POSSIBLE SUNSHINE (PERCENT)   MM
AVERAGE SKY COVER           0.30
NUMBER OF DAYS FAIR           19
NUMBER OF DAYS PC              6
NUMBER OF DAYS CLOUDY          6

AVERAGE RH (PERCENT)     63

WEATHER CONDITIONS. NUMBER OF DAYS WITH
THUNDERSTORM              0     MIXED PRECIP               0
HEAVY RAIN                0     RAIN                       1
LIGHT RAIN                7     FREEZING RAIN              0
LT FREEZING RAIN          1     HAIL                       0
HEAVY SNOW                0     SNOW                       0
LIGHT SNOW                6     SLEET                      0
FOG                       9     FOG W/VIS <= 1/4 MILE      0
HAZE                      3

-  INDICATES NEGATIVE NUMBERS.
R  INDICATES RECORD WAS SET OR TIED.
MM INDICATES DATA IS MISSING.
T  INDICATES TRACE AMOUNT.

$$
